CRAN Package Check Results for Package BayesSampling

Last updated on 2021-12-01 09:54:22 CET.

Flavor Version Tinstall Tcheck Ttotal Status Flags
r-devel-linux-x86_64-debian-clang 1.1.0 8.57 65.95 74.52 OK
r-devel-linux-x86_64-debian-gcc 1.1.0 6.47 58.97 65.44 OK
r-devel-linux-x86_64-fedora-clang 1.1.0 107.07 NOTE
r-devel-linux-x86_64-fedora-gcc 1.1.0 99.36 NOTE
r-devel-windows-x86_64-new-UL 1.1.0 18.00 125.00 143.00 OK
r-devel-windows-x86_64-new-TK 1.1.0 NOTE
r-devel-windows-x86_64-old 1.1.0 13.00 76.00 89.00 OK
r-patched-linux-x86_64 1.1.0 7.98 69.28 77.26 OK
r-patched-solaris-x86 1.1.0 98.70 NOTE
r-release-linux-x86_64 1.1.0 7.05 70.14 77.19 OK
r-release-macos-arm64 1.1.0 NOTE
r-release-macos-x86_64 1.1.0 NOTE
r-release-windows-ix86+x86_64 1.1.0 16.00 99.00 115.00 OK
r-oldrel-macos-x86_64 1.1.0 NOTE
r-oldrel-windows-ix86+x86_64 1.1.0 13.00 84.00 97.00 OK

Check Details

Version: 1.1.0
Check: dependencies in R code
Result: NOTE
    Namespaces in Imports field not imported from:
     ‘MASS’ ‘Matrix’ ‘matrixcalc’ ‘stats’
     All declared Imports should be used.
Flavors: r-devel-linux-x86_64-fedora-clang, r-devel-linux-x86_64-fedora-gcc, r-devel-windows-x86_64-new-TK, r-patched-solaris-x86, r-release-macos-arm64, r-release-macos-x86_64, r-oldrel-macos-x86_64