Last updated on 2023-03-23 18:49:05 CET.
Flavor | Version | Tinstall | Tcheck | Ttotal | Status | Flags |
---|---|---|---|---|---|---|
r-devel-linux-x86_64-debian-clang | 0.1.5 | 607.36 | 204.92 | 812.28 | NOTE | |
r-devel-linux-x86_64-debian-gcc | 0.1.5 | 590.90 | 185.43 | 776.33 | NOTE | |
r-devel-linux-x86_64-fedora-clang | 0.1.5 | 1041.11 | NOTE | |||
r-devel-linux-x86_64-fedora-gcc | 0.1.5 | 1294.64 | NOTE | |||
r-devel-windows-x86_64 | 0.1.5 | 1087.00 | 317.00 | 1404.00 | NOTE | |
r-patched-linux-x86_64 | 0.1.5 | 620.94 | 224.52 | 845.46 | NOTE | |
r-release-linux-x86_64 | 0.1.5 | 600.93 | 230.36 | 831.29 | NOTE | |
r-release-macos-arm64 | 0.1.5 | 219.00 | NOTE | |||
r-release-macos-x86_64 | 0.1.5 | 376.00 | NOTE | |||
r-release-windows-x86_64 | 0.1.5 | 427.00 | 298.00 | 725.00 | NOTE | |
r-oldrel-macos-arm64 | 0.1.5 | 292.00 | NOTE | |||
r-oldrel-macos-x86_64 | 0.1.5 | 374.00 | NOTE | |||
r-oldrel-windows-ix86+x86_64 | 0.1.5 | 1465.00 | 394.00 | 1859.00 | NOTE |
Version: 0.1.5
Check: for GNU extensions in Makefiles
Result: NOTE
GNU make is a SystemRequirements.
Flavors: r-devel-linux-x86_64-debian-clang, r-devel-linux-x86_64-debian-gcc, r-devel-linux-x86_64-fedora-clang, r-devel-linux-x86_64-fedora-gcc, r-devel-windows-x86_64, r-patched-linux-x86_64, r-release-linux-x86_64, r-release-macos-arm64, r-release-macos-x86_64, r-release-windows-x86_64, r-oldrel-macos-arm64, r-oldrel-macos-x86_64, r-oldrel-windows-ix86+x86_64
Version: 0.1.5
Check: installed package size
Result: NOTE
installed size is 6.5Mb
sub-directories of 1Mb or more:
libs 6.1Mb
Flavors: r-devel-linux-x86_64-fedora-clang, r-devel-windows-x86_64, r-release-macos-arm64, r-release-macos-x86_64, r-release-windows-x86_64, r-oldrel-macos-arm64, r-oldrel-macos-x86_64, r-oldrel-windows-ix86+x86_64
Version: 0.1.5
Check: dependencies in R code
Result: NOTE
Namespaces in Imports field not imported from:
‘RcppParallel’ ‘rstantools’
All declared Imports should be used.
Flavors: r-devel-linux-x86_64-fedora-clang, r-devel-linux-x86_64-fedora-gcc, r-release-macos-arm64, r-release-macos-x86_64, r-oldrel-macos-arm64, r-oldrel-macos-x86_64