CRAN Package Check Results for Package BayesSingleSub

Last updated on 2015-08-30 09:47:16.

Flavor Version Tinstall Tcheck Ttotal Status Flags
r-devel-linux-x86_64-debian-clang 0.6.2 1.42 14.85 16.27 NOTE
r-devel-linux-x86_64-debian-gcc 0.6.2 1.91 14.11 16.02 NOTE
r-devel-linux-x86_64-fedora-clang 0.6.2 30.96 NOTE
r-devel-linux-x86_64-fedora-gcc 0.6.2 29.75 NOTE
r-devel-osx-x86_64-clang 0.6.2 28.79 OK
r-devel-windows-ix86+x86_64 0.6.2 13.00 35.00 48.00 NOTE
r-patched-linux-x86_64 0.6.2 1.94 14.68 16.62 OK
r-patched-solaris-sparc 0.6.2 205.90 OK
r-patched-solaris-x86 0.6.2 49.90 OK
r-release-linux-x86_64 0.6.2 1.90 14.73 16.63 OK
r-release-osx-x86_64-mavericks 0.6.2 OK
r-release-windows-ix86+x86_64 0.6.2 12.00 52.00 64.00 OK
r-oldrel-windows-ix86+x86_64 0.6.2 15.00 45.00 60.00 OK

Memtest notes: clang-UBSAN gcc-UBSAN

Check Details

Version: 0.6.2
Check: R code for possible problems
Result: NOTE
    mlike.alt.g.AR: no visible global function definition for ‘integrate’
    mlike.alt.gtheta.AR: no visible global function definition for ‘dbeta’
    mlike.null.AR: no visible global function definition for ‘dbeta’
    multilevel.Gibbs.AR: no visible global function definition for
     ‘txtProgressBar’
    multilevel.Gibbs.AR : pbFun: no visible global function definition for
     ‘setTxtProgressBar’
    trendtest.Gibbs.AR: no visible global function definition for
     ‘txtProgressBar’
    trendtest.Gibbs.AR : pbFun: no visible global function definition for
     ‘setTxtProgressBar’
    trendtest.Gibbs.AR: no visible global function definition for ‘dcauchy’
    trendtest.Gibbs.AR: no visible global function definition for ‘pcauchy’
    trendtest.MC.AR: no visible global function definition for
     ‘txtProgressBar’
    trendtest.MC.AR : pbFun: no visible global function definition for
     ‘setTxtProgressBar’
    trendtest.nullMargLikeAR: no visible global function definition for
     ‘integrate’
    ttest.Gibbs.AR: no visible global function definition for
     ‘txtProgressBar’
    ttest.Gibbs.AR : pbFun: no visible global function definition for
     ‘setTxtProgressBar’
    ttest.Gibbs.AR: no visible global function definition for ‘dcauchy’
    ttest.Gibbs.AR: no visible global function definition for ‘pcauchy’
    ttest.MCGQ.AR: no visible global function definition for ‘integrate’
    Undefined global functions or variables:
     dbeta dcauchy integrate pcauchy setTxtProgressBar txtProgressBar
    Consider adding
     importFrom("stats", "dbeta", "dcauchy", "integrate", "pcauchy")
     importFrom("utils", "setTxtProgressBar", "txtProgressBar")
    to your NAMESPACE.
Flavors: r-devel-linux-x86_64-debian-clang, r-devel-linux-x86_64-debian-gcc, r-devel-linux-x86_64-fedora-clang, r-devel-linux-x86_64-fedora-gcc, r-devel-windows-ix86+x86_64