CRAN Package Check Results for Package BayesSingleSub

Last updated on 2016-07-29 03:47:59.

Flavor Version Tinstall Tcheck Ttotal Status Flags
r-devel-linux-x86_64-debian-clang 0.6.2 6.41 44.00 50.41 NOTE
r-devel-linux-x86_64-debian-gcc 0.6.2 5.56 43.59 49.15 NOTE
r-devel-linux-x86_64-fedora-clang 0.6.2 106.42 NOTE
r-devel-linux-x86_64-fedora-gcc 0.6.2 81.16 NOTE
r-devel-osx-x86_64-clang 0.6.2 65.69 NOTE
r-devel-windows-ix86+x86_64 0.6.2 18.00 90.00 108.00 NOTE
r-patched-linux-x86_64 0.6.2 5.01 42.63 47.64 NOTE
r-patched-solaris-sparc 0.6.2 488.40 NOTE
r-patched-solaris-x86 0.6.2 107.30 NOTE
r-release-linux-x86_64 0.6.2 5.15 42.18 47.33 NOTE
r-release-osx-x86_64-mavericks 0.6.2 NOTE
r-release-windows-ix86+x86_64 0.6.2 17.00 85.00 102.00 NOTE
r-oldrel-windows-ix86+x86_64 0.6.2 22.00 124.00 146.00 OK

Memtest notes: clang-UBSAN clang-UBSAN gcc6-UBSAN gcc6-UBSAN gcc7-UBSAN gcc7-UBSAN

Check Details

Version: 0.6.2
Check: R code for possible problems
Result: NOTE
    mlike.alt.g.AR: no visible global function definition for ‘integrate’
    mlike.alt.gtheta.AR: no visible global function definition for ‘dbeta’
    mlike.null.AR: no visible global function definition for ‘dbeta’
    multilevel.Gibbs.AR: no visible global function definition for
     ‘txtProgressBar’
    multilevel.Gibbs.AR : pbFun: no visible global function definition for
     ‘setTxtProgressBar’
    trendtest.Gibbs.AR: no visible global function definition for
     ‘txtProgressBar’
    trendtest.Gibbs.AR : pbFun: no visible global function definition for
     ‘setTxtProgressBar’
    trendtest.Gibbs.AR: no visible global function definition for ‘dcauchy’
    trendtest.Gibbs.AR: no visible global function definition for ‘pcauchy’
    trendtest.MC.AR: no visible global function definition for
     ‘txtProgressBar’
    trendtest.MC.AR : pbFun: no visible global function definition for
     ‘setTxtProgressBar’
    trendtest.nullMargLikeAR: no visible global function definition for
     ‘integrate’
    ttest.Gibbs.AR: no visible global function definition for
     ‘txtProgressBar’
    ttest.Gibbs.AR : pbFun: no visible global function definition for
     ‘setTxtProgressBar’
    ttest.Gibbs.AR: no visible global function definition for ‘dcauchy’
    ttest.Gibbs.AR: no visible global function definition for ‘pcauchy’
    ttest.MCGQ.AR: no visible global function definition for ‘integrate’
    Undefined global functions or variables:
     dbeta dcauchy integrate pcauchy setTxtProgressBar txtProgressBar
    Consider adding
     importFrom("stats", "dbeta", "dcauchy", "integrate", "pcauchy")
     importFrom("utils", "setTxtProgressBar", "txtProgressBar")
    to your NAMESPACE file.
Flavors: r-devel-linux-x86_64-debian-clang, r-devel-linux-x86_64-debian-gcc, r-devel-linux-x86_64-fedora-clang, r-devel-linux-x86_64-fedora-gcc, r-devel-osx-x86_64-clang, r-devel-windows-ix86+x86_64, r-patched-linux-x86_64, r-patched-solaris-sparc, r-patched-solaris-x86, r-release-linux-x86_64, r-release-osx-x86_64-mavericks, r-release-windows-ix86+x86_64