CRAN Package Check Results for Package BayesSingleSub

Last updated on 2015-05-22 15:46:26.

Flavor Version Tinstall Tcheck Ttotal Status Flags
r-devel-linux-x86_64-debian-clang 0.6.2 1.59 13.48 15.08 OK
r-devel-linux-x86_64-debian-gcc 0.6.2 1.86 13.47 15.33 OK
r-devel-linux-x86_64-fedora-clang 0.6.2 29.44 OK
r-devel-linux-x86_64-fedora-gcc 0.6.2 29.97 OK
r-devel-osx-x86_64-clang 0.6.2 30.61 OK
r-devel-windows-ix86+x86_64 0.6.2 11.00 30.00 41.00 OK
r-patched-linux-x86_64 0.6.2 1.92 13.69 15.61 OK
r-patched-solaris-sparc 0.6.2 238.60 OK
r-patched-solaris-x86 0.6.2 44.00 OK
r-release-linux-x86_64 0.6.2 1.96 13.45 15.41 OK
r-release-osx-x86_64-mavericks 0.6.2 OK
r-release-osx-x86_64-snowleopard 0.6.2 ERROR
r-release-windows-ix86+x86_64 0.6.2 10.00 29.00 39.00 OK
r-oldrel-windows-ix86+x86_64 0.6.2 10.00 38.00 48.00 OK

Memtest notes: UBSAN UBSAN-gcc

Check Details

Version: 0.6.2
Check: package dependencies
Result: ERROR
    Package suggested but not available for checking: ‘knitr’
    
    VignetteBuilder package required for checking but installed: ‘knitr’
    
    See section ‘The DESCRIPTION file’ in the ‘Writing R Extensions’
    manual.
Flavor: r-release-osx-x86_64-snowleopard