CRAN Package Check Results for Package BayesSingleSub

Last updated on 2015-07-07 15:46:21.

Flavor Version Tinstall Tcheck Ttotal Status Flags
r-devel-linux-x86_64-debian-clang 0.6.2 1.46 13.91 15.37 NOTE
r-devel-linux-x86_64-debian-gcc 0.6.2 1.90 13.01 14.91 NOTE
r-devel-linux-x86_64-fedora-clang 0.6.2 27.86 NOTE
r-devel-linux-x86_64-fedora-gcc 0.6.2 27.71 NOTE
r-devel-osx-x86_64-clang 0.6.2 27.07 OK
r-devel-windows-ix86+x86_64 0.6.2 14.00 29.00 43.00 NOTE
r-patched-linux-x86_64 0.6.2 1.93 13.94 15.88 OK
r-patched-solaris-sparc 0.6.2 200.40 OK
r-patched-solaris-x86 0.6.2 44.30 OK
r-release-linux-x86_64 0.6.2 1.92 13.49 15.41 OK
r-release-osx-x86_64-mavericks 0.6.2 OK
r-release-windows-ix86+x86_64 0.6.2 12.00 29.00 41.00 OK
r-oldrel-windows-ix86+x86_64 0.6.2 11.00 38.00 49.00 OK

Memtest notes: UBSAN UBSAN-gcc

Check Details

Version: 0.6.2
Check: R code for possible problems
Result: NOTE
    mlike.alt.g.AR: no visible global function definition for ‘integrate’
    mlike.alt.gtheta.AR: no visible global function definition for ‘dbeta’
    mlike.null.AR: no visible global function definition for ‘dbeta’
    multilevel.Gibbs.AR: no visible global function definition for
     ‘txtProgressBar’
    multilevel.Gibbs.AR : pbFun: no visible global function definition for
     ‘setTxtProgressBar’
    trendtest.Gibbs.AR: no visible global function definition for
     ‘txtProgressBar’
    trendtest.Gibbs.AR : pbFun: no visible global function definition for
     ‘setTxtProgressBar’
    trendtest.Gibbs.AR: no visible global function definition for ‘dcauchy’
    trendtest.Gibbs.AR: no visible global function definition for ‘pcauchy’
    trendtest.MC.AR: no visible global function definition for
     ‘txtProgressBar’
    trendtest.MC.AR : pbFun: no visible global function definition for
     ‘setTxtProgressBar’
    trendtest.nullMargLikeAR: no visible global function definition for
     ‘integrate’
    ttest.Gibbs.AR: no visible global function definition for
     ‘txtProgressBar’
    ttest.Gibbs.AR : pbFun: no visible global function definition for
     ‘setTxtProgressBar’
    ttest.Gibbs.AR: no visible global function definition for ‘dcauchy’
    ttest.Gibbs.AR: no visible global function definition for ‘pcauchy’
    ttest.MCGQ.AR: no visible global function definition for ‘integrate’
    Undefined global functions or variables:
     dbeta dcauchy integrate pcauchy setTxtProgressBar txtProgressBar
Flavors: r-devel-linux-x86_64-debian-clang, r-devel-linux-x86_64-debian-gcc, r-devel-linux-x86_64-fedora-clang, r-devel-linux-x86_64-fedora-gcc, r-devel-windows-ix86+x86_64