CRAN Package Check Results for Package BayesSingleSub

Last updated on 2017-06-23 18:46:22.

Flavor Version Tinstall Tcheck Ttotal Status Flags
r-devel-linux-x86_64-debian-clang 0.6.2 4.49 38.80 43.29 NOTE
r-devel-linux-x86_64-debian-gcc 0.6.2 4.18 40.11 44.28 NOTE
r-devel-linux-x86_64-fedora-clang 0.6.2 110.51 NOTE
r-devel-linux-x86_64-fedora-gcc 0.6.2 99.65 NOTE
r-devel-windows-ix86+x86_64 0.6.2 20.00 113.00 133.00 NOTE
r-patched-linux-x86_64 0.6.2 4.08 38.49 42.57 NOTE
r-patched-solaris-sparc 0.6.2 563.70 NOTE
r-patched-solaris-x86 0.6.2 138.60 NOTE
r-release-linux-x86_64 0.6.2 4.38 39.07 43.45 NOTE
r-release-windows-ix86+x86_64 0.6.2 17.00 82.00 99.00 NOTE
r-release-osx-x86_64 0.6.2 NOTE
r-oldrel-windows-ix86+x86_64 0.6.2 20.00 102.00 122.00 NOTE
r-oldrel-osx-x86_64 0.6.2 NOTE

Additional issues

clang-UBSAN gcc-UBSAN

Check Details

Version: 0.6.2
Check: R code for possible problems
Result: NOTE
    mlike.alt.g.AR: no visible global function definition for ‘integrate’
    mlike.alt.gtheta.AR: no visible global function definition for ‘dbeta’
    mlike.null.AR: no visible global function definition for ‘dbeta’
    multilevel.Gibbs.AR: no visible global function definition for
     ‘txtProgressBar’
    multilevel.Gibbs.AR : pbFun: no visible global function definition for
     ‘setTxtProgressBar’
    trendtest.Gibbs.AR: no visible global function definition for
     ‘txtProgressBar’
    trendtest.Gibbs.AR : pbFun: no visible global function definition for
     ‘setTxtProgressBar’
    trendtest.Gibbs.AR: no visible global function definition for ‘dcauchy’
    trendtest.Gibbs.AR: no visible global function definition for ‘pcauchy’
    trendtest.MC.AR: no visible global function definition for
     ‘txtProgressBar’
    trendtest.MC.AR : pbFun: no visible global function definition for
     ‘setTxtProgressBar’
    trendtest.nullMargLikeAR: no visible global function definition for
     ‘integrate’
    ttest.Gibbs.AR: no visible global function definition for
     ‘txtProgressBar’
    ttest.Gibbs.AR : pbFun: no visible global function definition for
     ‘setTxtProgressBar’
    ttest.Gibbs.AR: no visible global function definition for ‘dcauchy’
    ttest.Gibbs.AR: no visible global function definition for ‘pcauchy’
    ttest.MCGQ.AR: no visible global function definition for ‘integrate’
    Undefined global functions or variables:
     dbeta dcauchy integrate pcauchy setTxtProgressBar txtProgressBar
    Consider adding
     importFrom("stats", "dbeta", "dcauchy", "integrate", "pcauchy")
     importFrom("utils", "setTxtProgressBar", "txtProgressBar")
    to your NAMESPACE file.
Flavors: r-devel-linux-x86_64-debian-clang, r-devel-linux-x86_64-debian-gcc, r-devel-linux-x86_64-fedora-clang, r-devel-linux-x86_64-fedora-gcc, r-devel-windows-ix86+x86_64, r-patched-linux-x86_64, r-patched-solaris-sparc, r-patched-solaris-x86, r-release-linux-x86_64, r-release-windows-ix86+x86_64, r-release-osx-x86_64, r-oldrel-windows-ix86+x86_64, r-oldrel-osx-x86_64

Version: 0.6.2
Check: compiled code
Result: NOTE
    File ‘BayesSingleSub/libs/BayesSingleSub.so’:
     Found no calls to: ‘R_registerRoutines’, ‘R_useDynamicSymbols’
    
    It is good practice to register native routines and to disable symbol
    search.
    
    See ‘Writing portable packages’ in the ‘Writing R Extensions’ manual.
Flavors: r-devel-linux-x86_64-debian-clang, r-devel-linux-x86_64-debian-gcc, r-devel-linux-x86_64-fedora-clang, r-devel-linux-x86_64-fedora-gcc, r-patched-linux-x86_64, r-release-linux-x86_64