CRAN Package Check Results for Package BayesSingleSub

Last updated on 2016-05-29 03:48:11.

Flavor Version Tinstall Tcheck Ttotal Status Flags
r-devel-linux-x86_64-debian-gcc 0.6.2 4.16 37.53 41.69 NOTE
r-devel-linux-x86_64-fedora-clang 0.6.2 79.46 NOTE
r-devel-linux-x86_64-fedora-gcc 0.6.2 91.89 NOTE
r-devel-osx-x86_64-clang 0.6.2 83.78 NOTE
r-devel-windows-ix86+x86_64 0.6.2 12.00 79.00 91.00 NOTE
r-patched-linux-x86_64 0.6.2 4.02 36.82 40.84 NOTE
r-patched-solaris-sparc 0.6.2 486.70 NOTE
r-patched-solaris-x86 0.6.2 109.70 NOTE
r-release-linux-x86_64 0.6.2 3.93 36.70 40.63 NOTE
r-release-osx-x86_64-mavericks 0.6.2 NOTE
r-release-windows-ix86+x86_64 0.6.2 21.00 91.00 112.00 NOTE
r-oldrel-windows-ix86+x86_64 0.6.2 15.00 90.00 105.00 OK

Memtest notes: clang-UBSAN clang-UBSAN gcc6-UBSAN gcc6-UBSAN gcc-UBSAN gcc-UBSAN

Check Details

Version: 0.6.2
Check: R code for possible problems
Result: NOTE
    mlike.alt.g.AR: no visible global function definition for ‘integrate’
    mlike.alt.gtheta.AR: no visible global function definition for ‘dbeta’
    mlike.null.AR: no visible global function definition for ‘dbeta’
    multilevel.Gibbs.AR: no visible global function definition for
     ‘txtProgressBar’
    multilevel.Gibbs.AR : pbFun: no visible global function definition for
     ‘setTxtProgressBar’
    trendtest.Gibbs.AR: no visible global function definition for
     ‘txtProgressBar’
    trendtest.Gibbs.AR : pbFun: no visible global function definition for
     ‘setTxtProgressBar’
    trendtest.Gibbs.AR: no visible global function definition for ‘dcauchy’
    trendtest.Gibbs.AR: no visible global function definition for ‘pcauchy’
    trendtest.MC.AR: no visible global function definition for
     ‘txtProgressBar’
    trendtest.MC.AR : pbFun: no visible global function definition for
     ‘setTxtProgressBar’
    trendtest.nullMargLikeAR: no visible global function definition for
     ‘integrate’
    ttest.Gibbs.AR: no visible global function definition for
     ‘txtProgressBar’
    ttest.Gibbs.AR : pbFun: no visible global function definition for
     ‘setTxtProgressBar’
    ttest.Gibbs.AR: no visible global function definition for ‘dcauchy’
    ttest.Gibbs.AR: no visible global function definition for ‘pcauchy’
    ttest.MCGQ.AR: no visible global function definition for ‘integrate’
    Undefined global functions or variables:
     dbeta dcauchy integrate pcauchy setTxtProgressBar txtProgressBar
    Consider adding
     importFrom("stats", "dbeta", "dcauchy", "integrate", "pcauchy")
     importFrom("utils", "setTxtProgressBar", "txtProgressBar")
    to your NAMESPACE file.
Flavors: r-devel-linux-x86_64-debian-gcc, r-devel-linux-x86_64-fedora-clang, r-devel-linux-x86_64-fedora-gcc, r-devel-osx-x86_64-clang, r-devel-windows-ix86+x86_64, r-patched-linux-x86_64, r-patched-solaris-sparc, r-patched-solaris-x86, r-release-linux-x86_64, r-release-osx-x86_64-mavericks, r-release-windows-ix86+x86_64