CRAN Package Check Results for Package BayesSingleSub

Last updated on 2014-04-25 05:47:11.

Flavor Version Tinstall Tcheck Ttotal Status Flags
r-devel-linux-x86_64-debian-clang 0.6.2 1.72 18.44 20.16 OK
r-devel-linux-x86_64-debian-gcc 0.6.2 2.19 18.20 20.39 OK
r-devel-linux-x86_64-fedora-clang 0.6.2 37.92 OK
r-devel-linux-x86_64-fedora-gcc 0.6.2 38.19 OK
r-devel-osx-x86_64-clang 0.6.2 39.06 OK
r-devel-osx-x86_64-gcc 0.6.2 NOTE
r-devel-windows-ix86+x86_64 0.6.2 9.00 32.00 41.00 OK
r-patched-linux-x86_64 0.6.2 2.18 18.58 20.76 OK
r-patched-solaris-sparc 0.6.2 234.60 OK
r-patched-solaris-x86 0.6.2 55.70 OK
r-release-linux-ix86 0.6.2 4.00 37.00 41.00 OK
r-release-linux-x86_64 0.6.2 2.13 18.42 20.55 OK
r-release-osx-x86_64-mavericks 0.6.2 WARN
r-release-osx-x86_64-snowleopard 0.6.2 OK
r-release-windows-ix86+x86_64 0.6.2 10.00 36.00 46.00 OK
r-oldrel-windows-ix86+x86_64 0.6.2 10.00 39.00 49.00 OK

Memtest notes: UBSAN

Check Details

Version: 0.6.2
Check: package dependencies
Result: NOTE
    Package suggested but not available for checking: ‘knitr’
Flavor: r-devel-osx-x86_64-gcc

Version: 0.6.2
Check: PDF version of manual
Result: WARNING
    LaTeX errors when creating PDF version.
    This typically indicates Rd problems.
    LaTeX errors found:
    ! LaTeX Error: File `upquote.sty' not found.
    
    Type X to quit or <RETURN> to proceed,
    or enter new name. (Default extension: sty)
    
    bd5c57b/Rd2.tex:8: ==> Fatal error occurred, no output PDF file produced!
Flavor: r-release-osx-x86_64-mavericks