CRAN Package Check Results for Package BayesTree

Last updated on 2018-02-23 06:54:41 CET.

Flavor Version Tinstall Tcheck Ttotal Status Flags
r-devel-linux-x86_64-debian-clang 0.3-1.4 10.30 21.06 31.36 NOTE
r-devel-linux-x86_64-debian-gcc 0.3-1.4 7.24 18.70 25.94 NOTE
r-devel-linux-x86_64-fedora-clang 0.3-1.4 49.49 NOTE
r-devel-linux-x86_64-fedora-gcc 0.3-1.4 38.28 NOTE
r-devel-windows-ix86+x86_64 0.3-1.4 53.00 67.00 120.00 OK
r-patched-linux-x86_64 0.3-1.4 7.39 22.47 29.86 NOTE
r-patched-solaris-x86 0.3-1.4 64.30 OK
r-release-linux-x86_64 0.3-1.4 9.06 22.35 31.41 NOTE
r-release-windows-ix86+x86_64 0.3-1.4 34.00 68.00 102.00 OK
r-release-osx-x86_64 0.3-1.4 OK
r-oldrel-windows-ix86+x86_64 0.3-1.4 33.00 63.00 96.00 OK
r-oldrel-osx-x86_64 0.3-1.4 OK

Check Details

Version: 0.3-1.4
Check: compiled code
Result: NOTE
    File ‘BayesTree/libs/BayesTree.so’:
     Found no calls to: ‘R_registerRoutines’, ‘R_useDynamicSymbols’
    
    It is good practice to register native routines and to disable symbol
    search.
    
    See ‘Writing portable packages’ in the ‘Writing R Extensions’ manual.
Flavors: r-devel-linux-x86_64-debian-clang, r-devel-linux-x86_64-debian-gcc, r-devel-linux-x86_64-fedora-clang, r-devel-linux-x86_64-fedora-gcc, r-patched-linux-x86_64, r-release-linux-x86_64