CRAN Package Check Results for Package BayesTree

Last updated on 2015-04-26 12:46:24.

Flavor Version Tinstall Tcheck Ttotal Status Flags
r-devel-linux-x86_64-debian-clang 0.3-1.2 4.96 12.73 17.69 NOTE
r-devel-linux-x86_64-debian-gcc 0.3-1.2 5.03 13.17 18.20 NOTE
r-devel-linux-x86_64-fedora-clang 0.3-1.2 42.33 NOTE
r-devel-linux-x86_64-fedora-gcc 0.3-1.2 36.27 NOTE
r-devel-osx-x86_64-clang 0.3-1.2 39.22 NOTE
r-devel-windows-ix86+x86_64 0.3-1.2 27.00 39.00 66.00 NOTE
r-patched-linux-x86_64 0.3-1.2 5.04 13.99 19.03 NOTE
r-patched-solaris-sparc 0.3-1.2 217.90 NOTE
r-patched-solaris-x86 0.3-1.2 53.20 NOTE
r-release-linux-x86_64 0.3-1.2 5.10 12.92 18.02 NOTE
r-release-osx-x86_64-mavericks 0.3-1.2 NOTE
r-release-osx-x86_64-snowleopard 0.3-1.2 NOTE
r-release-windows-ix86+x86_64 0.3-1.2 31.00 40.00 71.00 NOTE
r-oldrel-windows-ix86+x86_64 0.3-1.2 22.00 42.00 64.00 OK

Check Details

Version: 0.3-1.2
Check: DESCRIPTION meta-information
Result: NOTE
    Malformed Description field: should contain one or more complete sentences.
Flavors: r-devel-linux-x86_64-fedora-clang, r-devel-linux-x86_64-fedora-gcc, r-devel-osx-x86_64-clang, r-devel-windows-ix86+x86_64, r-patched-solaris-sparc, r-patched-solaris-x86, r-release-osx-x86_64-mavericks, r-release-windows-ix86+x86_64