CRAN Package Check Results for Package BayesTree

Last updated on 2017-12-14 06:46:48 CET.

Flavor Version Tinstall Tcheck Ttotal Status Flags
r-devel-linux-x86_64-debian-clang 0.3-1.4 8.68 12.32 21.00 FAIL
r-devel-linux-x86_64-debian-gcc 0.3-1.4 6.47 11.42 17.89 FAIL
r-devel-linux-x86_64-fedora-clang 0.3-1.4 46.05 NOTE
r-devel-linux-x86_64-fedora-gcc 0.3-1.4 37.39 NOTE
r-devel-windows-ix86+x86_64 0.3-1.4 52.00 48.00 100.00 OK
r-patched-linux-x86_64 0.3-1.4 7.57 23.08 30.65 NOTE
r-patched-solaris-x86 0.3-1.4 62.40 OK
r-release-linux-x86_64 0.3-1.4 6.72 22.26 28.98 NOTE
r-release-windows-ix86+x86_64 0.3-1.4 33.00 68.00 101.00 OK
r-release-osx-x86_64 0.3-1.4 OK
r-oldrel-windows-ix86+x86_64 0.3-1.4 48.00 63.00 111.00 OK
r-oldrel-osx-x86_64 0.3-1.4 OK

Check Details

Version: 0.3-1.4
Check: pragmas in C/C++ headers and code
Result: FAIL
    
Flavors: r-devel-linux-x86_64-debian-clang, r-devel-linux-x86_64-debian-gcc

Version: 0.3-1.4
Check: compiled code
Result: NOTE
    File ‘BayesTree/libs/BayesTree.so’:
     Found no calls to: ‘R_registerRoutines’, ‘R_useDynamicSymbols’
    
    It is good practice to register native routines and to disable symbol
    search.
    
    See ‘Writing portable packages’ in the ‘Writing R Extensions’ manual.
Flavors: r-devel-linux-x86_64-fedora-clang, r-devel-linux-x86_64-fedora-gcc, r-patched-linux-x86_64, r-release-linux-x86_64