CRAN Package Check Results for Package BayesTree

Last updated on 2017-01-16 22:54:51.

Flavor Version Tinstall Tcheck Ttotal Status Flags
r-devel-linux-x86_64-debian-clang 0.3-1.4 6.76 15.60 22.36 OK
r-devel-linux-x86_64-debian-gcc 0.3-1.4 5.80 15.44 21.24 OK
r-devel-linux-x86_64-fedora-clang 0.3-1.4 44.34 OK --no-stop-on-test-error
r-devel-linux-x86_64-fedora-gcc 0.3-1.4 34.66 NOTE --no-stop-on-test-error
r-devel-macos-x86_64-clang 0.3-1.4 35.23 OK --no-stop-on-test-error
r-devel-windows-ix86+x86_64 0.3-1.4 31.00 41.00 72.00 OK
r-patched-linux-x86_64 0.3-1.4 4.96 13.76 18.72 OK
r-patched-solaris-sparc 0.3-1.4 181.50 OK
r-patched-solaris-x86 0.3-1.4 46.90 OK
r-release-linux-x86_64 0.3-1.4 5.18 13.32 18.50 OK
r-release-osx-x86_64-mavericks 0.3-1.4 OK
r-release-windows-ix86+x86_64 0.3-1.4 37.00 50.00 87.00 OK
r-oldrel-windows-ix86+x86_64 0.3-1.4 31.00 63.00 94.00 OK

Check Details

Version: 0.3-1.4
Flags: --no-stop-on-test-error
Check: compiled code
Result: NOTE
    File ‘BayesTree/libs/BayesTree.so’:
     Found no calls to: ‘R_registerRoutines’, ‘R_useDynamicSymbols’
    
    It is good practice to use registered native symbols and disable symbol
    search.
    
    See ‘Writing portable packages’ in the ‘Writing R Extensions’ manual.
Flavor: r-devel-linux-x86_64-fedora-gcc