CRAN Package Check Results for Package BayesTree

Last updated on 2018-06-23 15:53:15 CEST.

Flavor Version Tinstall Tcheck Ttotal Status Flags
r-devel-linux-x86_64-debian-clang 0.3-1.4 11.60 24.20 35.80 NOTE
r-devel-linux-x86_64-debian-gcc 0.3-1.4 9.10 19.68 28.78 NOTE
r-devel-linux-x86_64-fedora-clang 0.3-1.4 50.56 NOTE
r-devel-linux-x86_64-fedora-gcc 0.3-1.4 38.83 NOTE
r-devel-windows-ix86+x86_64 0.3-1.4 41.00 72.00 113.00 OK
r-patched-linux-x86_64 0.3-1.4 12.27 23.02 35.29 NOTE
r-patched-solaris-x86 0.3-1.4 68.20 OK
r-release-linux-x86_64 0.3-1.4 10.47 23.23 33.70 NOTE
r-release-windows-ix86+x86_64 0.3-1.4 39.00 70.00 109.00 OK
r-release-osx-x86_64 0.3-1.4 OK
r-oldrel-windows-ix86+x86_64 0.3-1.4 51.00 62.00 113.00 OK
r-oldrel-osx-x86_64 0.3-1.4 OK

Check Details

Version: 0.3-1.4
Check: compiled code
Result: NOTE
    File ‘BayesTree/libs/BayesTree.so’:
     Found no calls to: ‘R_registerRoutines’, ‘R_useDynamicSymbols’
    
    It is good practice to register native routines and to disable symbol
    search.
    
    See ‘Writing portable packages’ in the ‘Writing R Extensions’ manual.
Flavors: r-devel-linux-x86_64-debian-clang, r-devel-linux-x86_64-debian-gcc, r-devel-linux-x86_64-fedora-clang, r-devel-linux-x86_64-fedora-gcc, r-patched-linux-x86_64, r-release-linux-x86_64