CRAN Package Check Results for Package BayesTree

Last updated on 2017-10-18 03:48:06.

Flavor Version Tinstall Tcheck Ttotal Status Flags
r-devel-linux-x86_64-debian-clang 0.3-1.4 6.71 15.25 21.96 NOTE
r-devel-linux-x86_64-debian-gcc 0.3-1.4 7.08 16.76 23.85 NOTE
r-devel-linux-x86_64-fedora-clang 0.3-1.4 48.15 NOTE
r-devel-linux-x86_64-fedora-gcc 0.3-1.4 38.22 NOTE
r-devel-windows-ix86+x86_64 0.3-1.4 47.00 46.00 93.00 OK
r-patched-linux-x86_64 0.3-1.4 5.81 15.34 21.15 NOTE
r-patched-solaris-x86 0.3-1.4 64.30 OK
r-release-linux-x86_64 0.3-1.4 6.09 15.65 21.74 NOTE
r-release-windows-ix86+x86_64 0.3-1.4 41.00 47.00 88.00 OK
r-release-osx-x86_64 0.3-1.4 OK
r-oldrel-windows-ix86+x86_64 0.3-1.4 37.00 60.00 97.00 OK
r-oldrel-osx-x86_64 0.3-1.4 OK

Check Details

Version: 0.3-1.4
Check: compiled code
Result: NOTE
    File ‘BayesTree/libs/BayesTree.so’:
     Found no calls to: ‘R_registerRoutines’, ‘R_useDynamicSymbols’
    
    It is good practice to register native routines and to disable symbol
    search.
    
    See ‘Writing portable packages’ in the ‘Writing R Extensions’ manual.
Flavors: r-devel-linux-x86_64-debian-clang, r-devel-linux-x86_64-debian-gcc, r-devel-linux-x86_64-fedora-clang, r-devel-linux-x86_64-fedora-gcc, r-patched-linux-x86_64, r-release-linux-x86_64