CRAN Package Check Results for Package BayesTree

Last updated on 2015-05-24 10:46:51.

Flavor Version Tinstall Tcheck Ttotal Status Flags
r-devel-linux-x86_64-debian-clang 0.3-1.2 5.00 12.50 17.49 NOTE
r-devel-linux-x86_64-debian-gcc 0.3-1.2 5.09 13.09 18.18 NOTE
r-devel-linux-x86_64-fedora-clang 0.3-1.2 42.03 NOTE
r-devel-linux-x86_64-fedora-gcc 0.3-1.2 34.96 NOTE
r-devel-osx-x86_64-clang 0.3-1.2 38.49 NOTE
r-devel-windows-ix86+x86_64 0.3-1.2 27.00 38.00 65.00 NOTE
r-patched-linux-x86_64 0.3-1.2 5.24 13.60 18.84 NOTE
r-patched-solaris-sparc 0.3-1.2 213.10 NOTE
r-patched-solaris-x86 0.3-1.2 53.40 NOTE
r-release-linux-x86_64 0.3-1.2 5.10 13.19 18.30 NOTE
r-release-osx-x86_64-mavericks 0.3-1.2 NOTE
r-release-osx-x86_64-snowleopard 0.3-1.2 NOTE
r-release-windows-ix86+x86_64 0.3-1.2 28.00 43.00 71.00 NOTE
r-oldrel-windows-ix86+x86_64 0.3-1.2 26.00 65.00 91.00 OK

Check Details

Version: 0.3-1.2
Check: DESCRIPTION meta-information
Result: NOTE
    Malformed Description field: should contain one or more complete sentences.
Flavors: r-devel-linux-x86_64-debian-clang, r-devel-linux-x86_64-debian-gcc, r-devel-linux-x86_64-fedora-clang, r-devel-linux-x86_64-fedora-gcc, r-devel-osx-x86_64-clang, r-devel-windows-ix86+x86_64, r-patched-linux-x86_64, r-patched-solaris-sparc, r-patched-solaris-x86, r-release-linux-x86_64, r-release-osx-x86_64-mavericks, r-release-osx-x86_64-snowleopard, r-release-windows-ix86+x86_64