CRAN Package Check Results for Package BayesTree

Last updated on 2015-03-26 23:47:37.

Flavor Version Tinstall Tcheck Ttotal Status Flags
r-devel-linux-x86_64-debian-clang 0.3-1.2 5.06 13.03 18.09 NOTE
r-devel-linux-x86_64-debian-gcc 0.3-1.2 5.28 13.15 18.42 NOTE
r-devel-linux-x86_64-fedora-clang 0.3-1.2 44.27 NOTE
r-devel-linux-x86_64-fedora-gcc 0.3-1.2 38.19 NOTE
r-devel-osx-x86_64-clang 0.3-1.2 40.42 NOTE
r-prerel-windows-ix86+x86_64 0.3-1.2 28.00 39.00 67.00 NOTE
r-prerel-linux-x86_64 0.3-1.2 5.06 13.12 18.18 NOTE
r-prerel-solaris-sparc 0.3-1.2 217.90 NOTE
r-prerel-solaris-x86 0.3-1.2 53.60 NOTE
r-release-linux-x86_64 0.3-1.2 5.14 13.59 18.73 OK
r-release-osx-x86_64-mavericks 0.3-1.2 OK
r-release-osx-x86_64-snowleopard 0.3-1.2 OK
r-release-windows-ix86+x86_64 0.3-1.2 27.00 39.00 66.00 OK
r-oldrel-windows-ix86+x86_64 0.3-1.2 25.00 41.00 66.00 OK

Check Details

Version: 0.3-1.2
Check: DESCRIPTION meta-information
Result: NOTE
    Malformed Description field: should contain one or more complete sentences.
Flavors: r-devel-linux-x86_64-debian-clang, r-devel-linux-x86_64-debian-gcc, r-devel-linux-x86_64-fedora-clang, r-devel-linux-x86_64-fedora-gcc, r-devel-osx-x86_64-clang, r-prerel-windows-ix86+x86_64, r-prerel-linux-x86_64, r-prerel-solaris-sparc, r-prerel-solaris-x86