CRAN Package Check Results for Package BayesTree

Last updated on 2017-04-27 10:48:10.

Flavor Version Tinstall Tcheck Ttotal Status Flags
r-devel-linux-x86_64-debian-clang 0.3-1.4 7.23 15.28 22.51 NOTE
r-devel-linux-x86_64-debian-gcc 0.3-1.4 6.13 14.70 20.83 NOTE
r-devel-linux-x86_64-fedora-clang 0.3-1.4 46.30 NOTE --no-stop-on-test-error
r-devel-linux-x86_64-fedora-gcc 0.3-1.4 36.37 NOTE --no-stop-on-test-error
r-devel-windows-ix86+x86_64 0.3-1.4 31.00 64.00 95.00 OK
r-patched-linux-x86_64 0.3-1.4 5.00 14.63 19.63 NOTE
r-patched-solaris-sparc 0.3-1.4 242.40 OK
r-patched-solaris-x86 0.3-1.4 63.50 OK
r-release-linux-x86_64 0.3-1.4 5.10 15.14 20.24 NOTE
r-release-windows-ix86+x86_64 0.3-1.4 31.00 54.00 85.00 OK
r-release-osx-x86_64 0.3-1.4 OK
r-oldrel-windows-ix86+x86_64 0.3-1.4 31.00 62.00 93.00 OK
r-oldrel-osx-x86_64 0.3-1.4 OK

Check Details

Version: 0.3-1.4
Check: compiled code
Result: NOTE
    File ‘BayesTree/libs/BayesTree.so’:
     Found no calls to: ‘R_registerRoutines’, ‘R_useDynamicSymbols’
    
    It is good practice to register native routines and to disable symbol
    search.
    
    See ‘Writing portable packages’ in the ‘Writing R Extensions’ manual.
Flavors: r-devel-linux-x86_64-debian-clang, r-devel-linux-x86_64-debian-gcc, r-patched-linux-x86_64, r-release-linux-x86_64

Version: 0.3-1.4
Flags: --no-stop-on-test-error
Check: compiled code
Result: NOTE
    File ‘BayesTree/libs/BayesTree.so’:
     Found no calls to: ‘R_registerRoutines’, ‘R_useDynamicSymbols’
    
    It is good practice to register native routines and to disable symbol
    search.
    
    See ‘Writing portable packages’ in the ‘Writing R Extensions’ manual.
Flavors: r-devel-linux-x86_64-fedora-clang, r-devel-linux-x86_64-fedora-gcc