CRAN Package Check Results for Package BayesTree

Last updated on 2017-08-19 12:51:30.

Flavor Version Tinstall Tcheck Ttotal Status Flags
r-devel-linux-x86_64-debian-clang 0.3-1.4 6.94 15.49 22.44 NOTE
r-devel-linux-x86_64-debian-gcc 0.3-1.4 6.25 14.99 21.24 NOTE
r-devel-linux-x86_64-fedora-clang 0.3-1.4 52.07 NOTE
r-devel-linux-x86_64-fedora-gcc 0.3-1.4 39.83 NOTE
r-devel-windows-ix86+x86_64 0.3-1.4 48.00 47.00 95.00 OK
r-patched-linux-x86_64 0.3-1.4 5.92 15.67 21.58 NOTE
r-patched-solaris-x86 0.3-1.4 65.50 OK
r-release-linux-x86_64 0.3-1.4 5.78 15.67 21.44 NOTE
r-release-windows-ix86+x86_64 0.3-1.4 39.00 68.00 107.00 OK
r-release-osx-x86_64 0.3-1.4 OK
r-oldrel-windows-ix86+x86_64 0.3-1.4 28.00 60.00 88.00 OK
r-oldrel-osx-x86_64 0.3-1.4 OK

Check Details

Version: 0.3-1.4
Check: compiled code
Result: NOTE
    File ‘BayesTree/libs/BayesTree.so’:
     Found no calls to: ‘R_registerRoutines’, ‘R_useDynamicSymbols’
    
    It is good practice to register native routines and to disable symbol
    search.
    
    See ‘Writing portable packages’ in the ‘Writing R Extensions’ manual.
Flavors: r-devel-linux-x86_64-debian-clang, r-devel-linux-x86_64-debian-gcc, r-devel-linux-x86_64-fedora-clang, r-devel-linux-x86_64-fedora-gcc, r-patched-linux-x86_64, r-release-linux-x86_64