CRAN Package Check Results for Package BayesTree

Last updated on 2015-07-07 21:46:25.

Flavor Version Tinstall Tcheck Ttotal Status Flags
r-devel-linux-x86_64-debian-clang 0.3-1.2 5.02 12.80 17.81 NOTE
r-devel-linux-x86_64-debian-gcc 0.3-1.2 5.10 12.61 17.71 NOTE
r-devel-linux-x86_64-fedora-clang 0.3-1.2 40.37 NOTE
r-devel-linux-x86_64-fedora-gcc 0.3-1.2 33.82 NOTE
r-devel-osx-x86_64-clang 0.3-1.2 35.31 NOTE
r-devel-windows-ix86+x86_64 0.3-1.2 38.00 57.00 95.00 NOTE
r-patched-linux-x86_64 0.3-1.2 5.18 12.54 17.72 NOTE
r-patched-solaris-sparc 0.3-1.2 213.10 NOTE
r-patched-solaris-x86 0.3-1.2 53.40 NOTE
r-release-linux-x86_64 0.3-1.2 5.14 13.32 18.47 NOTE
r-release-osx-x86_64-mavericks 0.3-1.2 NOTE
r-release-windows-ix86+x86_64 0.3-1.2 35.00 42.00 77.00 NOTE
r-oldrel-windows-ix86+x86_64 0.3-1.2 26.00 60.00 86.00 OK

Memtest notes: valgrind

Check Details

Version: 0.3-1.2
Check: DESCRIPTION meta-information
Result: NOTE
    Malformed Description field: should contain one or more complete sentences.
Flavors: r-devel-linux-x86_64-debian-clang, r-devel-linux-x86_64-debian-gcc, r-devel-linux-x86_64-fedora-clang, r-devel-linux-x86_64-fedora-gcc, r-devel-osx-x86_64-clang, r-devel-windows-ix86+x86_64, r-patched-linux-x86_64, r-patched-solaris-sparc, r-patched-solaris-x86, r-release-linux-x86_64, r-release-osx-x86_64-mavericks, r-release-windows-ix86+x86_64

Version: 0.3-1.2
Check: R code for possible problems
Result: NOTE
    bart: no visible global function definition for ‘lm’
    pd2bart: no visible global function definition for ‘quantile’
    pd2bart: no visible global function definition for ‘plot’
    pdbart: no visible global function definition for ‘quantile’
    pdbart: no visible global function definition for ‘plot’
    plot.bart: no visible global function definition for ‘par’
    plot.bart: no visible global function definition for ‘plot’
    plot.bart: no visible binding for global variable ‘quantile’
    plot.bart: no visible global function definition for ‘lines’
    plot.bart: no visible global function definition for ‘abline’
    plot.bart: no visible global function definition for ‘pnorm’
    plot.pd2bart: no visible binding for global variable ‘quantile’
    plot.pd2bart: no visible global function definition for ‘par’
    plot.pd2bart: no visible global function definition for ‘image’
    plot.pd2bart: no visible global function definition for ‘contour’
    plot.pd2bart: no visible global function definition for ‘title’
    plot.pdbart: no visible binding for global variable ‘quantile’
    plot.pdbart: no visible global function definition for ‘plot’
    plot.pdbart: no visible global function definition for ‘lines’
    Undefined global functions or variables:
     abline contour image lines lm par plot pnorm quantile title
Flavors: r-devel-linux-x86_64-debian-clang, r-devel-linux-x86_64-debian-gcc, r-devel-linux-x86_64-fedora-clang, r-devel-linux-x86_64-fedora-gcc, r-devel-windows-ix86+x86_64