CRAN Package Check Results for Package BayesTree

Last updated on 2017-02-28 12:49:05.

Flavor Version Tinstall Tcheck Ttotal Status Flags
r-devel-linux-x86_64-debian-clang 0.3-1.4 6.71 16.33 23.03 NOTE
r-devel-linux-x86_64-debian-gcc 0.3-1.4 5.89 15.46 21.35 NOTE
r-devel-linux-x86_64-fedora-clang 0.3-1.4 52.57 NOTE --no-stop-on-test-error
r-devel-linux-x86_64-fedora-gcc 0.3-1.4 44.48 NOTE --no-stop-on-test-error
r-devel-macos-x86_64-clang 0.3-1.4 36.37 NOTE --no-stop-on-test-error
r-devel-windows-ix86+x86_64 0.3-1.4 32.00 64.00 96.00 OK
r-patched-linux-x86_64 0.3-1.4 5.01 13.41 18.43 OK
r-patched-solaris-sparc 0.3-1.4 181.50 OK
r-patched-solaris-x86 0.3-1.4 48.40 OK
r-release-linux-x86_64 0.3-1.4 5.04 13.59 18.64 OK
r-release-osx-x86_64-mavericks 0.3-1.4 OK
r-release-windows-ix86+x86_64 0.3-1.4 55.00 57.00 112.00 OK
r-oldrel-windows-ix86+x86_64 0.3-1.4 28.00 59.00 87.00 OK

Check Details

Version: 0.3-1.4
Check: compiled code
Result: NOTE
    File ‘BayesTree/libs/BayesTree.so’:
     Found no calls to: ‘R_registerRoutines’, ‘R_useDynamicSymbols’
    
    It is good practice to register native routines and to disable symbol
    search.
    
    See ‘Writing portable packages’ in the ‘Writing R Extensions’ manual.
Flavors: r-devel-linux-x86_64-debian-clang, r-devel-linux-x86_64-debian-gcc

Version: 0.3-1.4
Flags: --no-stop-on-test-error
Check: compiled code
Result: NOTE
    File ‘BayesTree/libs/BayesTree.so’:
     Found no calls to: ‘R_registerRoutines’, ‘R_useDynamicSymbols’
    
    It is good practice to register native routines and to disable symbol
    search.
    
    See ‘Writing portable packages’ in the ‘Writing R Extensions’ manual.
Flavors: r-devel-linux-x86_64-fedora-clang, r-devel-linux-x86_64-fedora-gcc, r-devel-macos-x86_64-clang