CRAN Package Check Results for Package BayesTree

Last updated on 2015-09-03 23:47:23.

Flavor Version Tinstall Tcheck Ttotal Status Flags
r-devel-linux-x86_64-debian-clang 0.3-1.2 4.90 12.69 17.58 NOTE
r-devel-linux-x86_64-debian-gcc 0.3-1.2 5.08 13.81 18.89 NOTE
r-devel-linux-x86_64-fedora-clang 0.3-1.2 41.86 NOTE
r-devel-linux-x86_64-fedora-gcc 0.3-1.2 33.49 NOTE
r-devel-osx-x86_64-clang 0.3-1.2 35.48 NOTE
r-devel-windows-ix86+x86_64 0.3-1.2 29.00 44.00 73.00 NOTE
r-patched-linux-x86_64 0.3-1.2 5.13 13.76 18.89 NOTE
r-patched-solaris-sparc 0.3-1.2 215.60 NOTE
r-patched-solaris-x86 0.3-1.2 54.20 NOTE
r-release-linux-x86_64 0.3-1.2 5.14 13.19 18.33 NOTE
r-release-osx-x86_64-mavericks 0.3-1.2 NOTE
r-release-windows-ix86+x86_64 0.3-1.2 38.00 43.00 81.00 NOTE
r-oldrel-windows-ix86+x86_64 0.3-1.2 43.00 44.00 87.00 OK

Memtest notes: valgrind

Check Details

Version: 0.3-1.2
Check: DESCRIPTION meta-information
Result: NOTE
    Malformed Description field: should contain one or more complete sentences.
Flavors: r-devel-linux-x86_64-debian-clang, r-devel-linux-x86_64-debian-gcc, r-devel-linux-x86_64-fedora-clang, r-devel-linux-x86_64-fedora-gcc, r-devel-osx-x86_64-clang, r-devel-windows-ix86+x86_64, r-patched-linux-x86_64, r-patched-solaris-sparc, r-patched-solaris-x86, r-release-linux-x86_64, r-release-osx-x86_64-mavericks, r-release-windows-ix86+x86_64

Version: 0.3-1.2
Check: R code for possible problems
Result: NOTE
    bart: no visible global function definition for ‘lm’
    pd2bart: no visible global function definition for ‘quantile’
    pd2bart: no visible global function definition for ‘plot’
    pdbart: no visible global function definition for ‘quantile’
    pdbart: no visible global function definition for ‘plot’
    plot.bart: no visible global function definition for ‘par’
    plot.bart: no visible global function definition for ‘plot’
    plot.bart: no visible binding for global variable ‘quantile’
    plot.bart: no visible global function definition for ‘lines’
    plot.bart: no visible global function definition for ‘abline’
    plot.bart: no visible global function definition for ‘pnorm’
    plot.pd2bart: no visible binding for global variable ‘quantile’
    plot.pd2bart: no visible global function definition for ‘par’
    plot.pd2bart: no visible global function definition for ‘image’
    plot.pd2bart: no visible global function definition for ‘contour’
    plot.pd2bart: no visible global function definition for ‘title’
    plot.pdbart: no visible binding for global variable ‘quantile’
    plot.pdbart: no visible global function definition for ‘plot’
    plot.pdbart: no visible global function definition for ‘lines’
    Undefined global functions or variables:
     abline contour image lines lm par plot pnorm quantile title
    Consider adding
     importFrom("graphics", "abline", "contour", "image", "lines", "par",
     "plot", "title")
     importFrom("stats", "lm", "pnorm", "quantile")
    to your NAMESPACE.
Flavors: r-devel-linux-x86_64-debian-clang, r-devel-linux-x86_64-debian-gcc, r-devel-linux-x86_64-fedora-clang, r-devel-linux-x86_64-fedora-gcc, r-devel-windows-ix86+x86_64