CRAN Package Check Results for Package BayesTree

Last updated on 2019-03-20 04:50:09 CET.

Flavor Version Tinstall Tcheck Ttotal Status Flags
r-devel-linux-x86_64-debian-clang 0.3-1.4 14.29 24.93 39.22 OK
r-devel-linux-x86_64-debian-gcc 0.3-1.4 9.25 20.16 29.41 OK
r-devel-linux-x86_64-fedora-clang 0.3-1.4 58.76 NOTE
r-devel-linux-x86_64-fedora-gcc 0.3-1.4 46.35 NOTE
r-devel-windows-ix86+x86_64 0.3-1.4 44.00 67.00 111.00 OK
r-patched-linux-x86_64 0.3-1.4 10.96 22.99 33.95 OK
r-patched-solaris-x86 0.3-1.4 71.50 OK
r-release-linux-x86_64 0.3-1.4 11.35 23.34 34.69 OK
r-release-windows-ix86+x86_64 0.3-1.4 42.00 70.00 112.00 OK
r-release-osx-x86_64 0.3-1.4 OK
r-oldrel-windows-ix86+x86_64 0.3-1.4 32.00 63.00 95.00 OK
r-oldrel-osx-x86_64 0.3-1.4 OK

Check Details

Version: 0.3-1.4
Check: compiled code
Result: NOTE
    File ‘BayesTree/libs/BayesTree.so’:
     Found no calls to: ‘R_registerRoutines’, ‘R_useDynamicSymbols’
    
    It is good practice to register native routines and to disable symbol
    search.
    
    See ‘Writing portable packages’ in the ‘Writing R Extensions’ manual.
Flavors: r-devel-linux-x86_64-fedora-clang, r-devel-linux-x86_64-fedora-gcc