CRAN Package Check Results for Package BayesTree

Last updated on 2017-06-24 13:46:39.

Flavor Version Tinstall Tcheck Ttotal Status Flags
r-devel-linux-x86_64-debian-clang 0.3-1.4 7.00 15.87 22.87 NOTE
r-devel-linux-x86_64-debian-gcc 0.3-1.4 5.78 16.34 22.12 NOTE
r-devel-linux-x86_64-fedora-clang 0.3-1.4 49.87 NOTE
r-devel-linux-x86_64-fedora-gcc 0.3-1.4 36.84 NOTE
r-devel-windows-ix86+x86_64 0.3-1.4 53.00 66.00 119.00 OK
r-patched-linux-x86_64 0.3-1.4 5.13 15.15 20.28 NOTE
r-patched-solaris-sparc 0.3-1.4 242.40 OK
r-patched-solaris-x86 0.3-1.4 63.50 OK
r-release-linux-x86_64 0.3-1.4 5.68 15.06 20.74 NOTE
r-release-windows-ix86+x86_64 0.3-1.4 58.00 68.00 126.00 OK
r-release-osx-x86_64 0.3-1.4 OK
r-oldrel-windows-ix86+x86_64 0.3-1.4 48.00 59.00 107.00 OK
r-oldrel-osx-x86_64 0.3-1.4 OK

Check Details

Version: 0.3-1.4
Check: compiled code
Result: NOTE
    File ‘BayesTree/libs/BayesTree.so’:
     Found no calls to: ‘R_registerRoutines’, ‘R_useDynamicSymbols’
    
    It is good practice to register native routines and to disable symbol
    search.
    
    See ‘Writing portable packages’ in the ‘Writing R Extensions’ manual.
Flavors: r-devel-linux-x86_64-debian-clang, r-devel-linux-x86_64-debian-gcc, r-devel-linux-x86_64-fedora-clang, r-devel-linux-x86_64-fedora-gcc, r-patched-linux-x86_64, r-release-linux-x86_64