CRAN Package Check Results for Package BayesTree

Last updated on 2016-02-09 20:46:59.

Flavor Version Tinstall Tcheck Ttotal Status Flags
r-devel-linux-x86_64-debian-gcc 0.3-1.2 0.50 1.28 1.78 ERROR
r-devel-linux-x86_64-fedora-clang 0.3-1.2 14.09 ERROR
r-devel-linux-x86_64-fedora-gcc 0.3-1.2 7.18 ERROR
r-devel-osx-x86_64-clang 0.3-1.2 10.47 ERROR
r-devel-windows-ix86+x86_64 0.3-1.2 2.00 4.00 6.00 ERROR
r-patched-linux-x86_64 0.3-1.2 5.13 13.15 18.28 NOTE
r-patched-solaris-sparc 0.3-1.2 191.70 NOTE
r-patched-solaris-x86 0.3-1.2 48.10 NOTE
r-release-linux-x86_64 0.3-1.2 4.92 13.21 18.13 NOTE
r-release-osx-x86_64-mavericks 0.3-1.2 NOTE
r-release-windows-ix86+x86_64 0.3-1.2 37.00 42.00 79.00 NOTE
r-oldrel-windows-ix86+x86_64 0.3-1.2 41.00 51.00 92.00 OK

Check Details

Version: 0.3-1.2
Check: whether package can be installed
Result: ERROR
    Installation failed.
Flavors: r-devel-linux-x86_64-debian-gcc, r-devel-linux-x86_64-fedora-clang, r-devel-linux-x86_64-fedora-gcc, r-devel-osx-x86_64-clang, r-devel-windows-ix86+x86_64

Version: 0.3-1.2
Check: DESCRIPTION meta-information
Result: NOTE
    Malformed Description field: should contain one or more complete sentences.
Flavors: r-patched-linux-x86_64, r-patched-solaris-sparc, r-patched-solaris-x86, r-release-linux-x86_64, r-release-osx-x86_64-mavericks, r-release-windows-ix86+x86_64