CRAN Package Check Results for Package BayesValidate

Last updated on 2016-05-03 23:46:43.

Flavor Version Tinstall Tcheck Ttotal Status Flags
r-devel-linux-x86_64-debian-gcc 0.0 0.61 8.85 9.46 NOTE
r-devel-linux-x86_64-fedora-clang 0.0 15.41 NOTE
r-devel-linux-x86_64-fedora-gcc 0.0 14.09 NOTE
r-devel-osx-x86_64-clang 0.0 18.57 NOTE
r-devel-windows-ix86+x86_64 0.0 2.00 23.00 25.00 NOTE
r-patched-linux-x86_64 0.0 0.49 8.86 9.35 NOTE
r-patched-solaris-sparc 0.0 91.60 NOTE
r-patched-solaris-x86 0.0 21.60 NOTE
r-release-linux-x86_64 0.0 0.58 9.27 9.85 OK
r-release-osx-x86_64-mavericks 0.0 OK
r-release-windows-ix86+x86_64 0.0 2.00 15.00 17.00 OK
r-oldrel-windows-ix86+x86_64 0.0 3.00 21.00 24.00 OK

Check Details

Version: 0.0
Check: R code for possible problems
Result: NOTE
    validate: no visible binding for global variable ‘qnorm’
    validate: no visible global function definition for ‘pchisq’
    validate: no visible global function definition for ‘qnorm’
    validate: no visible global function definition for ‘plot’
    validate: no visible global function definition for ‘axis’
    validate: no visible global function definition for ‘points’
    validate: no visible global function definition for ‘abline’
    Undefined global functions or variables:
     abline axis pchisq plot points qnorm
    Consider adding
     importFrom("graphics", "abline", "axis", "plot", "points")
     importFrom("stats", "pchisq", "qnorm")
    to your NAMESPACE file.
Flavors: r-devel-linux-x86_64-debian-gcc, r-devel-linux-x86_64-fedora-clang, r-devel-linux-x86_64-fedora-gcc, r-devel-osx-x86_64-clang, r-devel-windows-ix86+x86_64, r-patched-linux-x86_64, r-patched-solaris-sparc, r-patched-solaris-x86