CRAN Package Check Results for Package BayesValidate

Last updated on 2015-07-03 21:46:22.

Flavor Version Tinstall Tcheck Ttotal Status Flags
r-devel-linux-x86_64-debian-clang 0.0 0.46 8.78 9.24 NOTE
r-devel-linux-x86_64-debian-gcc 0.0 0.53 8.06 8.58 NOTE
r-devel-linux-x86_64-fedora-clang 0.0 16.41 NOTE
r-devel-linux-x86_64-fedora-gcc 0.0 15.63 NOTE
r-devel-osx-x86_64-clang 0.0 17.97 OK
r-devel-windows-ix86+x86_64 0.0 3.00 13.00 16.00 OK
r-patched-linux-x86_64 0.0 0.47 8.69 9.16 OK
r-patched-solaris-sparc 0.0 119.60 OK
r-patched-solaris-x86 0.0 26.00 OK
r-release-linux-x86_64 0.0 0.54 8.80 9.34 OK
r-release-osx-x86_64-mavericks 0.0 OK
r-release-windows-ix86+x86_64 0.0 2.00 15.00 17.00 OK
r-oldrel-windows-ix86+x86_64 0.0 3.00 21.00 24.00 OK

Check Details

Version: 0.0
Check: R code for possible problems
Result: NOTE
    validate: no visible binding for global variable ‘qnorm’
    validate: no visible global function definition for ‘pchisq’
    validate: no visible global function definition for ‘qnorm’
    validate: no visible global function definition for ‘plot’
    validate: no visible global function definition for ‘axis’
    validate: no visible global function definition for ‘points’
    validate: no visible global function definition for ‘abline’
    Undefined global functions or variables:
     abline axis pchisq plot points qnorm
Flavors: r-devel-linux-x86_64-debian-clang, r-devel-linux-x86_64-debian-gcc, r-devel-linux-x86_64-fedora-clang, r-devel-linux-x86_64-fedora-gcc