CRAN Package Check Results for Package BayesValidate

Last updated on 2017-01-20 23:50:09.

Flavor Version Tinstall Tcheck Ttotal Status Flags
r-devel-linux-x86_64-debian-clang 0.0 2.59 10.54 13.13 NOTE
r-devel-linux-x86_64-debian-gcc 0.0 0.62 10.41 11.04 NOTE
r-devel-linux-x86_64-fedora-clang 0.0 17.76 NOTE --no-stop-on-test-error
r-devel-linux-x86_64-fedora-gcc 0.0 20.44 NOTE --no-stop-on-test-error
r-devel-macos-x86_64-clang 0.0 16.19 NOTE --no-stop-on-test-error
r-devel-windows-ix86+x86_64 0.0 3.00 25.00 28.00 NOTE
r-patched-linux-x86_64 0.0 0.50 8.84 9.34 NOTE
r-patched-solaris-sparc 0.0 91.30 NOTE
r-patched-solaris-x86 0.0 22.60 NOTE
r-release-linux-x86_64 0.0 0.52 8.73 9.25 NOTE
r-release-osx-x86_64-mavericks 0.0 NOTE
r-release-windows-ix86+x86_64 0.0 2.00 24.00 26.00 NOTE
r-oldrel-windows-ix86+x86_64 0.0 2.00 20.00 22.00 OK

Check Details

Version: 0.0
Check: R code for possible problems
Result: NOTE
    validate: no visible binding for global variable ‘qnorm’
    validate: no visible global function definition for ‘pchisq’
    validate: no visible global function definition for ‘qnorm’
    validate: no visible global function definition for ‘plot’
    validate: no visible global function definition for ‘axis’
    validate: no visible global function definition for ‘points’
    validate: no visible global function definition for ‘abline’
    Undefined global functions or variables:
     abline axis pchisq plot points qnorm
    Consider adding
     importFrom("graphics", "abline", "axis", "plot", "points")
     importFrom("stats", "pchisq", "qnorm")
    to your NAMESPACE file.
Flavors: r-devel-linux-x86_64-debian-clang, r-devel-linux-x86_64-debian-gcc, r-devel-windows-ix86+x86_64, r-patched-linux-x86_64, r-patched-solaris-sparc, r-patched-solaris-x86, r-release-linux-x86_64, r-release-osx-x86_64-mavericks, r-release-windows-ix86+x86_64

Version: 0.0
Flags: --no-stop-on-test-error
Check: R code for possible problems
Result: NOTE
    validate: no visible binding for global variable ‘qnorm’
    validate: no visible global function definition for ‘pchisq’
    validate: no visible global function definition for ‘qnorm’
    validate: no visible global function definition for ‘plot’
    validate: no visible global function definition for ‘axis’
    validate: no visible global function definition for ‘points’
    validate: no visible global function definition for ‘abline’
    Undefined global functions or variables:
     abline axis pchisq plot points qnorm
    Consider adding
     importFrom("graphics", "abline", "axis", "plot", "points")
     importFrom("stats", "pchisq", "qnorm")
    to your NAMESPACE file.
Flavors: r-devel-linux-x86_64-fedora-clang, r-devel-linux-x86_64-fedora-gcc, r-devel-macos-x86_64-clang