CRAN Package Check Results for Package BayesValidate

Last updated on 2015-08-03 19:48:57.

Flavor Version Tinstall Tcheck Ttotal Status Flags
r-devel-linux-x86_64-debian-clang 0.0 0.51 9.02 9.52 NOTE
r-devel-linux-x86_64-debian-gcc 0.0 0.50 8.40 8.90 NOTE
r-devel-linux-x86_64-fedora-clang 0.0 16.34 NOTE
r-devel-linux-x86_64-fedora-gcc 0.0 15.91 NOTE
r-devel-osx-x86_64-clang 0.0 17.23 OK
r-devel-windows-ix86+x86_64 0.0 2.00 16.00 18.00 NOTE
r-patched-linux-x86_64 0.0 0.47 8.48 8.95 OK
r-patched-solaris-sparc 0.0 110.70 OK
r-patched-solaris-x86 0.0 25.80 OK
r-release-linux-x86_64 0.0 0.48 8.46 8.94 OK
r-release-osx-x86_64-mavericks 0.0 OK
r-release-windows-ix86+x86_64 0.0 2.00 15.00 17.00 OK
r-oldrel-windows-ix86+x86_64 0.0 3.00 21.00 24.00 OK

Check Details

Version: 0.0
Check: R code for possible problems
Result: NOTE
    validate: no visible binding for global variable ‘qnorm’
    validate: no visible global function definition for ‘pchisq’
    validate: no visible global function definition for ‘qnorm’
    validate: no visible global function definition for ‘plot’
    validate: no visible global function definition for ‘axis’
    validate: no visible global function definition for ‘points’
    validate: no visible global function definition for ‘abline’
    Undefined global functions or variables:
     abline axis pchisq plot points qnorm
    Consider adding
     importFrom("graphics", "abline", "axis", "plot", "points")
     importFrom("stats", "pchisq", "qnorm")
    to your NAMESPACE.
Flavors: r-devel-linux-x86_64-debian-clang, r-devel-linux-x86_64-debian-gcc, r-devel-linux-x86_64-fedora-clang, r-devel-linux-x86_64-fedora-gcc, r-devel-windows-ix86+x86_64