CRAN Package Check Results for Package BayesValidate

Last updated on 2016-07-31 08:46:36.

Flavor Version Tinstall Tcheck Ttotal Status Flags
r-devel-linux-x86_64-debian-clang 0.0 0.44 8.99 9.43 NOTE
r-devel-linux-x86_64-debian-gcc 0.0 0.50 8.76 9.27 NOTE
r-devel-linux-x86_64-fedora-clang 0.0 14.42 NOTE
r-devel-linux-x86_64-fedora-gcc 0.0 13.87 NOTE
r-devel-osx-x86_64-clang 0.0 14.17 NOTE
r-devel-windows-ix86+x86_64 0.0 2.00 22.00 24.00 NOTE
r-patched-linux-x86_64 0.0 0.50 8.99 9.49 NOTE
r-patched-solaris-sparc 0.0 90.60 NOTE
r-patched-solaris-x86 0.0 20.70 NOTE
r-release-linux-x86_64 0.0 0.61 10.71 11.33 NOTE
r-release-osx-x86_64-mavericks 0.0 NOTE
r-release-windows-ix86+x86_64 0.0 3.00 34.00 37.00 NOTE
r-oldrel-windows-ix86+x86_64 0.0 2.00 15.00 17.00 OK

Check Details

Version: 0.0
Check: R code for possible problems
Result: NOTE
    validate: no visible binding for global variable ‘qnorm’
    validate: no visible global function definition for ‘pchisq’
    validate: no visible global function definition for ‘qnorm’
    validate: no visible global function definition for ‘plot’
    validate: no visible global function definition for ‘axis’
    validate: no visible global function definition for ‘points’
    validate: no visible global function definition for ‘abline’
    Undefined global functions or variables:
     abline axis pchisq plot points qnorm
    Consider adding
     importFrom("graphics", "abline", "axis", "plot", "points")
     importFrom("stats", "pchisq", "qnorm")
    to your NAMESPACE file.
Flavors: r-devel-linux-x86_64-debian-clang, r-devel-linux-x86_64-debian-gcc, r-devel-linux-x86_64-fedora-clang, r-devel-linux-x86_64-fedora-gcc, r-devel-osx-x86_64-clang, r-devel-windows-ix86+x86_64, r-patched-linux-x86_64, r-patched-solaris-sparc, r-patched-solaris-x86, r-release-linux-x86_64, r-release-osx-x86_64-mavericks, r-release-windows-ix86+x86_64