CRAN Package Check Results for Package BayesValidate

Last updated on 2016-12-10 16:46:57.

Flavor Version Tinstall Tcheck Ttotal Status Flags
r-devel-linux-x86_64-debian-clang 0.0 0.58 10.45 11.03 NOTE
r-devel-linux-x86_64-debian-gcc 0.0 0.59 10.53 11.12 NOTE
r-devel-linux-x86_64-fedora-clang 0.0 18.90 NOTE --no-stop-on-test-error
r-devel-linux-x86_64-fedora-gcc 0.0 17.43 NOTE --no-stop-on-test-error
r-devel-macos-x86_64-clang 0.0 16.70 NOTE --no-stop-on-test-error
r-devel-windows-ix86+x86_64 0.0 5.00 34.00 39.00 NOTE
r-patched-linux-x86_64 0.0 0.58 9.33 9.91 NOTE
r-patched-solaris-sparc 0.0 90.60 NOTE
r-patched-solaris-x86 0.0 21.20 NOTE
r-release-linux-x86_64 0.0 0.51 8.90 9.41 NOTE
r-release-osx-x86_64-mavericks 0.0 NOTE
r-release-windows-ix86+x86_64 0.0 2.00 24.00 26.00 NOTE
r-oldrel-windows-ix86+x86_64 0.0 2.00 20.00 22.00 OK

Check Details

Version: 0.0
Check: R code for possible problems
Result: NOTE
    validate: no visible binding for global variable ‘qnorm’
    validate: no visible global function definition for ‘pchisq’
    validate: no visible global function definition for ‘qnorm’
    validate: no visible global function definition for ‘plot’
    validate: no visible global function definition for ‘axis’
    validate: no visible global function definition for ‘points’
    validate: no visible global function definition for ‘abline’
    Undefined global functions or variables:
     abline axis pchisq plot points qnorm
    Consider adding
     importFrom("graphics", "abline", "axis", "plot", "points")
     importFrom("stats", "pchisq", "qnorm")
    to your NAMESPACE file.
Flavors: r-devel-linux-x86_64-debian-clang, r-devel-linux-x86_64-debian-gcc, r-devel-windows-ix86+x86_64, r-patched-linux-x86_64, r-patched-solaris-sparc, r-patched-solaris-x86, r-release-linux-x86_64, r-release-osx-x86_64-mavericks, r-release-windows-ix86+x86_64

Version: 0.0
Flags: --no-stop-on-test-error
Check: R code for possible problems
Result: NOTE
    validate: no visible binding for global variable ‘qnorm’
    validate: no visible global function definition for ‘pchisq’
    validate: no visible global function definition for ‘qnorm’
    validate: no visible global function definition for ‘plot’
    validate: no visible global function definition for ‘axis’
    validate: no visible global function definition for ‘points’
    validate: no visible global function definition for ‘abline’
    Undefined global functions or variables:
     abline axis pchisq plot points qnorm
    Consider adding
     importFrom("graphics", "abline", "axis", "plot", "points")
     importFrom("stats", "pchisq", "qnorm")
    to your NAMESPACE file.
Flavors: r-devel-linux-x86_64-fedora-clang, r-devel-linux-x86_64-fedora-gcc, r-devel-macos-x86_64-clang