CRAN Package Check Results for Package BayesValidate

Last updated on 2016-09-26 08:49:10.

Flavor Version Tinstall Tcheck Ttotal Status Flags
r-devel-linux-x86_64-debian-clang 0.0 0.55 8.69 9.25 NOTE
r-devel-linux-x86_64-debian-gcc 0.0 0.49 8.83 9.31 NOTE
r-devel-linux-x86_64-fedora-clang 0.0 15.89 NOTE
r-devel-linux-x86_64-fedora-gcc 0.0 14.46 NOTE
r-devel-macos-x86_64-clang 0.0 14.11 NOTE
r-devel-windows-ix86+x86_64 0.0 3.00 23.00 26.00 NOTE
r-patched-linux-x86_64 0.0 0.57 8.50 9.07 NOTE
r-patched-solaris-sparc 0.0 90.60 NOTE
r-patched-solaris-x86 0.0 20.90 NOTE
r-release-linux-x86_64 0.0 0.60 8.77 9.37 NOTE
r-release-osx-x86_64-mavericks 0.0 NOTE
r-release-windows-ix86+x86_64 0.0 2.00 23.00 25.00 NOTE
r-oldrel-windows-ix86+x86_64 0.0 2.00 15.00 17.00 OK

Check Details

Version: 0.0
Check: R code for possible problems
Result: NOTE
    validate: no visible binding for global variable ‘qnorm’
    validate: no visible global function definition for ‘pchisq’
    validate: no visible global function definition for ‘qnorm’
    validate: no visible global function definition for ‘plot’
    validate: no visible global function definition for ‘axis’
    validate: no visible global function definition for ‘points’
    validate: no visible global function definition for ‘abline’
    Undefined global functions or variables:
     abline axis pchisq plot points qnorm
    Consider adding
     importFrom("graphics", "abline", "axis", "plot", "points")
     importFrom("stats", "pchisq", "qnorm")
    to your NAMESPACE file.
Flavors: r-devel-linux-x86_64-debian-clang, r-devel-linux-x86_64-debian-gcc, r-devel-linux-x86_64-fedora-clang, r-devel-linux-x86_64-fedora-gcc, r-devel-macos-x86_64-clang, r-devel-windows-ix86+x86_64, r-patched-linux-x86_64, r-patched-solaris-sparc, r-patched-solaris-x86, r-release-linux-x86_64, r-release-osx-x86_64-mavericks, r-release-windows-ix86+x86_64