CRAN Package Check Results for Package BayesValidate

Last updated on 2017-08-18 23:47:25.

Flavor Version Tinstall Tcheck Ttotal Status Flags
r-devel-linux-x86_64-debian-clang 0.0 0.53 10.72 11.25 NOTE
r-devel-linux-x86_64-debian-gcc 0.0 0.59 10.47 11.06 NOTE
r-devel-linux-x86_64-fedora-clang 0.0 21.29 NOTE
r-devel-linux-x86_64-fedora-gcc 0.0 19.56 NOTE
r-devel-windows-ix86+x86_64 0.0 4.00 32.00 36.00 NOTE
r-patched-linux-x86_64 0.0 0.61 10.70 11.31 NOTE
r-patched-solaris-x86 0.0 28.60 NOTE
r-release-linux-x86_64 0.0 0.58 10.67 11.25 NOTE
r-release-windows-ix86+x86_64 0.0 2.00 24.00 26.00 NOTE
r-release-osx-x86_64 0.0 NOTE
r-oldrel-windows-ix86+x86_64 0.0 2.00 24.00 26.00 NOTE
r-oldrel-osx-x86_64 0.0 NOTE

Check Details

Version: 0.0
Check: R code for possible problems
Result: NOTE
    validate: no visible binding for global variable ‘qnorm’
    validate: no visible global function definition for ‘pchisq’
    validate: no visible global function definition for ‘qnorm’
    validate: no visible global function definition for ‘plot’
    validate: no visible global function definition for ‘axis’
    validate: no visible global function definition for ‘points’
    validate: no visible global function definition for ‘abline’
    Undefined global functions or variables:
     abline axis pchisq plot points qnorm
    Consider adding
     importFrom("graphics", "abline", "axis", "plot", "points")
     importFrom("stats", "pchisq", "qnorm")
    to your NAMESPACE file.
Flavors: r-devel-linux-x86_64-debian-clang, r-devel-linux-x86_64-debian-gcc, r-devel-linux-x86_64-fedora-clang, r-devel-linux-x86_64-fedora-gcc, r-devel-windows-ix86+x86_64, r-patched-linux-x86_64, r-patched-solaris-x86, r-release-linux-x86_64, r-release-windows-ix86+x86_64, r-release-osx-x86_64, r-oldrel-windows-ix86+x86_64, r-oldrel-osx-x86_64