CRAN Package Check Results for Package BayesVarSel

Last updated on 2014-11-24 17:48:39.

Flavor Version Tinstall Tcheck Ttotal Status Flags
r-devel-linux-x86_64-debian-clang 1.5.1 1.95 15.54 17.50 OK
r-devel-linux-x86_64-debian-gcc 1.5.1 2.62 15.28 17.90 OK
r-devel-linux-x86_64-fedora-clang 1.5.1 38.19 OK
r-devel-linux-x86_64-fedora-gcc 1.5.1 34.65 OK
r-devel-osx-x86_64-clang 1.5.1 35.71 OK
r-devel-windows-ix86+x86_64 1.5.1 13.00 37.00 50.00 OK
r-patched-linux-x86_64 1.5.1 2.60 16.25 18.85 OK
r-patched-solaris-sparc 1.5.1 238.50 OK
r-patched-solaris-x86 1.5.1 54.30 OK
r-release-linux-ix86 1.5.1 4.13 22.57 26.70 OK
r-release-linux-x86_64 1.5.1 2.70 15.64 18.33 OK
r-release-osx-x86_64-mavericks 1.5.1 ERROR
r-release-osx-x86_64-snowleopard 1.5.1 OK
r-release-windows-ix86+x86_64 1.5.1 14.00 39.00 53.00 OK
r-oldrel-windows-ix86+x86_64 1.5.1 15.00 40.00 55.00 OK

Check Details

Version: 1.5.1
Check: whether package can be installed
Result: ERROR
    Installation failed.
Flavor: r-release-osx-x86_64-mavericks