CRAN Package Check Results for Package BayesVarSel

Last updated on 2017-04-28 23:52:07.

Flavor Version Tinstall Tcheck Ttotal Status Flags
r-devel-linux-x86_64-debian-clang 1.7.0 3.56 20.38 23.94 NOTE
r-devel-linux-x86_64-debian-gcc 1.7.0 4.44 20.13 24.56 NOTE
r-devel-linux-x86_64-fedora-clang 1.7.0 42.88 NOTE --no-stop-on-test-error
r-devel-linux-x86_64-fedora-gcc 1.7.0 43.15 NOTE --no-stop-on-test-error
r-devel-windows-ix86+x86_64 1.7.0 20.00 74.00 94.00 OK
r-patched-linux-x86_64 1.7.0 4.08 20.18 24.26 NOTE
r-patched-solaris-sparc 1.7.0 298.50 OK
r-patched-solaris-x86 1.7.0 74.70 OK
r-release-linux-x86_64 1.7.0 4.03 19.82 23.85 NOTE
r-release-windows-ix86+x86_64 1.7.0 35.00 75.00 110.00 OK
r-release-osx-x86_64 1.7.0 OK
r-oldrel-windows-ix86+x86_64 1.7.0 29.00 53.00 82.00 OK
r-oldrel-osx-x86_64 1.7.0 OK

Check Details

Version: 1.7.0
Check: compiled code
Result: NOTE
    File ‘BayesVarSel/libs/BayesVarSel.so’:
     Found no calls to: ‘R_registerRoutines’, ‘R_useDynamicSymbols’
    
    It is good practice to register native routines and to disable symbol
    search.
    
    See ‘Writing portable packages’ in the ‘Writing R Extensions’ manual.
Flavors: r-devel-linux-x86_64-debian-clang, r-devel-linux-x86_64-debian-gcc, r-patched-linux-x86_64, r-release-linux-x86_64

Version: 1.7.0
Flags: --no-stop-on-test-error
Check: compiled code
Result: NOTE
    File ‘BayesVarSel/libs/BayesVarSel.so’:
     Found no calls to: ‘R_registerRoutines’, ‘R_useDynamicSymbols’
    
    It is good practice to register native routines and to disable symbol
    search.
    
    See ‘Writing portable packages’ in the ‘Writing R Extensions’ manual.
Flavors: r-devel-linux-x86_64-fedora-clang, r-devel-linux-x86_64-fedora-gcc