CRAN Package Check Results for Package BayesVarSel

Last updated on 2014-08-21 15:47:38.

Flavor Version Tinstall Tcheck Ttotal Status Flags
r-devel-linux-x86_64-debian-clang 1.5.1 1.88 14.90 16.78 OK
r-devel-linux-x86_64-debian-gcc 1.5.1 2.60 14.34 16.94 OK
r-devel-linux-x86_64-fedora-clang 1.5.1 38.46 OK
r-devel-linux-x86_64-fedora-gcc 1.5.1 34.32 OK
r-devel-osx-x86_64-clang 1.5.1 34.05 OK
r-devel-windows-ix86+x86_64 1.5.1 14.00 38.00 52.00 OK
r-patched-linux-x86_64 1.5.1 2.63 15.08 17.72 OK
r-patched-solaris-sparc 1.5.1 238.50 OK
r-patched-solaris-x86 1.5.1 52.40 OK
r-release-linux-ix86 1.5.1 4.16 22.46 26.62 OK
r-release-linux-x86_64 1.5.1 2.63 15.31 17.94 OK
r-release-osx-x86_64-mavericks 1.5.1 ERROR
r-release-osx-x86_64-snowleopard 1.5.1 OK
r-release-windows-ix86+x86_64 1.5.1 13.00 38.00 51.00 OK
r-oldrel-windows-ix86+x86_64 1.5.1 14.00 44.00 58.00 OK

Check Details

Version: 1.5.1
Check: whether package can be installed
Result: ERROR
    Installation failed.
Flavor: r-release-osx-x86_64-mavericks