CRAN Package Check Results for Package BayesVarSel

Last updated on 2017-08-20 07:47:13.

Flavor Version Tinstall Tcheck Ttotal Status Flags
r-devel-linux-x86_64-debian-clang 1.7.0 3.52 21.17 24.69 NOTE
r-devel-linux-x86_64-debian-gcc 1.7.0 4.47 20.57 25.03 NOTE
r-devel-linux-x86_64-fedora-clang 1.7.0 47.64 NOTE
r-devel-linux-x86_64-fedora-gcc 1.7.0 46.86 NOTE
r-devel-windows-ix86+x86_64 1.7.0 20.00 54.00 74.00 OK
r-patched-linux-x86_64 1.7.0 4.34 20.38 24.72 NOTE
r-patched-solaris-x86 1.7.0 72.40 OK
r-release-linux-x86_64 1.7.0 4.47 20.83 25.30 NOTE
r-release-windows-ix86+x86_64 1.7.0 27.00 56.00 83.00 OK
r-release-osx-x86_64 1.7.0 OK
r-oldrel-windows-ix86+x86_64 1.7.0 20.00 67.00 87.00 OK
r-oldrel-osx-x86_64 1.7.0 OK

Check Details

Version: 1.7.0
Check: compiled code
Result: NOTE
    File ‘BayesVarSel/libs/BayesVarSel.so’:
     Found no calls to: ‘R_registerRoutines’, ‘R_useDynamicSymbols’
    
    It is good practice to register native routines and to disable symbol
    search.
    
    See ‘Writing portable packages’ in the ‘Writing R Extensions’ manual.
Flavors: r-devel-linux-x86_64-debian-clang, r-devel-linux-x86_64-debian-gcc, r-devel-linux-x86_64-fedora-clang, r-devel-linux-x86_64-fedora-gcc, r-patched-linux-x86_64, r-release-linux-x86_64