Last updated on 2018-04-24 10:46:45 CEST.
Flavor | Version | Tinstall | Tcheck | Ttotal | Status | Flags |
---|---|---|---|---|---|---|
r-devel-linux-x86_64-debian-clang | 1.8.0 | 8.05 | 27.59 | 35.64 | OK | |
r-devel-linux-x86_64-debian-gcc | 1.8.0 | 8.07 | 24.33 | 32.40 | OK | |
r-devel-linux-x86_64-fedora-clang | 1.8.0 | 47.02 | OK | |||
r-devel-linux-x86_64-fedora-gcc | 1.8.0 | 47.44 | OK | |||
r-devel-windows-ix86+x86_64 | 1.8.0 | 34.00 | 76.00 | 110.00 | OK | |
r-patched-linux-x86_64 | 1.8.0 | 8.56 | 30.87 | 39.43 | NOTE | |
r-patched-solaris-x86 | 1.8.0 | 72.60 | OK | |||
r-release-linux-x86_64 | 1.8.0 | 7.88 | 31.00 | 38.88 | NOTE | |
r-release-windows-ix86+x86_64 | 1.8.0 | 34.00 | 76.00 | 110.00 | OK | |
r-release-osx-x86_64 | 1.8.0 | OK | ||||
r-oldrel-windows-ix86+x86_64 | 1.8.0 | 25.00 | 77.00 | 102.00 | OK | |
r-oldrel-osx-x86_64 | 1.8.0 | OK |
Version: 1.8.0
Check: DESCRIPTION meta-information
Result: NOTE
Dependence on R version ‘3.3.2’ not with patchlevel 0
Flavors: r-patched-linux-x86_64, r-release-linux-x86_64