CRAN Package Check Results for Package BayesVarSel

Last updated on 2014-04-24 15:50:34.

Flavor Version Tinstall Tcheck Ttotal Status Flags
r-devel-linux-x86_64-debian-clang 1.5.1 1.96 16.24 18.20 OK
r-devel-linux-x86_64-debian-gcc 1.5.1 2.55 16.04 18.59 OK
r-devel-linux-x86_64-fedora-clang 1.5.1 33.96 OK
r-devel-linux-x86_64-fedora-gcc 1.5.1 33.85 OK
r-devel-osx-x86_64-clang 1.5.1 34.68 OK
r-devel-osx-x86_64-gcc 1.5.1 OK
r-devel-windows-ix86+x86_64 1.5.1 14.00 35.00 49.00 OK
r-patched-linux-x86_64 1.5.1 2.57 16.07 18.64 OK
r-patched-solaris-sparc 1.5.1 217.30 OK
r-patched-solaris-x86 1.5.1 53.60 OK
r-release-linux-ix86 1.5.1 6.00 30.00 36.00 OK
r-release-linux-x86_64 1.5.1 2.58 15.96 18.54 OK
r-release-osx-x86_64-mavericks 1.5.1 ERROR
r-release-osx-x86_64-snowleopard 1.5.1 OK
r-release-windows-ix86+x86_64 1.5.1 14.00 38.00 52.00 OK
r-oldrel-windows-ix86+x86_64 1.5.1 15.00 43.00 58.00 OK

Check Details

Version: 1.5.1
Check: whether package can be installed
Result: ERROR
    Installation failed.
    See ‘/Builds/CRAN-QA-Simon/packages/mavericks-x86_64/results/3.1/BayesVarSel.Rcheck/00install.out’ for details.
Flavor: r-release-osx-x86_64-mavericks