CRAN Package Check Results for Package BayesVarSel

Last updated on 2015-07-01 13:47:05.

Flavor Version Tinstall Tcheck Ttotal Status Flags
r-devel-linux-x86_64-debian-clang 1.6.1 2.64 15.79 18.42 NOTE
r-devel-linux-x86_64-debian-gcc 1.6.1 3.72 15.41 19.13 NOTE
r-devel-linux-x86_64-fedora-clang 1.6.1 35.15 NOTE
r-devel-linux-x86_64-fedora-gcc 1.6.1 35.85 NOTE
r-devel-osx-x86_64-clang 1.6.1 34.72 OK
r-devel-windows-ix86+x86_64 1.6.1 25.00 40.00 65.00 NOTE
r-patched-linux-x86_64 1.6.1 4.24 16.05 20.29 OK
r-patched-solaris-sparc 1.6.1 258.80 OK
r-patched-solaris-x86 1.6.1 54.80 OK
r-release-linux-x86_64 1.6.1 3.74 15.82 19.56 OK
r-release-osx-x86_64-mavericks 1.6.1 OK
r-release-windows-ix86+x86_64 1.6.1 19.00 41.00 60.00 OK
r-oldrel-windows-ix86+x86_64 1.6.1 28.00 46.00 74.00 OK

Check Details

Version: 1.6.1
Check: R code for possible problems
Result: NOTE
    BayesFactor: no visible global function definition for ‘lm’
    BayesFactor: no visible global function definition for ‘as.formula’
    Bvs: no visible global function definition for ‘lm’
    Bvs: no visible global function definition for ‘read.table’
    GibbsBvs: no visible global function definition for ‘lm’
    GibbsBvs: no visible global function definition for ‘rbinom’
    GibbsBvs: no visible global function definition for ‘read.table’
    PBvs: no visible global function definition for ‘lm’
    PBvs: no visible global function definition for ‘read.table’
    PBvs: no visible global function definition for ‘write.table’
    plotBvs: no visible global function definition for ‘par’
    plotBvs: no visible global function definition for ‘barplot’
    plotBvs : myImagePlot: no visible global function definition for
     ‘layout’
    plotBvs : myImagePlot: no visible global function definition for
     ‘gray.colors’
    plotBvs : myImagePlot: no visible global function definition for ‘par’
    plotBvs : myImagePlot: no visible global function definition for
     ‘image’
    plotBvs : myImagePlot: no visible global function definition for ‘axis’
    plotBvs : myImagePlot: no visible global function definition for ‘plot’
Flavors: r-devel-linux-x86_64-debian-clang, r-devel-linux-x86_64-debian-gcc, r-devel-linux-x86_64-fedora-clang, r-devel-linux-x86_64-fedora-gcc, r-devel-windows-ix86+x86_64