CRAN Package Check Results for Package BayesVarSel

Last updated on 2017-02-22 07:48:03.

Flavor Version Tinstall Tcheck Ttotal Status Flags
r-devel-linux-x86_64-debian-clang 1.7.0 3.39 21.81 25.20 NOTE
r-devel-linux-x86_64-debian-gcc 1.7.0 4.46 20.69 25.15 NOTE
r-devel-linux-x86_64-fedora-clang 1.7.0 42.64 NOTE --no-stop-on-test-error
r-devel-linux-x86_64-fedora-gcc 1.7.0 53.72 NOTE --no-stop-on-test-error
r-devel-macos-x86_64-clang 1.7.0 35.84 NOTE --no-stop-on-test-error
r-devel-windows-ix86+x86_64 1.7.0 26.00 69.00 95.00 OK
r-patched-linux-x86_64 1.7.0 3.92 18.73 22.64 OK
r-patched-solaris-sparc 1.7.0 256.90 OK
r-patched-solaris-x86 1.7.0 55.30 OK
r-release-linux-x86_64 1.7.0 3.86 18.87 22.72 OK
r-release-osx-x86_64-mavericks 1.7.0 OK
r-release-windows-ix86+x86_64 1.7.0 44.00 52.00 96.00 OK
r-oldrel-windows-ix86+x86_64 1.7.0 38.00 104.00 142.00 OK

Check Details

Version: 1.7.0
Check: compiled code
Result: NOTE
    File ‘BayesVarSel/libs/BayesVarSel.so’:
     Found no calls to: ‘R_registerRoutines’, ‘R_useDynamicSymbols’
    
    It is good practice to register native routines and to disable symbol
    search.
    
    See ‘Writing portable packages’ in the ‘Writing R Extensions’ manual.
Flavors: r-devel-linux-x86_64-debian-clang, r-devel-linux-x86_64-debian-gcc

Version: 1.7.0
Flags: --no-stop-on-test-error
Check: compiled code
Result: NOTE
    File ‘BayesVarSel/libs/BayesVarSel.so’:
     Found no calls to: ‘R_registerRoutines’, ‘R_useDynamicSymbols’
    
    It is good practice to register native routines and to disable symbol
    search.
    
    See ‘Writing portable packages’ in the ‘Writing R Extensions’ manual.
Flavors: r-devel-linux-x86_64-fedora-clang, r-devel-linux-x86_64-fedora-gcc, r-devel-macos-x86_64-clang