CRAN Package Check Results for Package BayesVarSel

Last updated on 2018-02-25 19:48:50 CET.

Flavor Version Tinstall Tcheck Ttotal Status Flags
r-devel-linux-x86_64-debian-clang 1.8.0 7.35 31.05 38.40 NOTE
r-devel-linux-x86_64-debian-gcc 1.8.0 7.25 23.79 31.04 NOTE
r-devel-linux-x86_64-fedora-clang 1.8.0 46.74 NOTE
r-devel-linux-x86_64-fedora-gcc 1.8.0 50.46 NOTE
r-devel-windows-ix86+x86_64 1.8.0 29.00 77.00 106.00 OK
r-patched-linux-x86_64 1.8.0 6.81 31.38 38.19 OK
r-patched-solaris-x86 1.8.0 64.90 OK
r-release-linux-x86_64 1.8.0 6.30 31.92 38.22 OK
r-release-windows-ix86+x86_64 1.8.0 24.00 71.00 95.00 OK
r-release-osx-x86_64 1.8.0 OK
r-oldrel-windows-ix86+x86_64 1.8.0 24.00 69.00 93.00 OK
r-oldrel-osx-x86_64 1.8.0 OK

Check Details

Version: 1.8.0
Check: DESCRIPTION meta-information
Result: NOTE
    Dependence on R version ‘3.3.2’ not with patchlevel 0
Flavors: r-devel-linux-x86_64-debian-clang, r-devel-linux-x86_64-debian-gcc, r-devel-linux-x86_64-fedora-clang, r-devel-linux-x86_64-fedora-gcc