CRAN Package Check Results for Package BayesVarSel

Last updated on 2014-10-23 03:48:41.

Flavor Version Tinstall Tcheck Ttotal Status Flags
r-devel-linux-x86_64-debian-clang 1.5.1 1.99 15.78 17.77 OK
r-devel-linux-x86_64-debian-gcc 1.5.1 2.66 15.27 17.93 OK
r-devel-linux-x86_64-fedora-clang 1.5.1 36.06 OK
r-devel-linux-x86_64-fedora-gcc 1.5.1 33.73 OK
r-devel-osx-x86_64-clang 1.5.1 35.47 OK
r-devel-windows-ix86+x86_64 1.5.1 13.00 36.00 49.00 OK
r-patched-linux-x86_64 1.5.1 2.66 16.12 18.78 OK
r-patched-solaris-sparc 1.5.1 238.50 OK
r-patched-solaris-x86 1.5.1 53.00 OK
r-release-linux-ix86 1.5.1 4.25 22.38 26.63 OK
r-release-linux-x86_64 1.5.1 2.62 15.78 18.40 OK
r-release-osx-x86_64-mavericks 1.5.1 ERROR
r-release-osx-x86_64-snowleopard 1.5.1 OK
r-release-windows-ix86+x86_64 1.5.1 14.00 41.00 55.00 OK
r-oldrel-windows-ix86+x86_64 1.5.1 15.00 39.00 54.00 OK

Check Details

Version: 1.5.1
Check: whether package can be installed
Result: ERROR
    Installation failed.
Flavor: r-release-osx-x86_64-mavericks