CRAN Package Check Results for Package BayesVarSel

Last updated on 2014-07-25 12:47:29.

Flavor Version Tinstall Tcheck Ttotal Status Flags
r-devel-linux-x86_64-debian-clang 1.5.1 1.84 15.71 17.55 OK
r-devel-linux-x86_64-debian-gcc 1.5.1 2.54 15.78 18.31 OK
r-devel-linux-x86_64-fedora-clang 1.5.1 33.39 OK
r-devel-linux-x86_64-fedora-gcc 1.5.1 34.07 OK
r-devel-osx-x86_64-clang 1.5.1 33.07 OK
r-devel-windows-ix86+x86_64 1.5.1 13.00 34.00 47.00 OK
r-patched-linux-x86_64 1.5.1 2.62 14.93 17.55 OK
r-patched-solaris-sparc 1.5.1 217.30 OK
r-patched-solaris-x86 1.5.1 52.70 OK
r-release-linux-ix86 1.5.1 4.22 21.92 26.14 OK
r-release-linux-x86_64 1.5.1 2.62 16.58 19.20 OK
r-release-osx-x86_64-mavericks 1.5.1 ERROR
r-release-osx-x86_64-snowleopard 1.5.1 OK
r-release-windows-ix86+x86_64 1.5.1 14.00 36.00 50.00 OK
r-oldrel-windows-ix86+x86_64 1.5.1 17.00 41.00 58.00 OK

Check Details

Version: 1.5.1
Check: whether package can be installed
Result: ERROR
    Installation failed.
    See ‘/Builds/CRAN-QA-Simon/packages/mavericks-x86_64/results/3.1/BayesVarSel.Rcheck/00install.out’ for details.
Flavor: r-release-osx-x86_64-mavericks