CRAN Package Check Results for Package BayesVarSel

Last updated on 2015-08-30 04:48:15.

Flavor Version Tinstall Tcheck Ttotal Status Flags
r-devel-linux-x86_64-debian-clang 1.6.1 2.74 15.55 18.29 NOTE
r-devel-linux-x86_64-debian-gcc 1.6.1 3.85 14.95 18.80 NOTE
r-devel-linux-x86_64-fedora-clang 1.6.1 34.75 NOTE
r-devel-linux-x86_64-fedora-gcc 1.6.1 35.33 NOTE
r-devel-osx-x86_64-clang 1.6.1 32.87 OK
r-devel-windows-ix86+x86_64 1.6.1 25.00 42.00 67.00 NOTE
r-patched-linux-x86_64 1.6.1 4.02 16.59 20.60 OK
r-patched-solaris-sparc 1.6.1 257.50 OK
r-patched-solaris-x86 1.6.1 55.60 OK
r-release-linux-x86_64 1.6.1 4.04 16.77 20.80 OK
r-release-osx-x86_64-mavericks 1.6.1 OK
r-release-windows-ix86+x86_64 1.6.1 26.00 42.00 68.00 OK
r-oldrel-windows-ix86+x86_64 1.6.1 28.00 58.00 86.00 OK

Check Details

Version: 1.6.1
Check: R code for possible problems
Result: NOTE
    BayesFactor: no visible global function definition for ‘lm’
    BayesFactor: no visible global function definition for ‘as.formula’
    Bvs: no visible global function definition for ‘lm’
    Bvs: no visible global function definition for ‘read.table’
    GibbsBvs: no visible global function definition for ‘lm’
    GibbsBvs: no visible global function definition for ‘rbinom’
    GibbsBvs: no visible global function definition for ‘read.table’
    PBvs: no visible global function definition for ‘lm’
    PBvs: no visible global function definition for ‘read.table’
    PBvs: no visible global function definition for ‘write.table’
    plotBvs: no visible global function definition for ‘par’
    plotBvs: no visible global function definition for ‘barplot’
    plotBvs : myImagePlot: no visible global function definition for
     ‘layout’
    plotBvs : myImagePlot: no visible global function definition for
     ‘gray.colors’
    plotBvs : myImagePlot: no visible global function definition for ‘par’
    plotBvs : myImagePlot: no visible global function definition for
     ‘image’
    plotBvs : myImagePlot: no visible global function definition for ‘axis’
    plotBvs : myImagePlot: no visible global function definition for ‘plot’
    Undefined global functions or variables:
     as.formula axis barplot gray.colors image layout lm par plot rbinom
     read.table write.table
    Consider adding
     importFrom("grDevices", "gray.colors")
     importFrom("graphics", "axis", "barplot", "image", "layout", "par",
     "plot")
     importFrom("stats", "as.formula", "lm", "rbinom")
     importFrom("utils", "read.table", "write.table")
    to your NAMESPACE.
Flavors: r-devel-linux-x86_64-debian-clang, r-devel-linux-x86_64-debian-gcc, r-devel-linux-x86_64-fedora-clang, r-devel-linux-x86_64-fedora-gcc, r-devel-windows-ix86+x86_64