CRAN Package Check Results for Package BayesVarSel

Last updated on 2014-09-02 08:47:10.

Flavor Version Tinstall Tcheck Ttotal Status Flags
r-devel-linux-x86_64-debian-clang 1.5.1 1.76 14.43 16.19 OK
r-devel-linux-x86_64-debian-gcc 1.5.1 2.50 14.50 17.00 OK
r-devel-linux-x86_64-fedora-clang 1.5.1 33.16 OK
r-devel-linux-x86_64-fedora-gcc 1.5.1 34.21 OK
r-devel-osx-x86_64-clang 1.5.1 31.81 OK
r-devel-windows-ix86+x86_64 1.5.1 15.00 36.00 51.00 OK
r-patched-linux-x86_64 1.5.1 2.62 14.94 17.56 OK
r-patched-solaris-sparc 1.5.1 238.50 OK
r-patched-solaris-x86 1.5.1 51.40 OK
r-release-linux-ix86 1.5.1 4.15 22.28 26.43 OK
r-release-linux-x86_64 1.5.1 2.66 15.86 18.52 OK
r-release-osx-x86_64-mavericks 1.5.1 ERROR
r-release-osx-x86_64-snowleopard 1.5.1 OK
r-release-windows-ix86+x86_64 1.5.1 14.00 38.00 52.00 OK
r-oldrel-windows-ix86+x86_64 1.5.1 21.00 39.00 60.00 OK

Check Details

Version: 1.5.1
Check: whether package can be installed
Result: ERROR
    Installation failed.
Flavor: r-release-osx-x86_64-mavericks