CRAN Package Check Results for Package BayesVarSel

Last updated on 2017-06-23 04:46:54.

Flavor Version Tinstall Tcheck Ttotal Status Flags
r-devel-linux-x86_64-debian-clang 1.7.0 3.87 20.44 24.31 NOTE
r-devel-linux-x86_64-debian-gcc 1.7.0 4.47 20.65 25.11 NOTE
r-devel-linux-x86_64-fedora-clang 1.7.0 46.64 NOTE
r-devel-linux-x86_64-fedora-gcc 1.7.0 45.51 NOTE
r-devel-windows-ix86+x86_64 1.7.0 24.00 56.00 80.00 OK
r-patched-linux-x86_64 1.7.0 3.99 20.27 24.26 NOTE
r-patched-solaris-sparc 1.7.0 298.50 OK
r-patched-solaris-x86 1.7.0 63.80 OK
r-release-linux-x86_64 1.7.0 4.14 20.21 24.35 NOTE
r-release-windows-ix86+x86_64 1.7.0 34.00 86.00 120.00 OK
r-release-osx-x86_64 1.7.0 OK
r-oldrel-windows-ix86+x86_64 1.7.0 29.00 52.00 81.00 OK
r-oldrel-osx-x86_64 1.7.0 OK

Check Details

Version: 1.7.0
Check: compiled code
Result: NOTE
    File ‘BayesVarSel/libs/BayesVarSel.so’:
     Found no calls to: ‘R_registerRoutines’, ‘R_useDynamicSymbols’
    
    It is good practice to register native routines and to disable symbol
    search.
    
    See ‘Writing portable packages’ in the ‘Writing R Extensions’ manual.
Flavors: r-devel-linux-x86_64-debian-clang, r-devel-linux-x86_64-debian-gcc, r-devel-linux-x86_64-fedora-clang, r-devel-linux-x86_64-fedora-gcc, r-patched-linux-x86_64, r-release-linux-x86_64