CRAN Package Check Results for Package BayesVarSel

Last updated on 2014-12-20 15:46:20.

Flavor Version Tinstall Tcheck Ttotal Status Flags
r-devel-linux-x86_64-debian-clang 1.5.1 1.98 16.21 18.19 OK
r-devel-linux-x86_64-debian-gcc 1.5.1 2.60 16.94 19.55 OK
r-devel-linux-x86_64-fedora-clang 1.5.1 35.93 OK
r-devel-linux-x86_64-fedora-gcc 1.5.1 35.01 OK
r-devel-osx-x86_64-clang 1.5.1 34.41 OK
r-devel-windows-ix86+x86_64 1.5.1 15.00 41.00 56.00 OK
r-patched-linux-x86_64 1.5.1 2.57 15.94 18.51 OK
r-patched-solaris-sparc 1.5.1 238.50 OK
r-patched-solaris-x86 1.5.1 55.80 OK
r-release-linux-ix86 1.5.1 3.98 21.84 25.82 OK
r-release-linux-x86_64 1.5.1 2.68 16.27 18.95 OK
r-release-osx-x86_64-mavericks 1.5.1 ERROR
r-release-osx-x86_64-snowleopard 1.5.1 OK
r-release-windows-ix86+x86_64 1.5.1 15.00 37.00 52.00 OK
r-oldrel-windows-ix86+x86_64 1.5.1 14.00 40.00 54.00 OK

Check Details

Version: 1.5.1
Check: whether package can be installed
Result: ERROR
    Installation failed.
Flavor: r-release-osx-x86_64-mavericks