CRAN Package Check Results for Package BayesVarSel

Last updated on 2017-03-23 06:47:49.

Flavor Version Tinstall Tcheck Ttotal Status Flags
r-devel-linux-x86_64-debian-clang 1.7.0 3.46 20.80 24.26 NOTE
r-devel-linux-x86_64-debian-gcc 1.7.0 4.38 20.51 24.89 NOTE
r-devel-linux-x86_64-fedora-clang 1.7.0 42.24 NOTE --no-stop-on-test-error
r-devel-linux-x86_64-fedora-gcc 1.7.0 47.90 NOTE --no-stop-on-test-error
r-devel-macos-x86_64-clang 1.7.0 35.00 NOTE --no-stop-on-test-error
r-devel-windows-ix86+x86_64 1.7.0 20.00 54.00 74.00 OK
r-patched-linux-x86_64 1.7.0 3.88 18.28 22.16 OK
r-patched-solaris-sparc 1.7.0 298.50 OK
r-patched-solaris-x86 1.7.0 76.70 OK
r-release-linux-x86_64 1.7.0 3.93 18.42 22.34 OK
r-release-osx-x86_64-mavericks 1.7.0 OK
r-release-windows-ix86+x86_64 1.7.0 44.00 48.00 92.00 OK
r-oldrel-windows-ix86+x86_64 1.7.0 25.00 73.00 98.00 OK

Check Details

Version: 1.7.0
Check: compiled code
Result: NOTE
    File ‘BayesVarSel/libs/BayesVarSel.so’:
     Found no calls to: ‘R_registerRoutines’, ‘R_useDynamicSymbols’
    
    It is good practice to register native routines and to disable symbol
    search.
    
    See ‘Writing portable packages’ in the ‘Writing R Extensions’ manual.
Flavors: r-devel-linux-x86_64-debian-clang, r-devel-linux-x86_64-debian-gcc

Version: 1.7.0
Flags: --no-stop-on-test-error
Check: compiled code
Result: NOTE
    File ‘BayesVarSel/libs/BayesVarSel.so’:
     Found no calls to: ‘R_registerRoutines’, ‘R_useDynamicSymbols’
    
    It is good practice to register native routines and to disable symbol
    search.
    
    See ‘Writing portable packages’ in the ‘Writing R Extensions’ manual.
Flavors: r-devel-linux-x86_64-fedora-clang, r-devel-linux-x86_64-fedora-gcc, r-devel-macos-x86_64-clang