CRAN Package Check Results for Package BayesX

Last updated on 2016-05-05 06:47:10.

Flavor Version Tinstall Tcheck Ttotal Status Flags
r-devel-linux-x86_64-debian-gcc 0.2-9 1.43 26.34 27.77 NOTE
r-devel-linux-x86_64-fedora-clang 0.2-9 49.52 NOTE
r-devel-linux-x86_64-fedora-gcc 0.2-9 48.72 NOTE
r-devel-osx-x86_64-clang 0.2-9 56.38 NOTE
r-devel-windows-ix86+x86_64 0.2-9 6.00 50.00 56.00 NOTE
r-patched-linux-x86_64 0.2-9 1.44 25.77 27.21 NOTE
r-patched-solaris-sparc 0.2-9 303.80 NOTE
r-patched-solaris-x86 0.2-9 66.50 NOTE
r-release-linux-x86_64 0.2-9 1.58 25.42 26.99 NOTE
r-release-osx-x86_64-mavericks 0.2-9 NOTE
r-release-windows-ix86+x86_64 0.2-9 6.00 50.00 56.00 NOTE
r-oldrel-windows-ix86+x86_64 0.2-9 9.00 65.00 74.00 NOTE

Check Details

Version: 0.2-9
Check: R code for possible problems
Result: NOTE
    drawmap: no visible global function definition for ‘par’
    drawmap: no visible global function definition for ‘grey’
    drawmap: no visible global function definition for ‘plot’
    drawmap: no visible global function definition for ‘polygon’
    drawmap: no visible global function definition for ‘read.table’
    drawmap: no visible global function definition for ‘hsv’
    drawmap: no visible global function definition for ‘lines’
    drawmap: no visible global function definition for ‘text’
    extractSamples : readData: no visible global function definition for
     ‘read.table’
    extractSamples: no visible global function definition for ‘head’
    extractSamples: no visible global function definition for ‘read.table’
    fuse: no visible global function definition for ‘slot’
    hpd: no visible global function definition for ‘read.table’
    hpd : hpd.target: no visible global function definition for ‘integrate’
    hpd: no visible binding for global variable ‘density’
    hpd : <anonymous>: no visible global function definition for
     ‘splinefun’
    hpd: no visible binding for global variable ‘quantile’
    hpd : opt: no visible global function definition for ‘optim’
    hpd.coda: no visible global function definition for ‘read.table’
    plotautocor: no visible global function definition for ‘read.table’
    plotnonp: no visible global function definition for ‘read.table’
    plotnonp: no visible global function definition for ‘plot’
    plotnonp: no visible global function definition for ‘box’
    plotnonp: no visible global function definition for ‘axis’
    plotnonp: no visible global function definition for ‘lines’
    plotsample: no visible global function definition for ‘read.table’
    plotsample: no visible global function definition for ‘par’
    plotsample: no visible global function definition for ‘plot’
    plotsample.coda: no visible global function definition for ‘read.table’
    plotsample.coda: no visible global function definition for ‘plot’
    plotsurf: no visible global function definition for ‘read.table’
    plotsurf: no visible global function definition for ‘persp’
    plotsurf: no visible global function definition for ‘image’
    plotsurf: no visible global function definition for ‘contour’
    read.bnd: no visible global function definition for ‘na.omit’
    sp2bnd: no visible binding for global variable ‘slot’
    sp2bnd: no visible global function definition for ‘is’
    write.bnd: no visible global function definition for ‘complete.cases’
    write.bnd: no visible global function definition for ‘write.table’
    Undefined global functions or variables:
     axis box complete.cases contour density grey head hsv image integrate
     is lines na.omit optim par persp plot polygon quantile read.table
     slot splinefun text write.table
    Consider adding
     importFrom("grDevices", "grey", "hsv")
     importFrom("graphics", "axis", "box", "contour", "image", "lines",
     "par", "persp", "plot", "polygon", "text")
     importFrom("methods", "is", "slot")
     importFrom("stats", "complete.cases", "density", "integrate",
     "na.omit", "optim", "quantile", "splinefun")
     importFrom("utils", "head", "read.table", "write.table")
    to your NAMESPACE file (and ensure that your DESCRIPTION Imports field
    contains 'methods').
Flavors: r-devel-linux-x86_64-debian-gcc, r-devel-linux-x86_64-fedora-clang, r-devel-linux-x86_64-fedora-gcc, r-devel-osx-x86_64-clang, r-devel-windows-ix86+x86_64, r-patched-linux-x86_64, r-patched-solaris-sparc, r-patched-solaris-x86, r-release-linux-x86_64, r-release-windows-ix86+x86_64

Version: 0.2-9
Check: package dependencies
Result: NOTE
    Package suggested but not available for checking: ‘rgeos’
Flavor: r-release-osx-x86_64-mavericks

Version: 0.2-9
Check: package dependencies
Result: NOTE
    Package suggested but not available for checking: 'gpclib'
Flavor: r-oldrel-windows-ix86+x86_64