CRAN Package Check Results for Package BayesX

Last updated on 2014-04-20 03:47:24.

Flavor Version Tinstall Tcheck Ttotal Status Flags
r-devel-linux-x86_64-debian-clang 0.2-7 1.77 32.83 34.60 NOTE
r-devel-linux-x86_64-debian-gcc 0.2-7 1.78 33.10 34.87 NOTE
r-devel-linux-x86_64-fedora-clang 0.2-7 70.98 NOTE
r-devel-linux-x86_64-fedora-gcc 0.2-7 67.13 NOTE
r-devel-macosx-x86_64-clang 0.2-7 61.99 NOTE
r-devel-macosx-x86_64-gcc 0.2-7 ERROR
r-devel-windows-ix86+x86_64 0.2-7 7.00 40.00 47.00 ERROR
r-patched-linux-x86_64 0.2-7 1.86 33.56 35.42 NOTE
r-patched-solaris-sparc 0.2-7 380.60 NOTE
r-patched-solaris-x86 0.2-7 88.10 NOTE
r-release-linux-ix86 NOTE
r-release-linux-x86_64 0.2-7 1.86 32.55 34.40 NOTE
r-release-windows-ix86+x86_64 0.2-7 9.00 53.00 62.00 NOTE
r-oldrel-windows-ix86+x86_64 0.2-7 8.00 51.00 59.00 NOTE

Check Details

Version: 0.2-7
Check: dependencies in R code
Result: NOTE
    Package in Depends field not imported from: ‘shapefiles’
     These packages need to be imported from (in the NAMESPACE file)
     for when this namespace is loaded but not attached.
    See the information on DESCRIPTION files in the chapter ‘Creating R
    packages’ of the ‘Writing R Extensions’ manual.
Flavors: r-devel-linux-x86_64-debian-clang, r-devel-linux-x86_64-debian-gcc, r-devel-linux-x86_64-fedora-clang, r-devel-linux-x86_64-fedora-gcc, r-devel-macosx-x86_64-clang, r-devel-windows-ix86+x86_64, r-patched-linux-x86_64, r-patched-solaris-sparc, r-patched-solaris-x86, r-release-linux-ix86, r-release-linux-x86_64, r-release-windows-ix86+x86_64, r-oldrel-windows-ix86+x86_64

Version: 0.2-7
Check: package dependencies
Result: ERROR
    Package required but not available: ‘maptools’
    
    Package suggested but not available for checking: ‘spdep’
    
    See the information on DESCRIPTION files in the chapter ‘Creating R
    packages’ of the ‘Writing R Extensions’ manual.
Flavor: r-devel-macosx-x86_64-gcc

Version: 0.2-7
Check: package dependencies
Result: NOTE
    Package suggested but not available for checking: 'gpclib'
Flavor: r-devel-windows-ix86+x86_64

Version: 0.2-7
Check: examples
Result: ERROR
    Running examples in 'BayesX-Ex.R' failed
    The error most likely occurred in:
    
    > ### Name: fuse
    > ### Title: Combine Regions
    > ### Aliases: fuse
    > ### Keywords: spatial
    >
    > ### ** Examples
    >
    > require("gpclib")
    Loading required package: gpclib
    Warning in library(package, lib.loc = lib.loc, character.only = TRUE, logical.return = TRUE, :
     there is no package called 'gpclib'
    > library("maptools")
    Loading required package: sp
    Checking rgeos availability: FALSE
     Note: when rgeos is not available, polygon geometry computations in maptools depend on gpclib,
     which has a restricted licence. It is disabled by default;
     to enable gpclib, type gpclibPermit()
    > gpclibPermit()
    [1] FALSE
    > map <- read.bnd(system.file("examples/germany9301.bnd", package="BayesX"))
    Read 2588 records
    Note: map consists of 83 polygons
    Note: map consists of 63 regions
    Reading map ...Warning: Note: First and last point of polygon 2 (region 1002) are not identical
    Warning: Note: First and last point of polygon 4 (region 1004) are not identical
    Warning: Note: First and last point of polygon 6 (region 1053) are not identical
    Warning: Note: First and last point of polygon 7 (region 1054) are not identical
    Warning: Note: First and last point of polygon 8 (region 1054) are not identical
    Warning: Note: First and last point of polygon 9 (region 1054) are not identical
    Warning: Note: First and last point of polygon 10 (region 1054) are not identical
    Warning: Note: First and last point of polygon 11 (region 1054) are not identical
    Warning: Note: First and last point of polygon 12 (region 1054) are not identical
    Warning: Note: First and last point of polygon 13 (region 1054) are not identical
    Warning: Note: First and last point of polygon 18 (region 1056) are not identical
    Warning: Note: First and last point of polygon 20 (region 1058) are not identical
    Warning: Note: First and last point of polygon 21 (region 1059) are not identical
    Warning: Note: First and last point of polygon 22 (region 1060) are not identical
    Warning: Note: First and last point of polygon 23 (region 1061) are not identical
    Warning: Note: First and last point of polygon 24 (region 1062) are not identical
    Warning: Note: First and last point of polygon 25 (region 2000) are not identical
    Warning: Note: First and last point of polygon 26 (region 2000) are not identical
    Warning: Note: First and last point of polygon 28 (region 3101) are not identical
    Warning: Note: First and last point of polygon 29 (region 3102) are not identical
    Warning: Note: First and last point of polygon 30 (region 3103) are not identical
    Warning: Note: First and last point of polygon 32 (region 3152) are not identical
    Warning: Note: First and last point of polygon 36 (region 3156) are not identical
    Warning: Note: First and last point of polygon 39 (region 3158) are not identical
    Warning: Note: First and last point of polygon 40 (region 3251) are not identical
    Warning: Note: First and last point of polygon 43 (region 3201) are not identical
    Warning: Note: First and last point of polygon 44 (region 3254) are not identical
    Warning: Note: First and last point of polygon 45 (region 3255) are not identical
    Warning: Note: First and last point of polygon 46 (region 3256) are not identical
    Warning: Note: First and last point of polygon 52 (region 3355) are not identical
    Warning: Note: First and last point of polygon 53 (region 3356) are not identical
    Warning: Note: First and last point of polygon 54 (region 3357) are not identical
    Warning: Note: First and last point of polygon 57 (region 3360) are not identical
    Warning: Note: First and last point of polygon 61 (region 3403) are not identical
    Warning: Note: First and last point of polygon 63 (region 3405) are not identical
    Warning: Note: First and last point of polygon 64 (region 3451) are not identical
    Warning: Note: First and last point of polygon 66 (region 3452) are not identical
    Warning: Note: First and last point of polygon 68 (region 3452) are not identical
    Warning: Note: First and last point of polygon 70 (region 3453) are not identical
    Warning: Note: First and last point of polygon 73 (region 3455) are not identical
    Warning: Note: First and last point of polygon 74 (region 3456) are not identical
    Warning: Note: First and last point of polygon 77 (region 3458) are not identical
     finished
    > drawmap(map=map, drawnames=TRUE)
    >
    > #vector of regions to be combined
    > regions <- c("1056","1060","1061")
    > #new name of combined region
    > newname <- "1"
    > newmap <- fuse(map,regions,newname)
    Error: isTRUE(gpclibPermitStatus()) is not TRUE
    Execution halted
Flavor: r-devel-windows-ix86+x86_64