CRAN Package Check Results for Package BayesX

Last updated on 2014-12-20 19:48:16.

Flavor Version Tinstall Tcheck Ttotal Status Flags
r-devel-linux-x86_64-debian-clang 0.2-9 1.67 30.66 32.32 OK
r-devel-linux-x86_64-debian-gcc 0.2-9 1.53 30.46 32.00 OK
r-devel-linux-x86_64-fedora-clang 0.2-9 66.67 OK
r-devel-linux-x86_64-fedora-gcc 0.2-9 64.00 OK
r-devel-osx-x86_64-clang 0.2-9 57.46 OK
r-devel-windows-ix86+x86_64 0.2-9 7.00 43.00 50.00 NOTE
r-patched-linux-x86_64 0.2-9 1.62 30.16 31.79 OK
r-patched-solaris-sparc 0.2-9 362.80 OK
r-patched-solaris-x86 0.2-9 86.70 OK
r-release-linux-ix86 0.2-9 2.13 37.60 39.72 OK
r-release-linux-x86_64 0.2-9 1.63 30.97 32.60 OK
r-release-osx-x86_64-mavericks 0.2-9 NOTE
r-release-osx-x86_64-snowleopard 0.2-9 OK
r-release-windows-ix86+x86_64 0.2-9 8.00 48.00 56.00 OK
r-oldrel-windows-ix86+x86_64 0.2-9 8.00 49.00 57.00 OK

Check Details

Version: 0.2-9
Check: package dependencies
Result: NOTE
    Package suggested but not available for checking: 'gpclib'
Flavor: r-devel-windows-ix86+x86_64

Version: 0.2-9
Check: package dependencies
Result: NOTE
    Package suggested but not available for checking: ‘rgeos’
Flavor: r-release-osx-x86_64-mavericks