CRAN Package Check Results for Package BayesX

Last updated on 2015-03-05 23:48:10.

Flavor Version Tinstall Tcheck Ttotal Status Flags
r-devel-linux-x86_64-debian-clang 0.2-9 1.82 29.24 31.06 OK
r-devel-linux-x86_64-debian-gcc 0.2-9 1.54 26.92 28.46 OK
r-devel-linux-x86_64-fedora-clang 0.2-9 56.95 OK
r-devel-linux-x86_64-fedora-gcc 0.2-9 54.49 OK
r-devel-osx-x86_64-clang 0.2-9 57.09 OK
r-devel-windows-ix86+x86_64 0.2-9 7.00 43.00 50.00 NOTE
r-patched-linux-x86_64 0.2-9 2.17 33.37 35.54 OK
r-patched-solaris-sparc 0.2-9 399.10 OK
r-patched-solaris-x86 0.2-9 86.60 OK
r-release-linux-ix86 0.2-9 2.02 38.52 40.54 OK
r-release-linux-x86_64 0.2-9 1.72 33.19 34.91 OK
r-release-osx-x86_64-mavericks 0.2-9 NOTE
r-release-osx-x86_64-snowleopard 0.2-9 OK
r-release-windows-ix86+x86_64 0.2-9 9.00 55.00 64.00 OK
r-oldrel-windows-ix86+x86_64 0.2-9 9.00 54.00 63.00 OK

Check Details

Version: 0.2-9
Check: package dependencies
Result: NOTE
    Package suggested but not available for checking: 'gpclib'
Flavor: r-devel-windows-ix86+x86_64

Version: 0.2-9
Check: package dependencies
Result: NOTE
    Package suggested but not available for checking: ‘rgeos’
Flavor: r-release-osx-x86_64-mavericks