CRAN Package Check Results for Package BayesX

Last updated on 2015-04-18 13:48:40.

Flavor Version Tinstall Tcheck Ttotal Status Flags
r-devel-linux-x86_64-debian-clang 0.2-9 1.48 28.96 30.43 OK
r-devel-linux-x86_64-debian-gcc 0.2-9 1.53 26.67 28.20 OK
r-devel-linux-x86_64-fedora-clang 0.2-9 54.16 OK
r-devel-linux-x86_64-fedora-gcc 0.2-9 57.61 OK
r-devel-osx-x86_64-clang 0.2-9 50.65 OK
r-patched-linux-x86_64 0.2-9 1.79 28.09 29.88 OK
r-patched-solaris-sparc 0.2-9 368.50 OK
r-patched-solaris-x86 0.2-9 71.50 OK
r-release-linux-x86_64 0.2-9 1.52 25.22 26.74 OK
r-release-osx-x86_64-mavericks 0.2-9 ERROR
r-release-osx-x86_64-snowleopard 0.2-9 OK
r-release-windows-ix86+x86_64 0.2-9 8.00 61.00 69.00 OK
r-oldrel-windows-ix86+x86_64 0.2-9 8.00 65.00 73.00 OK

Check Details

Version: 0.2-9
Check: package dependencies
Result: NOTE
    Packages suggested but not available for checking: ‘spdep’ ‘rgeos’
Flavor: r-release-osx-x86_64-mavericks

Version: 0.2-9
Check: examples
Result: ERROR
    Running examples in ‘BayesX-Ex.R’ failed
    The error most likely occurred in:
    
    > ### Name: Interface between nb and gra format
    > ### Title: Convert nb and gra format into each other
    > ### Aliases: nb2gra gra2nb
    > ### Keywords: spatial
    >
    > ### ** Examples
    >
    > ## first nb to gra:
    > library(spdep)
    Error in library(spdep) : there is no package called ‘spdep’
    Execution halted
Flavor: r-release-osx-x86_64-mavericks