CRAN Package Check Results for Package BayesX

Last updated on 2014-11-24 00:47:38.

Flavor Version Tinstall Tcheck Ttotal Status Flags
r-devel-linux-x86_64-debian-clang 0.2-9 1.63 30.71 32.34 OK
r-devel-linux-x86_64-debian-gcc 0.2-9 1.54 32.84 34.38 OK
r-devel-linux-x86_64-fedora-clang 0.2-9 69.89 OK
r-devel-linux-x86_64-fedora-gcc 0.2-9 62.85 OK
r-devel-osx-x86_64-clang 0.2-9 58.12 OK
r-devel-windows-ix86+x86_64 0.2-9 7.00 48.00 55.00 NOTE
r-patched-linux-x86_64 0.2-9 1.64 31.24 32.87 OK
r-patched-solaris-sparc 0.2-9 362.80 OK
r-patched-solaris-x86 0.2-9 87.20 OK
r-release-linux-ix86 0.2-9 2.43 39.14 41.57 OK
r-release-linux-x86_64 0.2-9 2.43 30.11 32.54 OK
r-release-osx-x86_64-mavericks 0.2-9 NOTE
r-release-osx-x86_64-snowleopard 0.2-9 OK
r-release-windows-ix86+x86_64 0.2-9 8.00 51.00 59.00 OK
r-oldrel-windows-ix86+x86_64 0.2-9 8.00 50.00 58.00 OK

Check Details

Version: 0.2-9
Check: package dependencies
Result: NOTE
    Package suggested but not available for checking: 'gpclib'
Flavor: r-devel-windows-ix86+x86_64

Version: 0.2-9
Check: package dependencies
Result: NOTE
    Package suggested but not available for checking: ‘rgeos’
Flavor: r-release-osx-x86_64-mavericks