CRAN Package Check Results for Package BayesX

Last updated on 2014-10-31 08:47:01.

Flavor Version Tinstall Tcheck Ttotal Status Flags
r-devel-linux-x86_64-debian-clang 0.2-9 1.91 30.89 32.80 OK
r-devel-linux-x86_64-debian-gcc 0.2-9 1.57 29.95 31.52 OK
r-devel-linux-x86_64-fedora-clang 0.2-9 66.81 OK
r-devel-linux-x86_64-fedora-gcc 0.2-9 61.55 OK
r-devel-osx-x86_64-clang 0.2-9 57.93 OK
r-devel-windows-ix86+x86_64 0.2-9 7.00 45.00 52.00 NOTE
r-patched-linux-x86_64 0.2-9 1.86 30.19 32.04 OK
r-patched-solaris-sparc 0.2-9 362.80 OK
r-patched-solaris-x86 0.2-9 84.20 OK
r-release-linux-ix86 0.2-9 2.26 41.70 43.96 OK
r-release-linux-x86_64 0.2-9 1.80 34.12 35.92 OK
r-release-osx-x86_64-mavericks 0.2-9 NOTE
r-release-osx-x86_64-snowleopard 0.2-9 OK
r-release-windows-ix86+x86_64 0.2-9 8.00 47.00 55.00 OK
r-oldrel-windows-ix86+x86_64 0.2-9 8.00 49.00 57.00 OK

Check Details

Version: 0.2-9
Check: package dependencies
Result: NOTE
    Package suggested but not available for checking: 'gpclib'
Flavor: r-devel-windows-ix86+x86_64

Version: 0.2-9
Check: package dependencies
Result: NOTE
    Package suggested but not available for checking: ‘rgeos’
Flavor: r-release-osx-x86_64-mavericks