CRAN Package Check Results for Package BayesX

Last updated on 2014-09-17 11:47:13.

Flavor Version Tinstall Tcheck Ttotal Status Flags
r-devel-linux-x86_64-debian-clang 0.2-9 1.62 30.03 31.65 OK
r-devel-linux-x86_64-debian-gcc 0.2-9 1.53 29.81 31.34 OK
r-devel-linux-x86_64-fedora-clang 0.2-9 64.47 OK
r-devel-linux-x86_64-fedora-gcc 0.2-9 79.76 OK
r-devel-osx-x86_64-clang 0.2-9 53.95 OK
r-devel-windows-ix86+x86_64 0.2-9 8.00 42.00 50.00 NOTE
r-patched-linux-x86_64 0.2-9 1.65 33.35 35.00 OK
r-patched-solaris-sparc 0.2-9 362.80 OK
r-patched-solaris-x86 0.2-9 89.80 OK
r-release-linux-ix86 0.2-9 2.28 41.40 43.68 OK
r-release-linux-x86_64 0.2-9 1.94 32.63 34.56 OK
r-release-osx-x86_64-mavericks 0.2-9 NOTE
r-release-osx-x86_64-snowleopard 0.2-9 OK
r-release-windows-ix86+x86_64 0.2-9 7.00 52.00 59.00 OK
r-oldrel-windows-ix86+x86_64 0.2-9 8.00 49.00 57.00 OK

Check Details

Version: 0.2-9
Check: package dependencies
Result: NOTE
    Package suggested but not available for checking: 'gpclib'
Flavor: r-devel-windows-ix86+x86_64

Version: 0.2-9
Check: package dependencies
Result: NOTE
    Package suggested but not available for checking: ‘rgeos’
Flavor: r-release-osx-x86_64-mavericks