CRAN Package Check Results for Package BayesX

Last updated on 2014-08-30 07:48:35.

Flavor Version Tinstall Tcheck Ttotal Status Flags
r-devel-linux-x86_64-debian-clang 0.2-9 1.61 30.72 32.33 OK
r-devel-linux-x86_64-debian-gcc 0.2-9 1.54 29.71 31.25 OK
r-devel-linux-x86_64-fedora-clang 0.2-9 65.14 OK
r-devel-linux-x86_64-fedora-gcc 0.2-9 61.80 OK
r-devel-osx-x86_64-clang 0.2-9 55.06 OK
r-devel-windows-ix86+x86_64 0.2-9 9.00 46.00 55.00 NOTE
r-patched-linux-x86_64 0.2-9 2.43 32.31 34.74 OK
r-patched-solaris-sparc 0.2-9 362.80 OK
r-patched-solaris-x86 0.2-9 88.80 OK
r-release-linux-ix86 0.2-9 2.21 41.09 43.30 OK
r-release-linux-x86_64 0.2-9 1.68 32.09 33.76 OK
r-release-osx-x86_64-mavericks 0.2-9 NOTE
r-release-osx-x86_64-snowleopard 0.2-8 OK
r-release-windows-ix86+x86_64 0.2-9 7.00 50.00 57.00 OK
r-oldrel-windows-ix86+x86_64 0.2-9 8.00 46.00 54.00 OK

Check Details

Version: 0.2-9
Check: package dependencies
Result: NOTE
    Package suggested but not available for checking: 'gpclib'
Flavor: r-devel-windows-ix86+x86_64

Version: 0.2-9
Check: package dependencies
Result: NOTE
    Package suggested but not available for checking: ‘rgeos’
Flavor: r-release-osx-x86_64-mavericks