CRAN Package Check Results for Package BayesX

Last updated on 2015-07-27 23:47:48.

Flavor Version Tinstall Tcheck Ttotal Status Flags
r-devel-linux-x86_64-debian-clang 0.2-9 1.58 26.58 28.16 NOTE
r-devel-linux-x86_64-debian-gcc 0.2-9 1.39 25.20 26.58 NOTE
r-devel-linux-x86_64-fedora-clang 0.2-9 52.40 NOTE
r-devel-linux-x86_64-fedora-gcc 0.2-9 50.95 NOTE
r-devel-osx-x86_64-clang 0.2-9 49.13 OK
r-devel-windows-ix86+x86_64 0.2-9 7.00 40.00 47.00 NOTE
r-patched-linux-x86_64 0.2-9 1.51 25.66 27.18 OK
r-patched-solaris-sparc 0.2-9 335.00 OK
r-patched-solaris-x86 0.2-9 72.90 OK
r-release-linux-x86_64 0.2-9 1.92 24.99 26.91 OK
r-release-osx-x86_64-mavericks 0.2-9 NOTE
r-release-windows-ix86+x86_64 0.2-9 9.00 39.00 48.00 NOTE
r-oldrel-windows-ix86+x86_64 0.2-9 13.00 50.00 63.00 OK

Check Details

Version: 0.2-9
Check: R code for possible problems
Result: NOTE
    drawmap: no visible global function definition for ‘par’
    drawmap: no visible global function definition for ‘grey’
    drawmap: no visible global function definition for ‘plot’
    drawmap: no visible global function definition for ‘polygon’
    drawmap: no visible global function definition for ‘read.table’
    drawmap: no visible global function definition for ‘hsv’
    drawmap: no visible global function definition for ‘lines’
    drawmap: no visible global function definition for ‘text’
    extractSamples : readData: no visible global function definition for
     ‘read.table’
    extractSamples: no visible global function definition for ‘head’
    extractSamples: no visible global function definition for ‘read.table’
    fuse: no visible global function definition for ‘slot’
    hpd: no visible global function definition for ‘read.table’
    hpd : hpd.target: no visible global function definition for ‘integrate’
    hpd: no visible binding for global variable ‘density’
    hpd : <anonymous>: no visible global function definition for
     ‘splinefun’
    hpd: no visible binding for global variable ‘quantile’
    hpd : opt: no visible global function definition for ‘optim’
    hpd.coda: no visible global function definition for ‘read.table’
    plotautocor: no visible global function definition for ‘read.table’
    plotnonp: no visible global function definition for ‘read.table’
    plotnonp: no visible global function definition for ‘plot’
    plotnonp: no visible global function definition for ‘box’
    plotnonp: no visible global function definition for ‘axis’
    plotnonp: no visible global function definition for ‘lines’
    plotsample: no visible global function definition for ‘read.table’
    plotsample: no visible global function definition for ‘par’
    plotsample: no visible global function definition for ‘plot’
    plotsample.coda: no visible global function definition for ‘read.table’
    plotsample.coda: no visible global function definition for ‘plot’
    plotsurf: no visible global function definition for ‘read.table’
    plotsurf: no visible global function definition for ‘persp’
    plotsurf: no visible global function definition for ‘image’
    plotsurf: no visible global function definition for ‘contour’
    read.bnd: no visible global function definition for ‘na.omit’
    sp2bnd: no visible binding for global variable ‘slot’
    sp2bnd: no visible global function definition for ‘is’
    write.bnd: no visible global function definition for ‘complete.cases’
    write.bnd: no visible global function definition for ‘write.table’
    Undefined global functions or variables:
     axis box complete.cases contour density grey head hsv image integrate
     is lines na.omit optim par persp plot polygon quantile read.table
     slot splinefun text write.table
    Consider adding
     importFrom("grDevices", "grey", "hsv")
     importFrom("graphics", "axis", "box", "contour", "image", "lines",
     "par", "persp", "plot", "polygon", "text")
     importFrom("methods", "is", "slot")
     importFrom("stats", "complete.cases", "density", "integrate",
     "na.omit", "optim", "quantile", "splinefun")
     importFrom("utils", "head", "read.table", "write.table")
    to your NAMESPACE.
Flavors: r-devel-linux-x86_64-debian-clang, r-devel-linux-x86_64-debian-gcc, r-devel-linux-x86_64-fedora-clang, r-devel-linux-x86_64-fedora-gcc, r-devel-windows-ix86+x86_64

Version: 0.2-9
Check: package dependencies
Result: NOTE
    Package suggested but not available for checking: 'gpclib'
Flavors: r-devel-windows-ix86+x86_64, r-release-windows-ix86+x86_64

Version: 0.2-9
Check: package dependencies
Result: NOTE
    Package suggested but not available for checking: ‘rgeos’
Flavor: r-release-osx-x86_64-mavericks