CRAN Package Check Results for Package BayesX

Last updated on 2014-07-23 15:47:41.

Flavor Version Tinstall Tcheck Ttotal Status Flags
r-devel-linux-x86_64-debian-clang 0.2-8 1.68 32.89 34.57 OK
r-devel-linux-x86_64-debian-gcc 0.2-8 2.13 30.73 32.86 OK
r-devel-linux-x86_64-fedora-clang 0.2-8 71.10 OK
r-devel-linux-x86_64-fedora-gcc 0.2-8 67.18 OK
r-devel-osx-x86_64-clang 0.2-8 61.62 OK
r-devel-windows-ix86+x86_64 0.2-8 8.00 47.00 55.00 NOTE
r-patched-linux-x86_64 0.2-8 1.67 31.52 33.19 OK
r-patched-solaris-sparc 0.2-8 368.20 OK
r-patched-solaris-x86 0.2-8 88.60 OK
r-release-linux-ix86 0.2-8 2.18 40.85 43.04 OK
r-release-linux-x86_64 0.2-8 2.06 33.22 35.28 OK
r-release-osx-x86_64-mavericks 0.2-8 NOTE
r-release-osx-x86_64-snowleopard 0.2-8 OK
r-release-windows-ix86+x86_64 0.2-8 7.00 50.00 57.00 OK
r-oldrel-windows-ix86+x86_64 0.2-8 7.00 46.00 53.00 OK

Check Details

Version: 0.2-8
Check: package dependencies
Result: NOTE
    Package suggested but not available for checking: 'gpclib'
Flavor: r-devel-windows-ix86+x86_64

Version: 0.2-8
Check: package dependencies
Result: NOTE
    Package suggested but not available for checking: ‘rgeos’
Flavor: r-release-osx-x86_64-mavericks