CRAN Package Check Results for Package BayesX

Last updated on 2015-02-01 11:47:06.

Flavor Version Tinstall Tcheck Ttotal Status Flags
r-devel-linux-x86_64-debian-clang 0.2-9 2.00 25.74 27.74 OK
r-devel-linux-x86_64-debian-gcc 0.2-9 1.41 25.78 27.19 OK
r-devel-linux-x86_64-fedora-clang 0.2-9 64.36 OK
r-devel-linux-x86_64-fedora-gcc 0.2-9 52.32 OK
r-devel-osx-x86_64-clang 0.2-9 56.07 OK
r-devel-windows-ix86+x86_64 0.2-9 10.00 39.00 49.00 NOTE
r-patched-linux-x86_64 0.2-9 1.65 30.44 32.08 OK
r-patched-solaris-sparc 0.2-9 378.10 OK
r-patched-solaris-x86 0.2-9 86.00 OK
r-release-linux-ix86 0.2-9 2.16 38.64 40.79 OK
r-release-linux-x86_64 0.2-9 1.68 32.36 34.04 OK
r-release-osx-x86_64-mavericks 0.2-9 NOTE
r-release-osx-x86_64-snowleopard 0.2-9 OK
r-release-windows-ix86+x86_64 0.2-9 9.00 50.00 59.00 OK
r-oldrel-windows-ix86+x86_64 0.2-9 8.00 51.00 59.00 OK

Check Details

Version: 0.2-9
Check: package dependencies
Result: NOTE
    Package suggested but not available for checking: 'gpclib'
Flavor: r-devel-windows-ix86+x86_64

Version: 0.2-9
Check: package dependencies
Result: NOTE
    Package suggested but not available for checking: ‘rgeos’
Flavor: r-release-osx-x86_64-mavericks