CRAN Package Check Results for Package BayesianAnimalTracker

Last updated on 2020-07-03 16:50:05 CEST.

Flavor Version Tinstall Tcheck Ttotal Status Flags
r-devel-linux-x86_64-debian-clang 1.2 5.88 45.14 51.02 NOTE
r-devel-linux-x86_64-debian-gcc 1.2 4.18 35.10 39.28 NOTE
r-devel-linux-x86_64-fedora-clang 1.2 68.90 NOTE
r-devel-linux-x86_64-fedora-gcc 1.2 61.77 NOTE
r-devel-windows-ix86+x86_64 1.2 13.00 80.00 93.00 NOTE
r-patched-linux-x86_64 1.2 6.07 44.97 51.04 NOTE
r-patched-solaris-x86 1.2 91.80 NOTE
r-release-linux-x86_64 1.2 5.08 44.76 49.84 NOTE
r-release-osx-x86_64 1.2 NOTE
r-release-windows-ix86+x86_64 1.2 10.00 54.00 64.00 NOTE
r-oldrel-osx-x86_64 1.2 NOTE
r-oldrel-windows-ix86+x86_64 1.2 14.00 87.00 101.00 NOTE

Check Details

Version: 1.2
Check: R code for possible problems
Result: NOTE
    BMAnimalTrack: no visible global function definition for 'nlm'
    BMAnimalTrack: no visible global function definition for 'qnorm'
    dataSim: no visible global function definition for 'rnorm'
    rBBridge: no visible global function definition for 'rnorm'
    rBMotion: no visible global function definition for 'rnorm'
    Undefined global functions or variables:
     nlm qnorm rnorm
    Consider adding
     importFrom("stats", "nlm", "qnorm", "rnorm")
    to your NAMESPACE file.
Flavors: r-devel-linux-x86_64-debian-clang, r-devel-linux-x86_64-debian-gcc, r-devel-linux-x86_64-fedora-clang, r-devel-linux-x86_64-fedora-gcc, r-devel-windows-ix86+x86_64, r-patched-linux-x86_64, r-patched-solaris-x86, r-release-linux-x86_64, r-release-osx-x86_64, r-release-windows-ix86+x86_64, r-oldrel-osx-x86_64, r-oldrel-windows-ix86+x86_64