Last updated on 2022-08-17 20:54:37 CEST.
Flavor | Version | Tinstall | Tcheck | Ttotal | Status | Flags |
---|---|---|---|---|---|---|
r-devel-linux-x86_64-debian-clang | 1.0.0 | 28.54 | 233.19 | 261.73 | NOTE | |
r-devel-linux-x86_64-debian-gcc | 1.0.0 | NOTE | ||||
r-devel-linux-x86_64-fedora-clang | 1.0.0 | 349.39 | NOTE | |||
r-devel-linux-x86_64-fedora-gcc | 1.0.0 | 348.05 | NOTE | |||
r-devel-windows-x86_64 | 1.0.0 | 256.00 | 261.00 | 517.00 | NOTE | |
r-patched-linux-x86_64 | 1.0.0 | 35.86 | 196.11 | 231.97 | OK | |
r-release-linux-x86_64 | 1.0.0 | 23.76 | 203.15 | 226.91 | OK | |
r-release-macos-arm64 | 1.0.0 | 81.00 | OK | |||
r-release-macos-x86_64 | 1.0.0 | 133.00 | OK | |||
r-release-windows-x86_64 | 1.0.0 | 360.00 | 260.00 | 620.00 | OK | |
r-oldrel-macos-arm64 | 1.0.0 | 75.00 | OK | |||
r-oldrel-macos-x86_64 | 1.0.0 | 107.00 | OK | |||
r-oldrel-windows-ix86+x86_64 | 1.0.0 | 56.00 | 256.00 | 312.00 | OK |
Version: 1.0.0
Check: package subdirectories
Result: NOTE
Problems with news in 'NEWS.md':
Cannot extract version info from the following section titles:
Future development plan of the author's life
Future development plan of this package
Explanatory Variables
Flavors: r-devel-linux-x86_64-debian-clang, r-devel-linux-x86_64-debian-gcc, r-devel-linux-x86_64-fedora-clang, r-devel-linux-x86_64-fedora-gcc, r-devel-windows-x86_64
Version: 1.0.0
Check: Rd files
Result: NOTE
checkRd: (-1) check_rhat.Rd:30: Escaped LaTeX specials: \&
checkRd: (-1) snippet_for_BayesianFROC.Rd:22: Escaped LaTeX specials: \$
Flavors: r-devel-linux-x86_64-debian-clang, r-devel-linux-x86_64-debian-gcc, r-devel-linux-x86_64-fedora-clang, r-devel-linux-x86_64-fedora-gcc, r-devel-windows-x86_64
Version: 1.0.0
Check: HTML version of manual
Result: NOTE
Found the following HTML validation problems:
error_MRMC.html:38:14: Warning: nested emphasis <strong>
Flavors: r-devel-linux-x86_64-debian-clang, r-devel-linux-x86_64-debian-gcc, r-devel-linux-x86_64-fedora-clang, r-devel-linux-x86_64-fedora-gcc