CRAN Package Check Results for Package BayesianNetwork

Last updated on 2022-09-27 08:53:11 CEST.

Flavor Version Tinstall Tcheck Ttotal Status Flags
r-devel-linux-x86_64-debian-clang 0.1.5 7.99 82.84 90.83 NOTE
r-devel-linux-x86_64-debian-gcc 0.1.5 7.82 61.97 69.79 NOTE
r-devel-linux-x86_64-fedora-clang 0.1.5 129.51 NOTE
r-devel-linux-x86_64-fedora-gcc 0.1.5 120.98 NOTE
r-devel-windows-x86_64 0.1.5 23.00 116.00 139.00 NOTE
r-patched-linux-x86_64 0.1.5 8.01 78.17 86.18 NOTE
r-release-linux-x86_64 0.1.5 7.62 77.65 85.27 NOTE
r-release-macos-arm64 0.1.5 43.00 NOTE
r-release-macos-x86_64 0.1.5 66.00 NOTE
r-release-windows-x86_64 0.1.5 40.00 112.00 152.00 NOTE
r-oldrel-macos-arm64 0.1.5 39.00 NOTE
r-oldrel-macos-x86_64 0.1.5 64.00 NOTE
r-oldrel-windows-ix86+x86_64 0.1.5 26.00 111.00 137.00 NOTE

Check Details

Version: 0.1.5
Check: LazyData
Result: NOTE
     'LazyData' is specified without a 'data' directory
Flavors: r-devel-linux-x86_64-debian-clang, r-devel-linux-x86_64-debian-gcc, r-devel-linux-x86_64-fedora-clang, r-devel-linux-x86_64-fedora-gcc, r-devel-windows-x86_64, r-patched-linux-x86_64, r-release-linux-x86_64, r-release-macos-arm64, r-release-macos-x86_64, r-release-windows-x86_64, r-oldrel-macos-arm64, r-oldrel-macos-x86_64, r-oldrel-windows-ix86+x86_64

Version: 0.1.5
Check: dependencies in R code
Result: NOTE
    Namespaces in Imports field not imported from:
     ‘shinytest’ ‘testthat’
     All declared Imports should be used.
Flavors: r-devel-linux-x86_64-fedora-clang, r-devel-linux-x86_64-fedora-gcc, r-release-macos-arm64, r-release-macos-x86_64, r-oldrel-macos-arm64, r-oldrel-macos-x86_64