Last updated on 2023-11-28 10:53:21 CET.
Flavor | Version | Tinstall | Tcheck | Ttotal | Status | Flags |
---|---|---|---|---|---|---|
r-devel-linux-x86_64-debian-clang | 1.2.2 | 373.71 | 235.52 | 609.23 | NOTE | |
r-devel-linux-x86_64-debian-gcc | 1.2.2 | 249.89 | 193.69 | 443.58 | NOTE | |
r-devel-linux-x86_64-fedora-clang | 1.2.2 | 757.13 | NOTE | |||
r-devel-linux-x86_64-fedora-gcc | 1.2.2 | 956.26 | NOTE | |||
r-devel-windows-x86_64 | 1.2.2 | 247.00 | 221.00 | 468.00 | NOTE | |
r-patched-linux-x86_64 | 1.2.2 | 302.84 | 246.15 | 548.99 | NOTE | |
r-release-linux-x86_64 | 1.2.2 | 311.22 | 247.31 | 558.53 | NOTE | |
r-release-macos-arm64 | 1.2.2 | 131.00 | NOTE | |||
r-release-macos-x86_64 | 1.2.2 | 218.00 | NOTE | |||
r-release-windows-x86_64 | 1.2.2 | 283.00 | 278.00 | 561.00 | NOTE | |
r-oldrel-macos-arm64 | 1.2.2 | 136.00 | NOTE | |||
r-oldrel-macos-x86_64 | 1.2.1 | 398.00 | NOTE | |||
r-oldrel-windows-x86_64 | 1.2.2 | 328.00 | 273.00 | 601.00 | NOTE |
Version: 1.2.2
Check: for GNU extensions in Makefiles
Result: NOTE
GNU make is a SystemRequirements.
Flavors: r-devel-linux-x86_64-debian-clang, r-devel-linux-x86_64-debian-gcc, r-devel-linux-x86_64-fedora-clang, r-devel-linux-x86_64-fedora-gcc, r-devel-windows-x86_64, r-patched-linux-x86_64, r-release-linux-x86_64, r-release-macos-arm64, r-release-macos-x86_64, r-release-windows-x86_64, r-oldrel-macos-arm64, r-oldrel-windows-x86_64
Version: 1.2.2
Check: installed package size
Result: NOTE
installed size is 7.9Mb
sub-directories of 1Mb or more:
data 1.3Mb
help 1.9Mb
libs 3.6Mb
Flavors: r-devel-linux-x86_64-fedora-clang, r-devel-windows-x86_64, r-release-macos-arm64, r-release-macos-x86_64, r-release-windows-x86_64, r-oldrel-macos-arm64, r-oldrel-windows-x86_64
Version: 1.2.1
Check: installed package size
Result: NOTE
installed size is 62.0Mb
sub-directories of 1Mb or more:
data 1.3Mb
help 1.8Mb
libs 57.8Mb
Flavor: r-oldrel-macos-x86_64
Version: 1.2.1
Check: for GNU extensions in Makefiles
Result: NOTE
GNU make is a SystemRequirements.
Flavor: r-oldrel-macos-x86_64