CRAN Package Check Results for Package Bayesrel

Last updated on 2022-10-05 23:25:24 CEST.

Flavor Version Tinstall Tcheck Ttotal Status Flags
r-devel-linux-x86_64-debian-clang 0.7.4.3 110.84 80.98 191.82 OK
r-devel-linux-x86_64-debian-gcc 0.7.4.3 87.14 59.34 146.48 OK
r-devel-linux-x86_64-fedora-clang 0.7.4.3 294.20 WARN
r-devel-linux-x86_64-fedora-gcc 0.7.4.3 252.70 WARN
r-devel-windows-x86_64 0.7.4.3 120.00 124.00 244.00 OK
r-patched-linux-x86_64 0.7.4.3 87.74 75.88 163.62 OK
r-release-linux-x86_64 0.7.4.3 92.99 76.05 169.04 OK
r-release-macos-arm64 0.7.4.3 61.00 OK
r-release-macos-x86_64 0.7.4.3 85.00 OK
r-release-windows-x86_64 0.7.4.3 119.00 128.00 247.00 OK
r-oldrel-macos-arm64 0.7.4.3 60.00 OK
r-oldrel-macos-x86_64 0.7.4.3 93.00 OK
r-oldrel-windows-ix86+x86_64 0.7.4.3 267.00 160.00 427.00 OK

Check Details

Version: 0.7.4.3
Check: whether package can be installed
Result: WARN
    Found the following significant warnings:
     ../include/declarations.h:259:17: warning: a function declaration without a prototype is deprecated in all versions of C [-Wstrict-prototypes]
     ../include/declarations.h:260:17: warning: a function declaration without a prototype is deprecated in all versions of C [-Wstrict-prototypes]
     ../include/declarations.h:261:16: warning: a function declaration without a prototype is deprecated in all versions of C [-Wstrict-prototypes]
     ../include/declarations.h:262:15: warning: a function declaration without a prototype is deprecated in all versions of C [-Wstrict-prototypes]
     ../include/declarations.h:263:15: warning: a function declaration without a prototype is deprecated in all versions of C [-Wstrict-prototypes]
     ../include/declarations.h:264:15: warning: a function declaration without a prototype is deprecated in all versions of C [-Wstrict-prototypes]
     ../include/declarations.h:265:14: warning: a function declaration without a prototype is deprecated in all versions of C [-Wstrict-prototypes]
     ../include/declarations.h:266:15: warning: a function declaration without a prototype is deprecated in all versions of C [-Wstrict-prototypes]
     ../include/declarations.h:267:15: warning: a function declaration without a prototype is deprecated in all versions of C [-Wstrict-prototypes]
     ../include/declarations.h:294:16: warning: a function declaration without a prototype is deprecated in all versions of C [-Wstrict-prototypes]
     ../include/declarations.h:295:16: warning: a function declaration without a prototype is deprecated in all versions of C [-Wstrict-prototypes]
     ../include/declarations.h:296:16: warning: a function declaration without a prototype is deprecated in all versions of C [-Wstrict-prototypes]
     ../include/declarations.h:297:16: warning: a function declaration without a prototype is deprecated in all versions of C [-Wstrict-prototypes]
     readprob.c:12:25: warning: a function declaration without a prototype is deprecated in all versions of C [-Wstrict-prototypes]
     readprob.c:13:13: warning: a function declaration without a prototype is deprecated in all versions of C [-Wstrict-prototypes]
     readprob.c:14:20: warning: a function declaration without a prototype is deprecated in all versions of C [-Wstrict-prototypes]
     readprob.c:15:16: warning: a function declaration without a prototype is deprecated in all versions of C [-Wstrict-prototypes]
     readprob.c:16:14: warning: a function declaration without a prototype is deprecated in all versions of C [-Wstrict-prototypes]
     readsol.c:9:25: warning: a function declaration without a prototype is deprecated in all versions of C [-Wstrict-prototypes]
Flavor: r-devel-linux-x86_64-fedora-clang

Version: 0.7.4.3
Check: whether package can be installed
Result: WARN
    Found the following significant warnings:
     ../include/declarations.h:259:25: warning: function declaration isn’t a prototype [-Wstrict-prototypes]
     ../include/declarations.h:260:25: warning: function declaration isn’t a prototype [-Wstrict-prototypes]
     ../include/declarations.h:261:25: warning: function declaration isn’t a prototype [-Wstrict-prototypes]
     ../include/declarations.h:262:25: warning: function declaration isn’t a prototype [-Wstrict-prototypes]
     ../include/declarations.h:263:25: warning: function declaration isn’t a prototype [-Wstrict-prototypes]
     ../include/declarations.h:264:25: warning: function declaration isn’t a prototype [-Wstrict-prototypes]
     ../include/declarations.h:265:25: warning: function declaration isn’t a prototype [-Wstrict-prototypes]
     ../include/declarations.h:266:25: warning: function declaration isn’t a prototype [-Wstrict-prototypes]
     ../include/declarations.h:267:25: warning: function declaration isn’t a prototype [-Wstrict-prototypes]
     ../include/declarations.h:294:25: warning: function declaration isn’t a prototype [-Wstrict-prototypes]
     ../include/declarations.h:295:25: warning: function declaration isn’t a prototype [-Wstrict-prototypes]
     ../include/declarations.h:296:25: warning: function declaration isn’t a prototype [-Wstrict-prototypes]
     ../include/declarations.h:297:25: warning: function declaration isn’t a prototype [-Wstrict-prototypes]
     readprob.c:12:1: warning: function declaration isn’t a prototype [-Wstrict-prototypes]
     readprob.c:13:1: warning: function declaration isn’t a prototype [-Wstrict-prototypes]
     readprob.c:14:1: warning: function declaration isn’t a prototype [-Wstrict-prototypes]
     readprob.c:15:1: warning: function declaration isn’t a prototype [-Wstrict-prototypes]
     readprob.c:16:1: warning: function declaration isn’t a prototype [-Wstrict-prototypes]
     readprob.c:755:6: warning: function declaration isn’t a prototype [-Wstrict-prototypes]
     readprob.c:771:5: warning: function declaration isn’t a prototype [-Wstrict-prototypes]
     readprob.c:814:5: warning: function declaration isn’t a prototype [-Wstrict-prototypes]
     readprob.c:841:6: warning: function declaration isn’t a prototype [-Wstrict-prototypes]
     readprob.c:932:6: warning: function declaration isn’t a prototype [-Wstrict-prototypes]
     readsol.c:9:1: warning: function declaration isn’t a prototype [-Wstrict-prototypes]
     chol.c:12:5: warning: function declaration isn’t a prototype [-Wstrict-prototypes]
     chol.c:59:5: warning: function declaration isn’t a prototype [-Wstrict-prototypes]
     qreig.c:10:6: warning: function declaration isn’t a prototype [-Wstrict-prototypes]
Flavor: r-devel-linux-x86_64-fedora-gcc