CRAN Package Check Results for Package Bayesthresh

Last updated on 2014-04-20 17:46:53.

Flavor Version Tinstall Tcheck Ttotal Status Flags
r-devel-linux-x86_64-debian-clang 2.0.1 6.15 63.25 69.40 NOTE
r-devel-linux-x86_64-debian-gcc 2.0.1 6.43 61.61 68.04 NOTE
r-devel-linux-x86_64-fedora-clang 2.0.1 155.95 NOTE
r-devel-linux-x86_64-fedora-gcc 2.0.1 151.61 NOTE
r-devel-macosx-x86_64-clang 2.0.1 126.14 NOTE
r-devel-macosx-x86_64-gcc 2.0.1 NOTE
r-devel-windows-ix86+x86_64 2.0.1 19.00 102.00 121.00 NOTE
r-patched-linux-x86_64 2.0.1 6.16 63.12 69.28 NOTE
r-patched-solaris-sparc 2.0.1 830.80 NOTE
r-patched-solaris-x86 2.0.1 190.10 NOTE
r-release-linux-ix86 NOTE
r-release-linux-x86_64 2.0.1 6.19 62.87 69.06 NOTE
r-release-macosx-x86_64 2.0.1 ERROR
r-release-windows-ix86+x86_64 2.0.1 24.00 154.00 178.00 NOTE
r-oldrel-windows-ix86+x86_64 2.0.1 19.00 108.00 127.00 NOTE

Check Details

Version: 2.0.1
Check: package dependencies
Result: NOTE
    Depends: includes the non-default packages:
     ‘lme4’ ‘MASS’ ‘VGAM’ ‘mvtnorm’ ‘matrixcalc’ ‘coda’
    Adding so many packages to the search path is excessive and importing
    selectively is preferable.
Flavors: r-devel-linux-x86_64-debian-clang, r-devel-linux-x86_64-debian-gcc, r-devel-linux-x86_64-fedora-clang, r-devel-linux-x86_64-fedora-gcc, r-devel-macosx-x86_64-clang, r-devel-macosx-x86_64-gcc, r-devel-windows-ix86+x86_64, r-patched-linux-x86_64, r-patched-solaris-sparc, r-patched-solaris-x86, r-release-linux-ix86, r-release-linux-x86_64, r-release-macosx-x86_64, r-release-windows-ix86+x86_64

Version: 2.0.1
Check: dependencies in R code
Result: NOTE
    Packages in Depends field not imported from:
     ‘MASS’ ‘VGAM’ ‘coda’ ‘lme4’ ‘matrixcalc’ ‘mvtnorm’
     These packages need to be imported from (in the NAMESPACE file)
     for when this namespace is loaded but not attached.
    See the information on DESCRIPTION files in the chapter ‘Creating R
    packages’ of the ‘Writing R Extensions’ manual.
Flavors: r-devel-linux-x86_64-debian-clang, r-devel-linux-x86_64-debian-gcc, r-devel-linux-x86_64-fedora-clang, r-devel-linux-x86_64-fedora-gcc, r-devel-macosx-x86_64-clang, r-devel-macosx-x86_64-gcc, r-devel-windows-ix86+x86_64, r-patched-linux-x86_64, r-patched-solaris-sparc, r-patched-solaris-x86, r-release-linux-ix86, r-release-linux-x86_64, r-release-windows-ix86+x86_64, r-oldrel-windows-ix86+x86_64

Version: 2.0.1
Check: Rd line widths
Result: NOTE
    Rd file 'Bayesthresh.Rd':
     \examples lines wider than 100 characters:
     ... [TRUNCATED]
    
    Rd file 'MCMCsample.Rd':
     \examples lines wider than 100 characters:
     ... [TRUNCATED]
    
    Rd file 'coef.Bayesthresh.Rd':
     \examples lines wider than 100 characters:
     ... [TRUNCATED]
     ... [TRUNCATED]
    
    Rd file 'compVar.Rd':
     \examples lines wider than 100 characters:
     ... [TRUNCATED]
    
    Rd file 'plot.random.effects.Rd':
     \usage lines wider than 90 characters:
     xlim = NULL, ylim = NULL, pch=19, col.points='red', col.seg=gray(0.5), ...)
     \examples lines wider than 100 characters:
     ... [TRUNCATED]
    
    Rd file 'predict.Bayesthresh.Rd':
     \examples lines wider than 100 characters:
     ... [TRUNCATED]
    
    Rd file 'random.effects.Rd':
     \examples lines wider than 100 characters:
     ... [TRUNCATED]
    
    These lines will be truncated in the PDF manual.
Flavors: r-devel-linux-x86_64-fedora-clang, r-devel-linux-x86_64-fedora-gcc

Version: 2.0.1
Check: R code for possible problems
Result: NOTE
    Error: package ‘lattice’ could not be loaded
    Call sequence:
    5: stop(gettextf("package %s could not be loaded", sQuote(pkg)),
     call. = FALSE, domain = NA)
    4: .getRequiredPackages2(pkgInfo, quietly = quietly)
    3: library(pkg, character.only = TRUE, logical.return = TRUE, lib.loc = lib.loc)
    2: .getRequiredPackages2(pkgInfo, quietly = quietly)
    1: library(package, lib.loc = lib.loc, character.only = TRUE, verbose = FALSE)
    Execution halted
Flavor: r-release-macosx-x86_64

Version: 2.0.1
Check: for missing documentation entries
Result: ERROR
    Error: package ‘lattice’ could not be loaded
    Call sequence:
    5: stop(gettextf("package %s could not be loaded", sQuote(pkg)),
     call. = FALSE, domain = NA)
    4: .getRequiredPackages2(pkgInfo, quietly = quietly)
    3: library(pkg, character.only = TRUE, logical.return = TRUE, lib.loc = lib.loc)
    2: .getRequiredPackages2(pkgInfo, quietly = quietly)
    1: library(package, lib.loc = lib.loc, character.only = TRUE, verbose = FALSE)
    Execution halted
Flavor: r-release-macosx-x86_64