CRAN Package Check Results for Package Bayesthresh

Last updated on 2015-04-27 11:48:32.

Flavor Version Tinstall Tcheck Ttotal Status Flags
r-devel-linux-x86_64-debian-clang 2.0.1 4.62 44.41 49.03 NOTE
r-devel-linux-x86_64-debian-gcc 2.0.1 4.48 42.53 47.01 NOTE
r-devel-linux-x86_64-fedora-clang 2.0.1 103.76 NOTE
r-devel-linux-x86_64-fedora-gcc 2.0.1 101.34 NOTE
r-devel-osx-x86_64-clang 2.0.1 82.90 NOTE
r-devel-windows-ix86+x86_64 2.0.1 15.00 79.00 94.00 NOTE
r-patched-linux-x86_64 2.0.1 4.46 42.02 46.48 NOTE
r-patched-solaris-sparc 2.0.1 608.50 NOTE
r-patched-solaris-x86 2.0.1 129.70 NOTE
r-release-linux-x86_64 2.0.1 4.54 42.07 46.62 NOTE
r-release-osx-x86_64-mavericks 2.0.1 NOTE
r-release-osx-x86_64-snowleopard 2.0.1 NOTE
r-release-windows-ix86+x86_64 2.0.1 21.00 107.00 128.00 NOTE
r-oldrel-windows-ix86+x86_64 2.0.1 19.00 101.00 120.00 NOTE

Check Details

Version: 2.0.1
Check: package dependencies
Result: NOTE
    Depends: includes the non-default packages:
     ‘lme4’ ‘MASS’ ‘VGAM’ ‘mvtnorm’ ‘matrixcalc’ ‘coda’
    Adding so many packages to the search path is excessive and importing
    selectively is preferable.
Flavors: r-devel-linux-x86_64-debian-clang, r-devel-linux-x86_64-debian-gcc, r-devel-linux-x86_64-fedora-clang, r-devel-linux-x86_64-fedora-gcc, r-devel-osx-x86_64-clang, r-devel-windows-ix86+x86_64, r-patched-solaris-sparc, r-patched-solaris-x86, r-release-linux-x86_64, r-release-osx-x86_64-mavericks, r-release-osx-x86_64-snowleopard, r-release-windows-ix86+x86_64, r-oldrel-windows-ix86+x86_64

Version: 2.0.1
Check: dependencies in R code
Result: NOTE
    Packages in Depends field not imported from:
     ‘MASS’ ‘VGAM’ ‘coda’ ‘lme4’ ‘matrixcalc’ ‘mvtnorm’
     These packages need to be imported from (in the NAMESPACE file)
     for when this namespace is loaded but not attached.
Flavors: r-devel-linux-x86_64-debian-clang, r-devel-linux-x86_64-debian-gcc, r-devel-linux-x86_64-fedora-clang, r-devel-linux-x86_64-fedora-gcc, r-devel-osx-x86_64-clang, r-devel-windows-ix86+x86_64, r-patched-solaris-sparc, r-patched-solaris-x86, r-release-linux-x86_64, r-release-osx-x86_64-mavericks, r-release-osx-x86_64-snowleopard, r-release-windows-ix86+x86_64, r-oldrel-windows-ix86+x86_64

Version: 2.0.1
Check: R code for possible problems
Result: NOTE
    ACGaussian: no visible global function definition for ‘ginv’
    ACGaussian: no visible global function definition for ‘rmvnorm’
    ACt: no visible global function definition for ‘ginv’
    ACt: no visible global function definition for ‘rmvnorm’
    MCGaussian: no visible global function definition for ‘ginv’
    MCGaussian: no visible global function definition for ‘rmvnorm’
    MCGaussian: no visible global function definition for ‘vec’
    MCt: no visible global function definition for ‘ginv’
    MCt: no visible global function definition for ‘rmvnorm’
    MCt: no visible global function definition for ‘vec’
    NCGaussian: no visible global function definition for ‘ginv’
    NCGaussian: no visible global function definition for ‘rmvnorm’
    NCGaussian: no visible global function definition for ‘rdiric’
    NCt: no visible global function definition for ‘ginv’
    NCt: no visible global function definition for ‘rmvnorm’
    NCt: no visible global function definition for ‘rdiric’
    coef.Bayesthresh: no visible global function definition for ‘mcmc’
    lmerFactorList : <anonymous>: no visible binding for global variable
     ‘rBind’
    lmerFactorList : <anonymous>: no visible global function definition for
     ‘drop0’
    mkZt: no visible binding for global variable ‘rBind’
    predict.Bayesthresh: no visible global function definition for
     ‘rankMatrix’
    random.effects: no visible global function definition for ‘mcmc’
Flavors: r-devel-linux-x86_64-debian-clang, r-devel-linux-x86_64-debian-gcc, r-devel-linux-x86_64-fedora-clang, r-devel-linux-x86_64-fedora-gcc, r-devel-osx-x86_64-clang, r-devel-windows-ix86+x86_64, r-patched-solaris-sparc, r-patched-solaris-x86, r-release-linux-x86_64, r-release-osx-x86_64-mavericks, r-release-osx-x86_64-snowleopard, r-release-windows-ix86+x86_64, r-oldrel-windows-ix86+x86_64

Version: 2.0.1
Check: Rd line widths
Result: NOTE
    Rd file 'Bayesthresh.Rd':
     \examples lines wider than 100 characters:
     ... [TRUNCATED]
    
    Rd file 'MCMCsample.Rd':
     \examples lines wider than 100 characters:
     ... [TRUNCATED]
    
    Rd file 'coef.Bayesthresh.Rd':
     \examples lines wider than 100 characters:
     ... [TRUNCATED]
     ... [TRUNCATED]
    
    Rd file 'compVar.Rd':
     \examples lines wider than 100 characters:
     ... [TRUNCATED]
    
    Rd file 'plot.random.effects.Rd':
     \usage lines wider than 90 characters:
     xlim = NULL, ylim = NULL, pch=19, col.points='red', col.seg=gray(0.5), ...)
     \examples lines wider than 100 characters:
     ... [TRUNCATED]
    
    Rd file 'predict.Bayesthresh.Rd':
     \examples lines wider than 100 characters:
     ... [TRUNCATED]
    
    Rd file 'random.effects.Rd':
     \examples lines wider than 100 characters:
     ... [TRUNCATED]
    
    These lines will be truncated in the PDF manual.
Flavors: r-devel-linux-x86_64-debian-clang, r-devel-linux-x86_64-debian-gcc, r-devel-linux-x86_64-fedora-clang, r-devel-linux-x86_64-fedora-gcc, r-release-linux-x86_64