CRAN Package Check Results for Package BaylorEdPsych

Last updated on 2017-10-23 11:48:15.

Flavor Version Tinstall Tcheck Ttotal Status Flags
r-devel-linux-x86_64-debian-clang 0.5 2.62 11.50 14.12 NOTE
r-devel-linux-x86_64-debian-gcc 0.5 0.78 13.58 14.36 NOTE
r-devel-linux-x86_64-fedora-clang 0.5 20.40 NOTE
r-devel-linux-x86_64-fedora-gcc 0.5 20.62 NOTE
r-devel-windows-ix86+x86_64 0.5 4.00 36.00 40.00 NOTE
r-patched-linux-x86_64 0.5 0.63 11.45 12.07 NOTE
r-patched-solaris-x86 0.5 30.10 NOTE
r-release-linux-x86_64 0.5 0.71 11.72 12.43 NOTE
r-release-windows-ix86+x86_64 0.5 3.00 29.00 32.00 NOTE
r-release-osx-x86_64 0.5 NOTE
r-oldrel-windows-ix86+x86_64 0.5 2.00 28.00 30.00 NOTE
r-oldrel-osx-x86_64 0.5 NOTE

Check Details

Version: 0.5
Check: DESCRIPTION meta-information
Result: NOTE
    Malformed Description field: should contain one or more complete sentences.
Flavors: r-devel-linux-x86_64-debian-clang, r-devel-linux-x86_64-debian-gcc, r-devel-linux-x86_64-fedora-clang, r-devel-linux-x86_64-fedora-gcc, r-devel-windows-ix86+x86_64, r-patched-linux-x86_64, r-patched-solaris-x86, r-release-linux-x86_64, r-release-windows-ix86+x86_64, r-release-osx-x86_64, r-oldrel-windows-ix86+x86_64, r-oldrel-osx-x86_64

Version: 0.5
Check: dependencies in R code
Result: NOTE
    'library' or 'require' call to ‘mvnmle’ in package code.
     Please use :: or requireNamespace() instead.
     See section 'Suggested packages' in the 'Writing R Extensions' manual.
Flavors: r-devel-linux-x86_64-debian-clang, r-devel-linux-x86_64-debian-gcc, r-devel-linux-x86_64-fedora-clang, r-devel-linux-x86_64-fedora-gcc, r-devel-windows-ix86+x86_64, r-patched-linux-x86_64, r-patched-solaris-x86, r-release-linux-x86_64, r-release-windows-ix86+x86_64, r-release-osx-x86_64, r-oldrel-windows-ix86+x86_64, r-oldrel-osx-x86_64

Version: 0.5
Check: R code for possible problems
Result: NOTE
    BilogData: no visible global function definition for ‘write.table’
    CohensD.rawData: no visible global function definition for ‘var’
    EtaSq: no visible global function definition for ‘summary.aov’
    HedgesG.rawData: no visible global function definition for ‘var’
    LittleMCAR: no visible global function definition for ‘mlest’
    LittleMCAR: no visible global function definition for ‘pchisq’
    PseudoR2: no visible global function definition for ‘predict’
    Undefined global functions or variables:
     mlest pchisq predict summary.aov var write.table
    Consider adding
     importFrom("stats", "pchisq", "predict", "summary.aov", "var")
     importFrom("utils", "write.table")
    to your NAMESPACE file.
Flavors: r-devel-linux-x86_64-debian-clang, r-devel-linux-x86_64-debian-gcc, r-devel-linux-x86_64-fedora-clang, r-devel-linux-x86_64-fedora-gcc, r-devel-windows-ix86+x86_64, r-patched-linux-x86_64, r-patched-solaris-x86, r-release-linux-x86_64, r-release-windows-ix86+x86_64, r-release-osx-x86_64, r-oldrel-windows-ix86+x86_64, r-oldrel-osx-x86_64