CRAN Package Check Results for Package BaylorEdPsych

Last updated on 2017-04-23 23:50:50.

Flavor Version Tinstall Tcheck Ttotal Status Flags
r-devel-linux-x86_64-debian-clang 0.5 0.72 11.50 12.22 NOTE
r-devel-linux-x86_64-debian-gcc 0.5 0.70 11.31 12.00 NOTE
r-devel-linux-x86_64-fedora-clang 0.5 20.50 NOTE --no-stop-on-test-error
r-devel-linux-x86_64-fedora-gcc 0.5 19.58 NOTE --no-stop-on-test-error
r-devel-windows-ix86+x86_64 0.5 2.00 29.00 31.00 NOTE
r-patched-linux-x86_64 0.5 0.71 11.18 11.89 NOTE
r-patched-solaris-sparc 0.5 125.50 NOTE
r-patched-solaris-x86 0.5 29.20 NOTE
r-release-linux-x86_64 0.5 0.62 11.02 11.64 NOTE
r-release-windows-ix86+x86_64 0.5 3.00 27.00 30.00 NOTE
r-release-osx-x86_64 0.5 NOTE
r-oldrel-windows-ix86+x86_64 0.5 2.00 28.00 30.00 NOTE
r-oldrel-osx-x86_64 0.5 NOTE

Check Details

Version: 0.5
Check: DESCRIPTION meta-information
Result: NOTE
    Malformed Description field: should contain one or more complete sentences.
Flavors: r-devel-linux-x86_64-debian-clang, r-devel-linux-x86_64-debian-gcc, r-devel-windows-ix86+x86_64, r-patched-linux-x86_64, r-patched-solaris-sparc, r-patched-solaris-x86, r-release-linux-x86_64, r-release-windows-ix86+x86_64, r-release-osx-x86_64, r-oldrel-windows-ix86+x86_64, r-oldrel-osx-x86_64

Version: 0.5
Check: dependencies in R code
Result: NOTE
    'library' or 'require' call to ‘mvnmle’ in package code.
     Please use :: or requireNamespace() instead.
     See section 'Suggested packages' in the 'Writing R Extensions' manual.
Flavors: r-devel-linux-x86_64-debian-clang, r-devel-linux-x86_64-debian-gcc, r-devel-windows-ix86+x86_64, r-patched-linux-x86_64, r-patched-solaris-sparc, r-patched-solaris-x86, r-release-linux-x86_64, r-release-windows-ix86+x86_64, r-release-osx-x86_64, r-oldrel-windows-ix86+x86_64, r-oldrel-osx-x86_64

Version: 0.5
Check: R code for possible problems
Result: NOTE
    BilogData: no visible global function definition for ‘write.table’
    CohensD.rawData: no visible global function definition for ‘var’
    EtaSq: no visible global function definition for ‘summary.aov’
    HedgesG.rawData: no visible global function definition for ‘var’
    LittleMCAR: no visible global function definition for ‘mlest’
    LittleMCAR: no visible global function definition for ‘pchisq’
    PseudoR2: no visible global function definition for ‘predict’
    Undefined global functions or variables:
     mlest pchisq predict summary.aov var write.table
    Consider adding
     importFrom("stats", "pchisq", "predict", "summary.aov", "var")
     importFrom("utils", "write.table")
    to your NAMESPACE file.
Flavors: r-devel-linux-x86_64-debian-clang, r-devel-linux-x86_64-debian-gcc, r-devel-windows-ix86+x86_64, r-patched-linux-x86_64, r-patched-solaris-sparc, r-patched-solaris-x86, r-release-linux-x86_64, r-release-windows-ix86+x86_64, r-release-osx-x86_64, r-oldrel-windows-ix86+x86_64, r-oldrel-osx-x86_64

Version: 0.5
Flags: --no-stop-on-test-error
Check: DESCRIPTION meta-information
Result: NOTE
    Malformed Description field: should contain one or more complete sentences.
Flavors: r-devel-linux-x86_64-fedora-clang, r-devel-linux-x86_64-fedora-gcc

Version: 0.5
Flags: --no-stop-on-test-error
Check: dependencies in R code
Result: NOTE
    'library' or 'require' call to ‘mvnmle’ in package code.
     Please use :: or requireNamespace() instead.
     See section 'Suggested packages' in the 'Writing R Extensions' manual.
Flavors: r-devel-linux-x86_64-fedora-clang, r-devel-linux-x86_64-fedora-gcc

Version: 0.5
Flags: --no-stop-on-test-error
Check: R code for possible problems
Result: NOTE
    BilogData: no visible global function definition for ‘write.table’
    CohensD.rawData: no visible global function definition for ‘var’
    EtaSq: no visible global function definition for ‘summary.aov’
    HedgesG.rawData: no visible global function definition for ‘var’
    LittleMCAR: no visible global function definition for ‘mlest’
    LittleMCAR: no visible global function definition for ‘pchisq’
    PseudoR2: no visible global function definition for ‘predict’
    Undefined global functions or variables:
     mlest pchisq predict summary.aov var write.table
    Consider adding
     importFrom("stats", "pchisq", "predict", "summary.aov", "var")
     importFrom("utils", "write.table")
    to your NAMESPACE file.
Flavors: r-devel-linux-x86_64-fedora-clang, r-devel-linux-x86_64-fedora-gcc