CRAN Package Check Results for Package BaylorEdPsych

Last updated on 2016-06-26 05:46:41.

Flavor Version Tinstall Tcheck Ttotal Status Flags
r-devel-linux-x86_64-debian-gcc 0.5 0.63 10.35 10.98 NOTE
r-devel-linux-x86_64-fedora-clang 0.5 17.51 NOTE
r-devel-linux-x86_64-fedora-gcc 0.5 16.05 NOTE
r-devel-osx-x86_64-clang 0.5 15.94 NOTE
r-devel-windows-ix86+x86_64 0.5 4.00 30.00 34.00 NOTE
r-patched-linux-x86_64 0.5 0.68 10.37 11.04 NOTE
r-patched-solaris-sparc 0.5 110.90 NOTE
r-patched-solaris-x86 0.5 26.00 NOTE
r-release-linux-x86_64 0.5 0.69 10.34 11.03 NOTE
r-release-osx-x86_64-mavericks 0.5 NOTE
r-release-windows-ix86+x86_64 0.5 4.00 41.00 45.00 NOTE
r-oldrel-windows-ix86+x86_64 0.5 3.00 19.00 22.00 NOTE

Check Details

Version: 0.5
Check: DESCRIPTION meta-information
Result: NOTE
    Malformed Description field: should contain one or more complete sentences.
Flavors: r-devel-linux-x86_64-debian-gcc, r-devel-linux-x86_64-fedora-clang, r-devel-linux-x86_64-fedora-gcc, r-devel-osx-x86_64-clang, r-devel-windows-ix86+x86_64, r-patched-linux-x86_64, r-patched-solaris-sparc, r-patched-solaris-x86, r-release-linux-x86_64, r-release-osx-x86_64-mavericks, r-release-windows-ix86+x86_64, r-oldrel-windows-ix86+x86_64

Version: 0.5
Check: dependencies in R code
Result: NOTE
    'library' or 'require' call to ‘mvnmle’ in package code.
     Please use :: or requireNamespace() instead.
     See section 'Suggested packages' in the 'Writing R Extensions' manual.
Flavors: r-devel-linux-x86_64-debian-gcc, r-devel-linux-x86_64-fedora-clang, r-devel-linux-x86_64-fedora-gcc, r-devel-osx-x86_64-clang, r-devel-windows-ix86+x86_64, r-patched-linux-x86_64, r-patched-solaris-sparc, r-patched-solaris-x86, r-release-linux-x86_64, r-release-osx-x86_64-mavericks, r-release-windows-ix86+x86_64, r-oldrel-windows-ix86+x86_64

Version: 0.5
Check: R code for possible problems
Result: NOTE
    BilogData: no visible global function definition for ‘write.table’
    CohensD.rawData: no visible global function definition for ‘var’
    EtaSq: no visible global function definition for ‘summary.aov’
    HedgesG.rawData: no visible global function definition for ‘var’
    LittleMCAR: no visible global function definition for ‘mlest’
    LittleMCAR: no visible global function definition for ‘pchisq’
    PseudoR2: no visible global function definition for ‘predict’
    Undefined global functions or variables:
     mlest pchisq predict summary.aov var write.table
    Consider adding
     importFrom("stats", "pchisq", "predict", "summary.aov", "var")
     importFrom("utils", "write.table")
    to your NAMESPACE file.
Flavors: r-devel-linux-x86_64-debian-gcc, r-devel-linux-x86_64-fedora-clang, r-devel-linux-x86_64-fedora-gcc, r-devel-osx-x86_64-clang, r-devel-windows-ix86+x86_64, r-patched-linux-x86_64, r-patched-solaris-sparc, r-patched-solaris-x86, r-release-linux-x86_64, r-release-osx-x86_64-mavericks, r-release-windows-ix86+x86_64

Version: 0.5
Check: R code for possible problems
Result: NOTE
    LittleMCAR: no visible global function definition for 'mlest'
Flavor: r-oldrel-windows-ix86+x86_64