CRAN Package Check Results for Package BaylorEdPsych

Last updated on 2014-12-21 11:46:29.

Flavor Version Tinstall Tcheck Ttotal Status Flags
r-devel-linux-x86_64-debian-clang 0.5 0.77 10.16 10.93 NOTE
r-devel-linux-x86_64-debian-gcc 0.5 0.60 10.00 10.60 NOTE
r-devel-linux-x86_64-fedora-clang 0.5 22.68 NOTE
r-devel-linux-x86_64-fedora-gcc 0.5 21.73 NOTE
r-devel-osx-x86_64-clang 0.5 24.24 NOTE
r-devel-windows-ix86+x86_64 0.5 5.00 23.00 28.00 NOTE
r-patched-linux-x86_64 0.5 0.63 10.08 10.71 NOTE
r-patched-solaris-sparc 0.5 128.10 NOTE
r-patched-solaris-x86 0.5 32.70 NOTE
r-release-linux-ix86 0.5 0.92 15.63 16.55 NOTE
r-release-linux-x86_64 0.5 0.66 11.06 11.72 NOTE
r-release-osx-x86_64-mavericks 0.5 OK
r-release-windows-ix86+x86_64 0.5 2.00 17.00 19.00 NOTE
r-oldrel-windows-ix86+x86_64 0.5 2.00 19.00 21.00 OK

Check Details

Version: 0.5
Check: R code for possible problems
Result: NOTE
    LittleMCAR: no visible global function definition for ‘mlest’
Flavors: r-devel-linux-x86_64-debian-clang, r-devel-linux-x86_64-debian-gcc, r-devel-linux-x86_64-fedora-clang, r-devel-linux-x86_64-fedora-gcc, r-devel-osx-x86_64-clang, r-devel-windows-ix86+x86_64, r-patched-linux-x86_64, r-patched-solaris-sparc, r-patched-solaris-x86, r-release-linux-ix86, r-release-linux-x86_64, r-release-windows-ix86+x86_64