CRAN Package Check Results for Package BaylorEdPsych

Last updated on 2015-03-28 11:49:08.

Flavor Version Tinstall Tcheck Ttotal Status Flags
r-devel-linux-x86_64-debian-clang 0.5 0.61 10.04 10.65 NOTE
r-devel-linux-x86_64-debian-gcc 0.5 0.62 9.49 10.11 NOTE
r-devel-linux-x86_64-fedora-clang 0.5 20.57 NOTE
r-devel-linux-x86_64-fedora-gcc 0.5 20.45 NOTE
r-devel-osx-x86_64-clang 0.5 26.09 NOTE
r-prerel-windows-ix86+x86_64 0.5 4.00 15.00 19.00 NOTE
r-prerel-linux-x86_64 0.5 0.59 9.55 10.14 NOTE
r-prerel-solaris-sparc 0.5 134.30 NOTE
r-prerel-solaris-x86 0.5 28.30 NOTE
r-release-linux-x86_64 0.5 0.61 10.94 11.55 NOTE
r-release-osx-x86_64-mavericks 0.5 NOTE
r-release-windows-ix86+x86_64 0.5 4.00 26.00 30.00 NOTE
r-oldrel-windows-ix86+x86_64 0.5 4.00 22.00 26.00 OK

Check Details

Version: 0.5
Check: DESCRIPTION meta-information
Result: NOTE
    Malformed Description field: should contain one or more complete sentences.
Flavors: r-devel-linux-x86_64-debian-clang, r-devel-linux-x86_64-debian-gcc, r-devel-linux-x86_64-fedora-clang, r-devel-linux-x86_64-fedora-gcc, r-devel-osx-x86_64-clang, r-prerel-windows-ix86+x86_64, r-prerel-linux-x86_64, r-prerel-solaris-sparc, r-prerel-solaris-x86

Version: 0.5
Check: dependencies in R code
Result: NOTE
    'library' or 'require' call to ‘mvnmle’ in package code.
     Please use :: or requireNamespace() instead.
     See section 'Suggested packages' in the 'Writing R Extensions' manual.
Flavors: r-devel-linux-x86_64-debian-clang, r-devel-linux-x86_64-debian-gcc, r-devel-linux-x86_64-fedora-clang, r-devel-linux-x86_64-fedora-gcc, r-devel-osx-x86_64-clang, r-prerel-windows-ix86+x86_64, r-prerel-linux-x86_64, r-prerel-solaris-sparc, r-prerel-solaris-x86, r-release-linux-x86_64, r-release-windows-ix86+x86_64

Version: 0.5
Check: R code for possible problems
Result: NOTE
    LittleMCAR: no visible global function definition for ‘mlest’
Flavors: r-devel-linux-x86_64-debian-clang, r-devel-linux-x86_64-debian-gcc, r-devel-linux-x86_64-fedora-clang, r-devel-linux-x86_64-fedora-gcc, r-devel-osx-x86_64-clang, r-prerel-windows-ix86+x86_64, r-prerel-linux-x86_64, r-prerel-solaris-sparc, r-prerel-solaris-x86, r-release-linux-x86_64, r-release-osx-x86_64-mavericks, r-release-windows-ix86+x86_64