CRAN Package Check Results for Package BaylorEdPsych

Last updated on 2014-11-21 19:47:55.

Flavor Version Tinstall Tcheck Ttotal Status Flags
r-devel-linux-x86_64-debian-clang 0.5 0.61 10.47 11.08 NOTE
r-devel-linux-x86_64-debian-gcc 0.5 0.62 10.05 10.67 NOTE
r-devel-linux-x86_64-fedora-clang 0.5 23.98 NOTE
r-devel-linux-x86_64-fedora-gcc 0.5 20.97 NOTE
r-devel-osx-x86_64-clang 0.5 25.05 NOTE
r-devel-windows-ix86+x86_64 0.5 3.00 17.00 20.00 NOTE
r-patched-linux-x86_64 0.5 0.64 10.46 11.10 NOTE
r-patched-solaris-sparc 0.5 128.10 NOTE
r-patched-solaris-x86 0.5 31.50 NOTE
r-release-linux-ix86 0.5 0.92 15.63 16.54 NOTE
r-release-linux-x86_64 0.5 0.62 10.21 10.83 NOTE
r-release-osx-x86_64-mavericks 0.5 OK
r-release-windows-ix86+x86_64 0.5 2.00 17.00 19.00 NOTE
r-oldrel-windows-ix86+x86_64 0.5 2.00 19.00 21.00 OK

Check Details

Version: 0.5
Check: R code for possible problems
Result: NOTE
    LittleMCAR: no visible global function definition for ‘mlest’
Flavors: r-devel-linux-x86_64-debian-clang, r-devel-linux-x86_64-debian-gcc, r-devel-linux-x86_64-fedora-clang, r-devel-linux-x86_64-fedora-gcc, r-devel-osx-x86_64-clang, r-devel-windows-ix86+x86_64, r-patched-linux-x86_64, r-patched-solaris-sparc, r-patched-solaris-x86, r-release-linux-ix86, r-release-linux-x86_64, r-release-windows-ix86+x86_64