CRAN Package Check Results for Package BaylorEdPsych

Last updated on 2014-09-19 13:46:44.

Flavor Version Tinstall Tcheck Ttotal Status Flags
r-devel-linux-x86_64-debian-clang 0.5 0.56 9.81 10.38 NOTE
r-devel-linux-x86_64-debian-gcc 0.5 0.54 9.78 10.32 NOTE
r-devel-linux-x86_64-fedora-clang 0.5 20.80 NOTE
r-devel-linux-x86_64-fedora-gcc 0.5 24.85 NOTE
r-devel-osx-x86_64-clang 0.5 25.36 NOTE
r-devel-windows-ix86+x86_64 0.5 2.00 17.00 19.00 NOTE
r-patched-linux-x86_64 0.5 0.64 10.16 10.81 OK
r-patched-solaris-sparc 0.5 142.40 OK
r-patched-solaris-x86 0.5 30.20 OK
r-release-linux-ix86 0.5 0.91 15.90 16.82 OK
r-release-linux-x86_64 0.5 0.79 10.08 10.87 OK
r-release-osx-x86_64-mavericks 0.5 OK
r-release-windows-ix86+x86_64 0.5 3.00 18.00 21.00 OK
r-oldrel-windows-ix86+x86_64 0.5 2.00 19.00 21.00 OK

Check Details

Version: 0.5
Check: R code for possible problems
Result: NOTE
    LittleMCAR: no visible global function definition for ‘mlest’
Flavors: r-devel-linux-x86_64-debian-clang, r-devel-linux-x86_64-debian-gcc, r-devel-linux-x86_64-fedora-clang, r-devel-linux-x86_64-fedora-gcc, r-devel-osx-x86_64-clang, r-devel-windows-ix86+x86_64