CRAN Package Check Results for Package BaylorEdPsych

Last updated on 2014-04-20 03:47:24.

Flavor Version Tinstall Tcheck Ttotal Status Flags
r-devel-linux-x86_64-debian-clang 0.5 0.63 10.61 11.24 OK
r-devel-linux-x86_64-debian-gcc 0.5 0.66 10.16 10.82 OK
r-devel-linux-x86_64-fedora-clang 0.5 20.97 OK
r-devel-linux-x86_64-fedora-gcc 0.5 19.23 OK
r-devel-macosx-x86_64-clang 0.5 23.90 OK
r-devel-macosx-x86_64-gcc 0.5 NOTE
r-devel-windows-ix86+x86_64 0.5 2.00 18.00 20.00 OK
r-patched-linux-x86_64 0.5 0.69 10.14 10.83 OK
r-patched-solaris-sparc 0.5 118.60 OK
r-patched-solaris-x86 0.5 30.40 OK
r-release-linux-ix86 OK
r-release-linux-x86_64 0.5 0.68 9.98 10.67 OK
r-release-windows-ix86+x86_64 0.5 3.00 24.00 27.00 OK
r-oldrel-windows-ix86+x86_64 0.5 2.00 19.00 21.00 OK

Check Details

Version: 0.5
Check: Rd cross-references
Result: NOTE
    Packages unavailable to check Rd xrefs: ‘irtoys’, ‘mice’
Flavor: r-devel-macosx-x86_64-gcc