CRAN Package Check Results for Package BcDiag

Last updated on 2022-01-24 11:52:51 CET.

Flavor Version Tinstall Tcheck Ttotal Status Flags
r-devel-linux-x86_64-debian-clang 1.0.10 4.65 67.84 72.49 NOTE
r-devel-linux-x86_64-debian-gcc 1.0.10 3.96 53.93 57.89 NOTE
r-devel-linux-x86_64-fedora-clang 1.0.10 91.42 NOTE
r-devel-linux-x86_64-fedora-gcc 1.0.10 84.58 NOTE
r-devel-windows-x86_64-new-UL 1.0.10 21.00 91.00 112.00 OK
r-devel-windows-x86_64-new-TK 1.0.10 OK
r-patched-linux-x86_64 1.0.10 5.78 66.61 72.39 NOTE
r-release-linux-x86_64 1.0.10 4.14 66.99 71.13 NOTE
r-release-macos-arm64 1.0.10 OK
r-release-macos-x86_64 1.0.10 OK
r-release-windows-ix86+x86_64 1.0.10 12.00 86.00 98.00 OK
r-oldrel-macos-x86_64 1.0.10 OK
r-oldrel-windows-ix86+x86_64 1.0.10 12.00 85.00 97.00 OK

Check Details

Version: 1.0.10
Check: for non-standard things in the check directory
Result: NOTE
    Found the following files/directories:
     'fabiabreast.txt'
Flavors: r-devel-linux-x86_64-debian-clang, r-devel-linux-x86_64-debian-gcc, r-devel-linux-x86_64-fedora-clang, r-devel-linux-x86_64-fedora-gcc, r-patched-linux-x86_64, r-release-linux-x86_64