CRAN Package Check Results for Package Bchron

Last updated on 2018-04-26 10:46:32 CEST.

Flavor Version Tinstall Tcheck Ttotal Status Flags
r-devel-linux-x86_64-debian-clang 4.2.7 3.54 117.65 121.19 OK
r-devel-linux-x86_64-debian-gcc 4.2.7 2.85 95.14 97.99 OK
r-devel-linux-x86_64-fedora-clang 4.2.7 160.87 NOTE
r-devel-linux-x86_64-fedora-gcc 4.2.7 151.87 NOTE
r-devel-windows-ix86+x86_64 4.2.7 12.00 182.00 194.00 OK
r-patched-linux-x86_64 4.2.7 3.96 129.73 133.69 OK
r-patched-solaris-x86 4.2.7 193.10 NOTE
r-release-linux-x86_64 4.2.7 2.98 130.01 132.99 OK
r-release-windows-ix86+x86_64 4.2.7 12.00 182.00 194.00 OK
r-release-osx-x86_64 4.2.7 NOTE
r-oldrel-windows-ix86+x86_64 4.2.7 7.00 143.00 150.00 OK
r-oldrel-osx-x86_64 4.2.7 NOTE

Check Details

Version: 4.2.7
Check: dependencies in R code
Result: NOTE
    Namespace in Imports field not imported from: ‘inline’
     All declared Imports should be used.
Flavors: r-devel-linux-x86_64-fedora-clang, r-devel-linux-x86_64-fedora-gcc, r-patched-solaris-x86, r-release-osx-x86_64, r-oldrel-osx-x86_64