CRAN Package Check Results for Package Bchron

Last updated on 2017-08-17 05:48:12.

Flavor Version Tinstall Tcheck Ttotal Status Flags
r-devel-linux-x86_64-debian-clang 4.2.6 1.44 77.49 78.92 NOTE
r-devel-linux-x86_64-debian-gcc 4.2.6 1.34 73.24 74.58 NOTE
r-devel-linux-x86_64-fedora-clang 4.2.6 147.88 NOTE
r-devel-linux-x86_64-fedora-gcc 4.2.6 157.10 NOTE
r-devel-windows-ix86+x86_64 4.2.6 6.00 136.00 142.00 NOTE
r-patched-linux-x86_64 4.2.6 1.43 72.23 73.66 NOTE
r-patched-solaris-x86 4.2.6 150.60 NOTE
r-release-linux-x86_64 4.2.6 1.32 75.41 76.72 NOTE
r-release-windows-ix86+x86_64 4.2.6 7.00 141.00 148.00 NOTE
r-release-osx-x86_64 4.2.6 NOTE
r-oldrel-windows-ix86+x86_64 4.2.6 8.00 121.00 129.00 OK
r-oldrel-osx-x86_64 4.2.6 NOTE

Check Details

Version: 4.2.6
Check: compiled code
Result: NOTE
    File ‘Bchron/libs/Bchron.so’:
     Found no calls to: ‘R_registerRoutines’, ‘R_useDynamicSymbols’
    
    It is good practice to register native routines and to disable symbol
    search.
    
    See ‘Writing portable packages’ in the ‘Writing R Extensions’ manual.
Flavors: r-devel-linux-x86_64-debian-clang, r-devel-linux-x86_64-debian-gcc, r-devel-linux-x86_64-fedora-clang, r-devel-linux-x86_64-fedora-gcc, r-patched-linux-x86_64, r-release-linux-x86_64

Version: 4.2.6
Check: dependencies in R code
Result: NOTE
    Namespace in Imports field not imported from: ‘inline’
     All declared Imports should be used.
Flavors: r-devel-linux-x86_64-fedora-clang, r-devel-linux-x86_64-fedora-gcc, r-patched-solaris-x86, r-release-osx-x86_64, r-oldrel-osx-x86_64

Version: 4.2.6
Check: DESCRIPTION meta-information
Result: NOTE
    NeedsCompilation field should likely be 'yes'
Flavors: r-devel-windows-ix86+x86_64, r-release-windows-ix86+x86_64