CRAN Package Check Results for Package Bchron

Last updated on 2016-12-05 09:50:37.

Flavor Version Tinstall Tcheck Ttotal Status Flags
r-devel-linux-x86_64-debian-clang 4.2.5 1.90 87.58 89.49 OK
r-devel-linux-x86_64-debian-gcc 4.2.5 1.93 90.47 92.39 OK
r-devel-linux-x86_64-fedora-clang 4.2.5 165.14 OK --no-stop-on-test-error
r-devel-linux-x86_64-fedora-gcc 4.2.5 167.89 OK --no-stop-on-test-error
r-devel-macos-x86_64-clang 4.2.5 116.27 OK
r-devel-windows-ix86+x86_64 4.2.5 7.00 194.00 201.00 OK
r-patched-linux-x86_64 4.2.5 1.70 81.10 82.80 OK
r-patched-solaris-sparc 4.2.5 884.00 WARN
r-patched-solaris-x86 4.2.5 156.10 OK
r-release-linux-x86_64 4.2.5 1.96 81.79 83.76 OK
r-release-osx-x86_64-mavericks 4.2.5 OK
r-release-windows-ix86+x86_64 4.2.5 11.00 140.00 151.00 OK
r-oldrel-windows-ix86+x86_64 4.2.5 8.00 152.00 160.00 OK

Check Details

Version: 4.2.5
Check: for missing documentation entries
Result: WARN
    Undocumented data sets:
     ‘intcal09’
    All user-level objects in a package should have documentation entries.
    See chapter ‘Writing R documentation files’ in the ‘Writing R
    Extensions’ manual.
Flavor: r-patched-solaris-sparc