CRAN Package Check Results for Package Bchron

Last updated on 2017-10-18 05:47:29.

Flavor Version Tinstall Tcheck Ttotal Status Flags
r-devel-linux-x86_64-debian-clang 4.2.6 1.44 78.39 79.83 NOTE
r-devel-linux-x86_64-debian-gcc 4.2.6 1.53 78.47 80.00 NOTE
r-devel-linux-x86_64-fedora-clang 4.2.6 144.66 NOTE
r-devel-linux-x86_64-fedora-gcc 4.2.6 144.52 NOTE
r-devel-windows-ix86+x86_64 4.2.6 13.00 122.00 135.00 NOTE
r-patched-linux-x86_64 4.2.6 1.31 74.44 75.75 NOTE
r-patched-solaris-x86 4.2.6 155.40 NOTE
r-release-linux-x86_64 4.2.6 1.41 76.07 77.48 NOTE
r-release-windows-ix86+x86_64 4.2.6 10.00 122.00 132.00 NOTE
r-release-osx-x86_64 4.2.6 NOTE
r-oldrel-windows-ix86+x86_64 4.2.6 9.00 154.00 163.00 OK
r-oldrel-osx-x86_64 4.2.6 NOTE

Check Details

Version: 4.2.6
Check: compiled code
Result: NOTE
    File ‘Bchron/libs/Bchron.so’:
     Found no calls to: ‘R_registerRoutines’, ‘R_useDynamicSymbols’
    
    It is good practice to register native routines and to disable symbol
    search.
    
    See ‘Writing portable packages’ in the ‘Writing R Extensions’ manual.
Flavors: r-devel-linux-x86_64-debian-clang, r-devel-linux-x86_64-debian-gcc, r-devel-linux-x86_64-fedora-clang, r-devel-linux-x86_64-fedora-gcc, r-patched-linux-x86_64, r-release-linux-x86_64

Version: 4.2.6
Check: dependencies in R code
Result: NOTE
    Namespace in Imports field not imported from: ‘inline’
     All declared Imports should be used.
Flavors: r-devel-linux-x86_64-fedora-clang, r-devel-linux-x86_64-fedora-gcc, r-patched-solaris-x86, r-release-osx-x86_64, r-oldrel-osx-x86_64

Version: 4.2.6
Check: DESCRIPTION meta-information
Result: NOTE
    NeedsCompilation field should likely be 'yes'
Flavors: r-devel-windows-ix86+x86_64, r-release-windows-ix86+x86_64