CRAN Package Check Results for Package Bchron

Last updated on 2017-12-13 01:54:30 CET.

Flavor Version Tinstall Tcheck Ttotal Status Flags
r-devel-linux-x86_64-debian-clang 4.2.6 1.66 121.86 123.52 NOTE
r-devel-linux-x86_64-debian-gcc 4.2.6 1.42 95.96 97.38 NOTE
r-devel-linux-x86_64-fedora-clang 4.2.6 137.86 NOTE
r-devel-linux-x86_64-fedora-gcc 4.2.6 NOTE
r-devel-windows-ix86+x86_64 4.2.6 9.00 135.00 144.00 NOTE
r-patched-linux-x86_64 4.2.6 1.79 123.45 125.24 NOTE
r-patched-solaris-x86 4.2.6 150.80 NOTE
r-release-linux-x86_64 4.2.6 1.68 125.40 127.08 NOTE
r-release-windows-ix86+x86_64 4.2.6 7.00 169.00 176.00 NOTE
r-release-osx-x86_64 4.2.6 NOTE
r-oldrel-windows-ix86+x86_64 4.2.6 6.00 158.00 164.00 OK
r-oldrel-osx-x86_64 4.2.6 NOTE

Check Details

Version: 4.2.6
Check: compiled code
Result: NOTE
    File ‘Bchron/libs/Bchron.so’:
     Found no calls to: ‘R_registerRoutines’, ‘R_useDynamicSymbols’
    
    It is good practice to register native routines and to disable symbol
    search.
    
    See ‘Writing portable packages’ in the ‘Writing R Extensions’ manual.
Flavors: r-devel-linux-x86_64-debian-clang, r-devel-linux-x86_64-debian-gcc, r-devel-linux-x86_64-fedora-clang, r-devel-linux-x86_64-fedora-gcc, r-patched-linux-x86_64, r-release-linux-x86_64

Version: 4.2.6
Check: dependencies in R code
Result: NOTE
    Namespace in Imports field not imported from: ‘inline’
     All declared Imports should be used.
Flavors: r-devel-linux-x86_64-fedora-clang, r-devel-linux-x86_64-fedora-gcc, r-patched-solaris-x86, r-release-osx-x86_64, r-oldrel-osx-x86_64

Version: 4.2.6
Check: DESCRIPTION meta-information
Result: NOTE
    NeedsCompilation field should likely be 'yes'
Flavors: r-devel-windows-ix86+x86_64, r-release-windows-ix86+x86_64