CRAN Package Check Results for Package Bchron

Last updated on 2018-06-22 18:46:29 CEST.

Flavor Version Tinstall Tcheck Ttotal Status Flags
r-devel-linux-x86_64-debian-clang 4.3.0 3.83 130.98 134.81 OK
r-devel-linux-x86_64-debian-gcc 4.3.0 3.78 94.97 98.75 OK
r-devel-linux-x86_64-fedora-clang 4.3.0 135.73 OK
r-devel-linux-x86_64-fedora-gcc 4.3.0 152.25 OK
r-devel-windows-ix86+x86_64 4.3.0 14.00 130.00 144.00 OK
r-patched-linux-x86_64 4.3.0 3.74 126.61 130.35 OK
r-patched-solaris-x86 4.3.0 198.00 OK
r-release-linux-x86_64 4.3.0 4.59 126.63 131.22 OK
r-release-windows-ix86+x86_64 4.3.0 10.00 135.00 145.00 OK
r-release-osx-x86_64 4.3.0 OK
r-oldrel-windows-ix86+x86_64 4.3.0 11.00 201.00 212.00 OK
r-oldrel-osx-x86_64 4.2.7 NOTE

Check Details

Version: 4.2.7
Check: dependencies in R code
Result: NOTE
    Namespace in Imports field not imported from: ‘inline’
     All declared Imports should be used.
Flavor: r-oldrel-osx-x86_64