CRAN Package Check Results for Package Bchron

Last updated on 2018-02-25 10:47:00 CET.

Flavor Version Tinstall Tcheck Ttotal Status Flags
r-devel-linux-x86_64-debian-clang 4.2.6 3.60 110.81 114.41 WARN
r-devel-linux-x86_64-debian-gcc 4.2.6 2.67 82.98 85.65 WARN
r-devel-linux-x86_64-fedora-clang 4.2.6 135.14 NOTE
r-devel-linux-x86_64-fedora-gcc 4.2.6 137.13 NOTE
r-devel-windows-ix86+x86_64 4.2.6 13.00 163.00 176.00 NOTE
r-patched-linux-x86_64 4.2.6 1.68 131.70 133.38 WARN
r-patched-solaris-x86 4.2.6 154.80 NOTE
r-release-linux-x86_64 4.2.6 1.81 124.35 126.16 WARN
r-release-windows-ix86+x86_64 4.2.6 6.00 165.00 171.00 NOTE
r-release-osx-x86_64 4.2.6 NOTE
r-oldrel-windows-ix86+x86_64 4.2.6 7.00 130.00 137.00 OK
r-oldrel-osx-x86_64 4.2.6 NOTE

Check Details

Version: 4.2.6
Check: compiled code
Result: NOTE
    File ‘Bchron/libs/Bchron.so’:
     Found no calls to: ‘R_registerRoutines’, ‘R_useDynamicSymbols’
    
    It is good practice to register native routines and to disable symbol
    search.
    
    See ‘Writing portable packages’ in the ‘Writing R Extensions’ manual.
Flavors: r-devel-linux-x86_64-debian-clang, r-devel-linux-x86_64-debian-gcc, r-devel-linux-x86_64-fedora-clang, r-devel-linux-x86_64-fedora-gcc, r-patched-linux-x86_64, r-release-linux-x86_64

Version: 4.2.6
Check: re-building of vignette outputs
Result: WARN
    Error in re-building vignettes:
     ...
    Warning in engine$weave(file, quiet = quiet, encoding = enc) :
     The vignette engine knitr::rmarkdown is not available, because the rmarkdown package is not installed. Please install it.
    Warning in gzfile(file, "wb") :
     cannot open compressed file ‘/home/hornik/tmp/R.check/r-devel-clang/Work/build/Packages/Bchron/data/intcal09.rda’, probable reason ‘Read-only file system’
    Quitting from lines 279-283 (Bchron.Rmd)
    Error: processing vignette ‘Bchron.Rmd’ failed with diagnostics:
    cannot open the connection
    Execution halted
Flavor: r-devel-linux-x86_64-debian-clang

Version: 4.2.6
Check: re-building of vignette outputs
Result: WARN
    Error in re-building vignettes:
     ...
    Warning in engine$weave(file, quiet = quiet, encoding = enc) :
     The vignette engine knitr::rmarkdown is not available, because the rmarkdown package is not installed. Please install it.
    Warning in gzfile(file, "wb") :
     cannot open compressed file ‘/home/hornik/tmp/R.check/r-devel-gcc/Work/build/Packages/Bchron/data/intcal09.rda’, probable reason ‘Read-only file system’
    Quitting from lines 279-283 (Bchron.Rmd)
    Error: processing vignette ‘Bchron.Rmd’ failed with diagnostics:
    cannot open the connection
    Execution halted
Flavor: r-devel-linux-x86_64-debian-gcc

Version: 4.2.6
Check: dependencies in R code
Result: NOTE
    Namespace in Imports field not imported from: ‘inline’
     All declared Imports should be used.
Flavors: r-devel-linux-x86_64-fedora-clang, r-devel-linux-x86_64-fedora-gcc, r-patched-solaris-x86, r-release-osx-x86_64, r-oldrel-osx-x86_64

Version: 4.2.6
Check: DESCRIPTION meta-information
Result: NOTE
    NeedsCompilation field should likely be 'yes'
Flavors: r-devel-windows-ix86+x86_64, r-release-windows-ix86+x86_64

Version: 4.2.6
Check: re-building of vignette outputs
Result: WARN
    Error in re-building vignettes:
     ...
    Warning in gzfile(file, "wb") :
     cannot open compressed file ‘/home/hornik/tmp/R.check/r-patched-gcc/Work/build/Packages/Bchron/data/intcal09.rda’, probable reason ‘Read-only file system’
    Quitting from lines 279-283 (Bchron.Rmd)
    Error: processing vignette ‘Bchron.Rmd’ failed with diagnostics:
    cannot open the connection
    Execution halted
Flavor: r-patched-linux-x86_64

Version: 4.2.6
Check: re-building of vignette outputs
Result: WARN
    Error in re-building vignettes:
     ...
    Warning in gzfile(file, "wb") :
     cannot open compressed file ‘/home/hornik/tmp/R.check/r-release-gcc/Work/build/Packages/Bchron/data/intcal09.rda’, probable reason ‘Read-only file system’
    Quitting from lines 279-283 (Bchron.Rmd)
    Error: processing vignette ‘Bchron.Rmd’ failed with diagnostics:
    cannot open the connection
    Execution halted
Flavor: r-release-linux-x86_64