CRAN Package Check Results for Package Bchron

Last updated on 2017-01-16 15:50:36.

Flavor Version Tinstall Tcheck Ttotal Status Flags
r-devel-linux-x86_64-debian-clang 4.2.6 1.32 84.37 85.68 OK
r-devel-linux-x86_64-debian-gcc 4.2.6 1.30 78.36 79.65 OK
r-devel-linux-x86_64-fedora-clang 4.2.6 146.89 NOTE --no-stop-on-test-error
r-devel-linux-x86_64-fedora-gcc 4.2.6 144.15 NOTE --no-stop-on-test-error
r-devel-macos-x86_64-clang 4.2.6 106.54 NOTE --no-stop-on-test-error
r-devel-windows-ix86+x86_64 4.2.6 9.00 135.00 144.00 NOTE
r-patched-linux-x86_64 4.2.6 1.20 74.88 76.08 OK
r-patched-solaris-sparc 4.2.6 818.90 NOTE
r-patched-solaris-x86 4.2.6 137.60 NOTE
r-release-linux-x86_64 4.2.6 1.29 89.37 90.66 WARN
r-release-osx-x86_64-mavericks 4.2.6 NOTE
r-release-windows-ix86+x86_64 4.2.6 10.00 130.00 140.00 OK
r-oldrel-windows-ix86+x86_64 4.2.6 7.00 134.00 141.00 NOTE

Check Details

Version: 4.2.6
Flags: --no-stop-on-test-error
Check: dependencies in R code
Result: NOTE
    Namespace in Imports field not imported from: ‘inline’
     All declared Imports should be used.
Flavors: r-devel-linux-x86_64-fedora-clang, r-devel-linux-x86_64-fedora-gcc, r-devel-macos-x86_64-clang

Version: 4.2.6
Flags: --no-stop-on-test-error
Check: compiled code
Result: NOTE
    File ‘Bchron/libs/Bchron.so’:
     Found no calls to: ‘R_registerRoutines’, ‘R_useDynamicSymbols’
    
    It is good practice to use registered native symbols and disable symbol
    search.
    
    See ‘Writing portable packages’ in the ‘Writing R Extensions’ manual.
Flavor: r-devel-linux-x86_64-fedora-gcc

Version: 4.2.6
Check: DESCRIPTION meta-information
Result: NOTE
    NeedsCompilation field should likely be 'yes'
Flavor: r-devel-windows-ix86+x86_64

Version: 4.2.6
Check: dependencies in R code
Result: NOTE
    Namespace in Imports field not imported from: ‘inline’
     All declared Imports should be used.
Flavors: r-patched-solaris-sparc, r-patched-solaris-x86, r-release-osx-x86_64-mavericks, r-oldrel-windows-ix86+x86_64

Version: 4.2.6
Check: re-building of vignette outputs
Result: WARN
    Error in re-building vignettes:
     ...
    Warning in file(file, "rt") : unable to resolve ‘www.radiocarbon.org’
    Quitting from lines 279-283 (Bchron.Rmd)
    Error: processing vignette ‘Bchron.Rmd’ failed with diagnostics:
    cannot open the connection
    Execution halted
Flavor: r-release-linux-x86_64