CRAN Package Check Results for Package Bchron

Last updated on 2017-02-20 13:50:38.

Flavor Version Tinstall Tcheck Ttotal Status Flags
r-devel-linux-x86_64-debian-clang 4.2.6 1.30 75.66 76.96 NOTE
r-devel-linux-x86_64-debian-gcc 4.2.6 1.35 73.99 75.34 NOTE
r-devel-linux-x86_64-fedora-clang 4.2.6 152.76 NOTE --no-stop-on-test-error
r-devel-linux-x86_64-fedora-gcc 4.2.6 152.88 NOTE --no-stop-on-test-error
r-devel-macos-x86_64-clang 4.2.6 108.00 NOTE --no-stop-on-test-error
r-devel-windows-ix86+x86_64 4.2.6 6.00 173.00 179.00 NOTE
r-patched-linux-x86_64 4.2.6 1.35 71.83 73.18 OK
r-patched-solaris-sparc 4.2.6 818.90 NOTE
r-patched-solaris-x86 4.2.6 139.80 NOTE
r-release-linux-x86_64 4.2.6 1.30 69.64 70.94 OK
r-release-osx-x86_64-mavericks 4.2.6 NOTE
r-release-windows-ix86+x86_64 4.2.6 9.00 118.00 127.00 OK
r-oldrel-windows-ix86+x86_64 4.2.6 8.00 141.00 149.00 NOTE

Check Details

Version: 4.2.6
Check: compiled code
Result: NOTE
    File ‘Bchron/libs/Bchron.so’:
     Found no calls to: ‘R_registerRoutines’, ‘R_useDynamicSymbols’
    
    It is good practice to register native routines and to disable symbol
    search.
    
    See ‘Writing portable packages’ in the ‘Writing R Extensions’ manual.
Flavors: r-devel-linux-x86_64-debian-clang, r-devel-linux-x86_64-debian-gcc

Version: 4.2.6
Flags: --no-stop-on-test-error
Check: dependencies in R code
Result: NOTE
    Namespace in Imports field not imported from: ‘inline’
     All declared Imports should be used.
Flavors: r-devel-linux-x86_64-fedora-clang, r-devel-linux-x86_64-fedora-gcc, r-devel-macos-x86_64-clang

Version: 4.2.6
Flags: --no-stop-on-test-error
Check: compiled code
Result: NOTE
    File ‘Bchron/libs/Bchron.so’:
     Found no calls to: ‘R_registerRoutines’, ‘R_useDynamicSymbols’
    
    It is good practice to register native routines and to disable symbol
    search.
    
    See ‘Writing portable packages’ in the ‘Writing R Extensions’ manual.
Flavors: r-devel-linux-x86_64-fedora-clang, r-devel-linux-x86_64-fedora-gcc, r-devel-macos-x86_64-clang

Version: 4.2.6
Check: DESCRIPTION meta-information
Result: NOTE
    NeedsCompilation field should likely be 'yes'
Flavor: r-devel-windows-ix86+x86_64

Version: 4.2.6
Check: dependencies in R code
Result: NOTE
    Namespace in Imports field not imported from: ‘inline’
     All declared Imports should be used.
Flavors: r-patched-solaris-sparc, r-patched-solaris-x86, r-release-osx-x86_64-mavericks, r-oldrel-windows-ix86+x86_64