CRAN Package Check Results for Package Bchron

Last updated on 2017-03-26 11:53:28.

Flavor Version Tinstall Tcheck Ttotal Status Flags
r-devel-linux-x86_64-debian-clang 4.2.6 1.33 78.90 80.23 NOTE
r-devel-linux-x86_64-debian-gcc 4.2.6 1.36 72.75 74.11 NOTE
r-devel-linux-x86_64-fedora-clang 4.2.6 149.28 NOTE --no-stop-on-test-error
r-devel-linux-x86_64-fedora-gcc 4.2.6 148.62 NOTE --no-stop-on-test-error
r-devel-macos-x86_64-clang 4.2.6 107.68 NOTE --no-stop-on-test-error
r-patched-linux-x86_64 4.2.6 1.27 76.18 77.45 NOTE
r-patched-solaris-sparc 4.2.6 846.10 NOTE
r-patched-solaris-x86 4.2.6 152.50 NOTE
r-release-linux-x86_64 4.2.6 1.25 70.96 72.21 OK
r-release-osx-x86_64-mavericks 4.2.6 NOTE
r-release-windows-ix86+x86_64 4.2.6 9.00 159.00 168.00 OK
r-oldrel-windows-ix86+x86_64 4.2.6 7.00 132.00 139.00 NOTE

Check Details

Version: 4.2.6
Check: compiled code
Result: NOTE
    File ‘Bchron/libs/Bchron.so’:
     Found no calls to: ‘R_registerRoutines’, ‘R_useDynamicSymbols’
    
    It is good practice to register native routines and to disable symbol
    search.
    
    See ‘Writing portable packages’ in the ‘Writing R Extensions’ manual.
Flavors: r-devel-linux-x86_64-debian-clang, r-devel-linux-x86_64-debian-gcc, r-patched-linux-x86_64

Version: 4.2.6
Flags: --no-stop-on-test-error
Check: dependencies in R code
Result: NOTE
    Namespace in Imports field not imported from: ‘inline’
     All declared Imports should be used.
Flavors: r-devel-linux-x86_64-fedora-clang, r-devel-linux-x86_64-fedora-gcc, r-devel-macos-x86_64-clang

Version: 4.2.6
Flags: --no-stop-on-test-error
Check: compiled code
Result: NOTE
    File ‘Bchron/libs/Bchron.so’:
     Found no calls to: ‘R_registerRoutines’, ‘R_useDynamicSymbols’
    
    It is good practice to register native routines and to disable symbol
    search.
    
    See ‘Writing portable packages’ in the ‘Writing R Extensions’ manual.
Flavors: r-devel-linux-x86_64-fedora-clang, r-devel-linux-x86_64-fedora-gcc, r-devel-macos-x86_64-clang

Version: 4.2.6
Check: dependencies in R code
Result: NOTE
    Namespace in Imports field not imported from: ‘inline’
     All declared Imports should be used.
Flavors: r-patched-solaris-sparc, r-patched-solaris-x86, r-release-osx-x86_64-mavericks, r-oldrel-windows-ix86+x86_64