CRAN Package Check Results for Package Bchron

Last updated on 2015-07-31 20:46:49.

Flavor Version Tinstall Tcheck Ttotal Status Flags
r-devel-linux-x86_64-debian-clang 4.1.1 1.60 18.78 20.38 NOTE
r-devel-linux-x86_64-debian-gcc 4.1.1 1.57 18.69 20.26 NOTE
r-devel-linux-x86_64-fedora-clang 4.1.1 39.77 NOTE
r-devel-linux-x86_64-fedora-gcc 4.1.1 38.42 NOTE
r-devel-osx-x86_64-clang 4.1.1 36.69 OK
r-devel-windows-ix86+x86_64 4.1.1 10.00 42.00 52.00 NOTE
r-patched-linux-x86_64 4.1.1 1.99 18.44 20.43 OK
r-patched-solaris-sparc 4.1.1 251.20 OK
r-patched-solaris-x86 4.1.1 55.10 OK
r-release-linux-x86_64 4.1.1 1.68 18.99 20.67 OK
r-release-osx-x86_64-mavericks 4.1.1 OK
r-release-windows-ix86+x86_64 4.1.1 10.00 42.00 52.00 OK
r-oldrel-windows-ix86+x86_64 4.1.1 9.00 56.00 65.00 OK

Check Details

Version: 4.1.1
Check: R code for possible problems
Result: NOTE
    BchronCalibrate: no visible global function definition for ‘read.table’
    BchronCalibrate: no visible global function definition for ‘approx’
    BchronCalibrate: no visible global function definition for ‘dt’
    BchronDensity: no visible global function definition for ‘rnorm’
    BchronDensity: no visible global function definition for ‘runif’
    BchronDensity : mydnorm: no visible global function definition for
     ‘dnorm’
    BchronDensity: no visible global function definition for ‘dnorm’
    BchronDensity: no visible global function definition for ‘dunif’
    Bchronology: no visible global function definition for ‘rnorm’
    Bchronology: no visible global function definition for ‘runif’
    Bchronology: no visible global function definition for ‘dbinom’
    plot.BchronCalibratedDates: no visible global function definition for
     ‘plot’
    plot.BchronCalibratedDates: no visible global function definition for
     ‘mtext’
    plot.BchronCalibratedDates: no visible global function definition for
     ‘polygon’
    plot.BchronDensityRun: no visible global function definition for ‘plot’
    plot.BchronDensityRun: no visible global function definition for ‘par’
    plot.BchronDensityRun: no visible global function definition for ‘rgb’
    plot.BchronDensityRun: no visible global function definition for
     ‘polygon’
    plot.BchronDensityRun: no visible global function definition for
     ‘lines’
    plot.BchronDensityRunFast: no visible global function definition for
     ‘dnorm’
    plot.BchronDensityRunFast: no visible global function definition for
     ‘plot’
    plot.BchronDensityRunFast: no visible global function definition for
     ‘lines’
    plot.BchronDensityRunFast: no visible global function definition for
     ‘par’
    plot.BchronDensityRunFast: no visible global function definition for
     ‘rgb’
    plot.BchronDensityRunFast: no visible global function definition for
     ‘polygon’
    plot.BchronRSLRun: no visible global function definition for ‘plot’
    plot.BchronRSLRun: no visible global function definition for ‘lines’
    plot.BchronRSLRun: no visible global function definition for ‘rgb’
    plot.BchronologyRun: no visible global function definition for ‘plot’
    plot.BchronologyRun: no visible global function definition for ‘grid’
    plot.BchronologyRun: no visible global function definition for ‘points’
    plot.BchronologyRun: no visible global function definition for
     ‘polygon’
    plot.BchronologyRun: no visible global function definition for ‘rgb’
    plot.BchronologyRun: no visible global function definition for ‘legend’
    predict.BchronologyRun: no visible global function definition for
     ‘runif’
    summary.BchronRSLRun: no visible global function definition for
     ‘quantile’
    summary.BchronologyRun: no visible global function definition for
     ‘pnorm’
    Undefined global functions or variables:
     approx dbinom dnorm dt dunif grid legend lines mtext par plot pnorm
     points polygon quantile read.table rgb rnorm runif
    Consider adding
     importFrom("grDevices", "rgb")
     importFrom("graphics", "grid", "legend", "lines", "mtext", "par",
     "plot", "points", "polygon")
     importFrom("stats", "approx", "dbinom", "dnorm", "dt", "dunif",
     "pnorm", "quantile", "rnorm", "runif")
     importFrom("utils", "read.table")
    to your NAMESPACE.
Flavors: r-devel-linux-x86_64-debian-clang, r-devel-linux-x86_64-debian-gcc, r-devel-linux-x86_64-fedora-clang, r-devel-linux-x86_64-fedora-gcc, r-devel-windows-ix86+x86_64