CRAN Package Check Results for Package Bchron

Last updated on 2017-04-26 23:52:47.

Flavor Version Tinstall Tcheck Ttotal Status Flags
r-devel-linux-x86_64-debian-clang 4.2.6 1.33 76.35 77.68 NOTE
r-devel-linux-x86_64-debian-gcc 4.2.6 1.32 74.59 75.91 NOTE
r-devel-linux-x86_64-fedora-clang 4.2.6 153.98 NOTE --no-stop-on-test-error
r-devel-linux-x86_64-fedora-gcc 4.2.6 147.99 NOTE --no-stop-on-test-error
r-devel-windows-ix86+x86_64 4.2.6 10.00 174.00 184.00 NOTE
r-patched-linux-x86_64 4.2.6 1.42 74.03 75.45 NOTE
r-patched-solaris-sparc 4.2.6 846.10 NOTE
r-patched-solaris-x86 4.2.6 157.30 NOTE
r-release-linux-x86_64 4.2.6 1.32 77.28 78.59 NOTE
r-release-windows-ix86+x86_64 4.2.6 7.00 140.00 147.00 NOTE
r-release-osx-x86_64 4.2.6 NOTE
r-oldrel-windows-ix86+x86_64 4.2.6 6.00 131.00 137.00 OK
r-oldrel-osx-x86_64 4.2.6 NOTE

Check Details

Version: 4.2.6
Check: compiled code
Result: NOTE
    File ‘Bchron/libs/Bchron.so’:
     Found no calls to: ‘R_registerRoutines’, ‘R_useDynamicSymbols’
    
    It is good practice to register native routines and to disable symbol
    search.
    
    See ‘Writing portable packages’ in the ‘Writing R Extensions’ manual.
Flavors: r-devel-linux-x86_64-debian-clang, r-devel-linux-x86_64-debian-gcc, r-patched-linux-x86_64, r-release-linux-x86_64

Version: 4.2.6
Flags: --no-stop-on-test-error
Check: dependencies in R code
Result: NOTE
    Namespace in Imports field not imported from: ‘inline’
     All declared Imports should be used.
Flavors: r-devel-linux-x86_64-fedora-clang, r-devel-linux-x86_64-fedora-gcc

Version: 4.2.6
Flags: --no-stop-on-test-error
Check: compiled code
Result: NOTE
    File ‘Bchron/libs/Bchron.so’:
     Found no calls to: ‘R_registerRoutines’, ‘R_useDynamicSymbols’
    
    It is good practice to register native routines and to disable symbol
    search.
    
    See ‘Writing portable packages’ in the ‘Writing R Extensions’ manual.
Flavors: r-devel-linux-x86_64-fedora-clang, r-devel-linux-x86_64-fedora-gcc

Version: 4.2.6
Check: DESCRIPTION meta-information
Result: NOTE
    NeedsCompilation field should likely be 'yes'
Flavors: r-devel-windows-ix86+x86_64, r-release-windows-ix86+x86_64

Version: 4.2.6
Check: dependencies in R code
Result: NOTE
    Namespace in Imports field not imported from: ‘inline’
     All declared Imports should be used.
Flavors: r-patched-solaris-sparc, r-patched-solaris-x86, r-release-osx-x86_64, r-oldrel-osx-x86_64