CRAN Package Check Results for Package Bclim

Last updated on 2014-12-20 12:47:21.

Flavor Version Tinstall Tcheck Ttotal Status Flags
r-devel-linux-x86_64-debian-clang 2.3.1 2.00 15.30 17.30 NOTE
r-devel-linux-x86_64-debian-gcc 2.3.1 2.24 14.54 16.78 NOTE
r-devel-linux-x86_64-fedora-clang 2.3.1 34.88 NOTE
r-devel-linux-x86_64-fedora-gcc 2.3.1 32.86 NOTE
r-devel-osx-x86_64-clang 2.3.1 32.53 NOTE
r-devel-windows-ix86+x86_64 2.3.1 10.00 34.00 44.00 NOTE
r-patched-linux-x86_64 2.3.1 2.28 14.94 17.22 NOTE
r-patched-solaris-sparc 2.3.1 185.50 NOTE
r-patched-solaris-x86 2.3.1 47.40 NOTE
r-release-linux-ix86 2.3.1 2.63 20.29 22.92 NOTE
r-release-linux-x86_64 2.3.1 2.26 14.74 17.00 NOTE
r-release-osx-x86_64-mavericks 2.3.1 OK
r-release-osx-x86_64-snowleopard 2.3.1 OK
r-release-windows-ix86+x86_64 2.3.1 11.00 33.00 44.00 NOTE
r-oldrel-windows-ix86+x86_64 2.3.1 10.00 33.00 43.00 NOTE

Check Details

Version: 2.3.1
Check: R code for possible problems
Result: NOTE
    BclimMixPar: no visible global function definition for ‘%dopar%’
    BclimMixPar: no visible global function definition for ‘icount’
Flavors: r-devel-linux-x86_64-debian-clang, r-devel-linux-x86_64-debian-gcc, r-devel-linux-x86_64-fedora-clang, r-devel-linux-x86_64-fedora-gcc, r-devel-osx-x86_64-clang, r-devel-windows-ix86+x86_64, r-patched-linux-x86_64, r-patched-solaris-sparc, r-patched-solaris-x86, r-release-linux-ix86, r-release-linux-x86_64, r-release-windows-ix86+x86_64

Version: 2.3.1
Check: package dependencies
Result: NOTE
    Package suggested but not available for checking: 'doMC'
Flavors: r-devel-windows-ix86+x86_64, r-release-windows-ix86+x86_64, r-oldrel-windows-ix86+x86_64

Version: 2.3.1
Check: R code for possible problems
Result: NOTE
    BclimMixPar: no visible global function definition for 'icount'
Flavor: r-oldrel-windows-ix86+x86_64