CRAN Package Check Results for Package Bclim

Last updated on 2016-07-26 22:47:26.

Flavor Version Tinstall Tcheck Ttotal Status Flags
r-devel-linux-x86_64-debian-clang 3.1.0 2.62 1800.29 1802.91 OK
r-devel-linux-x86_64-debian-gcc 3.1.0 2.50 1811.22 1813.73 FAIL
r-devel-linux-x86_64-fedora-clang 3.1.0 26.41 NOTE --no-vignettes
r-devel-linux-x86_64-fedora-gcc 3.1.0 20.41 NOTE --no-vignettes
r-devel-osx-x86_64-clang 3.1.0 797.47 NOTE
r-devel-windows-ix86+x86_64 3.1.0 13.00 0.00 13.00 FAIL
r-patched-linux-x86_64 3.1.0 2.68 1810.89 1813.57 FAIL
r-patched-solaris-sparc 3.1.0 138.50 NOTE --no-vignettes
r-patched-solaris-x86 3.1.0 1843.10 WARN
r-release-linux-x86_64 3.1.0 2.84 1810.97 1813.81 FAIL
r-release-osx-x86_64-mavericks 3.1.0 NOTE
r-release-windows-ix86+x86_64 3.1.0 11.00 0.00 11.00 FAIL
r-oldrel-windows-ix86+x86_64 3.1.0 16.00 1726.00 1742.00 NOTE

Check Details

Version: 3.1.0
Check: re-building of vignette outputs
Result: FAIL
    
Flavors: r-devel-linux-x86_64-debian-gcc, r-patched-linux-x86_64, r-release-linux-x86_64

Version: 3.1.0
Flags: --no-vignettes
Check: dependencies in R code
Result: NOTE
    Namespace in Imports field not imported from: ‘ggplot2’
     All declared Imports should be used.
Flavors: r-devel-linux-x86_64-fedora-clang, r-devel-linux-x86_64-fedora-gcc, r-patched-solaris-sparc

Version: 3.1.0
Check: dependencies in R code
Result: NOTE
    Namespace in Imports field not imported from: ‘ggplot2’
     All declared Imports should be used.
Flavors: r-devel-osx-x86_64-clang, r-patched-solaris-x86, r-release-osx-x86_64-mavericks, r-oldrel-windows-ix86+x86_64

Version: 3.1.0
Check: re-building of vignette outputs
Result: FAIL
    Check process probably crashed or hung up for 20 minutes ... killed
    Most likely this happened in the example checks (?),
    if not, ignore the following last lines of example output:
    
    ======== End of example output (where/before crash/hang up occured ?) ========
Flavors: r-devel-windows-ix86+x86_64, r-release-windows-ix86+x86_64

Version: 3.1.0
Check: re-building of vignette outputs
Result: WARN
    Error in re-building vignettes:
     ...
    Warning in (if (grepl("\\.[Rr]md$", file)) knit2html else if (grepl("\\.[Rr]rst$", :
     It seems you should call rmarkdown::render() instead of knitr::knit2html() because Bclim.Rmd appears to be an R Markdown v2 document.
    Loading required package: inline
    Warning in predictExtrapUp(alpha, lambda, beta, predictPositionsRescaled[depthIndRange], :
     Unable to find suitable chronologies for top of core - truncated to date of extraction
Flavor: r-patched-solaris-x86