CRAN Package Check Results for Package Bclim

Last updated on 2014-10-23 05:46:36.

Flavor Version Tinstall Tcheck Ttotal Status Flags
r-devel-linux-x86_64-debian-clang 2.3.1 1.96 15.84 17.80 NOTE
r-devel-linux-x86_64-debian-gcc 2.3.1 2.30 14.82 17.11 NOTE
r-devel-linux-x86_64-fedora-clang 2.3.1 33.17 NOTE
r-devel-linux-x86_64-fedora-gcc 2.3.1 30.81 NOTE
r-devel-osx-x86_64-clang 2.3.1 33.61 NOTE
r-devel-windows-ix86+x86_64 2.3.1 10.00 30.00 40.00 NOTE
r-patched-linux-x86_64 2.3.1 2.29 15.06 17.36 NOTE
r-patched-solaris-sparc 2.3.1 185.50 NOTE
r-patched-solaris-x86 2.3.1 47.20 NOTE
r-release-linux-ix86 2.3.1 2.72 21.72 24.44 OK
r-release-linux-x86_64 2.3.1 2.24 15.26 17.51 OK
r-release-osx-x86_64-mavericks 2.3.1 OK
r-release-osx-x86_64-snowleopard 2.3.1 OK
r-release-windows-ix86+x86_64 2.3.1 10.00 33.00 43.00 NOTE
r-oldrel-windows-ix86+x86_64 2.3.1 10.00 33.00 43.00 NOTE

Check Details

Version: 2.3.1
Check: R code for possible problems
Result: NOTE
    BclimMixPar: no visible global function definition for ‘%dopar%’
    BclimMixPar: no visible global function definition for ‘icount’
Flavors: r-devel-linux-x86_64-debian-clang, r-devel-linux-x86_64-debian-gcc, r-devel-linux-x86_64-fedora-clang, r-devel-linux-x86_64-fedora-gcc, r-devel-osx-x86_64-clang, r-devel-windows-ix86+x86_64, r-patched-linux-x86_64, r-patched-solaris-sparc, r-patched-solaris-x86

Version: 2.3.1
Check: package dependencies
Result: NOTE
    Package suggested but not available for checking: 'doMC'
Flavors: r-devel-windows-ix86+x86_64, r-release-windows-ix86+x86_64, r-oldrel-windows-ix86+x86_64

Version: 2.3.1
Check: R code for possible problems
Result: NOTE
    BclimMixPar: no visible global function definition for 'icount'
Flavors: r-release-windows-ix86+x86_64, r-oldrel-windows-ix86+x86_64