CRAN Package Check Results for Package Bclim

Last updated on 2016-09-25 21:49:53.

Flavor Version Tinstall Tcheck Ttotal Status Flags
r-devel-linux-x86_64-debian-clang 3.1.0 2.16 11.29 13.45 OK --no-vignettes
r-devel-linux-x86_64-debian-gcc 3.1.0 2.10 10.86 12.96 OK --no-vignettes
r-devel-linux-x86_64-fedora-clang 3.1.0 22.64 NOTE --no-vignettes
r-devel-linux-x86_64-fedora-gcc 3.1.0 20.86 NOTE --no-vignettes
r-devel-macos-x86_64-clang 3.1.0 810.05 NOTE
r-devel-windows-ix86+x86_64 3.1.0 8.00 75.00 83.00 OK --no-vignettes
r-patched-linux-x86_64 3.1.0 2.07 10.71 12.78 OK --no-vignettes
r-patched-solaris-sparc 3.1.0 138.50 NOTE --no-vignettes
r-patched-solaris-x86 3.1.0 1860.40 WARN
r-release-linux-x86_64 3.1.0 2.16 11.06 13.22 OK --no-vignettes
r-release-osx-x86_64-mavericks 3.1.0 NOTE
r-release-windows-ix86+x86_64 3.1.0 14.00 67.00 81.00 OK --no-vignettes
r-oldrel-windows-ix86+x86_64 3.1.0 16.00 69.00 85.00 NOTE --no-vignettes

Check Details

Version: 3.1.0
Flags: --no-vignettes
Check: dependencies in R code
Result: NOTE
    Namespace in Imports field not imported from: ‘ggplot2’
     All declared Imports should be used.
Flavors: r-devel-linux-x86_64-fedora-clang, r-devel-linux-x86_64-fedora-gcc, r-patched-solaris-sparc, r-oldrel-windows-ix86+x86_64

Version: 3.1.0
Check: dependencies in R code
Result: NOTE
    Namespace in Imports field not imported from: ‘ggplot2’
     All declared Imports should be used.
Flavors: r-devel-macos-x86_64-clang, r-patched-solaris-x86, r-release-osx-x86_64-mavericks

Version: 3.1.0
Check: re-building of vignette outputs
Result: WARN
    Error in re-building vignettes:
     ...
    Warning: It seems you should call rmarkdown::render() instead of knitr::knit2html() because Bclim.Rmd appears to be an R Markdown v2 document.
    Loading required package: inline
    Warning in predictExtrapUp(alpha, lambda, beta, predictPositionsRescaled[depthIndRange], :
     Unable to find suitable chronologies for top of core - truncated to date of extraction
    Warning in predictExtrapUp(alpha, lambda, beta, predictPositionsRescaled[depthIndRange], :
     Unable to find suitable chronologies for top of core - truncated to date of extraction
    Warning in predictExtrapUp(alpha, lambda, beta, predictPositionsRescaled[depthIndRange], :
     Unable to find suitable chronologies for top of core - truncated to date of extraction
Flavor: r-patched-solaris-x86