CRAN Package Check Results for Package Bclim

Last updated on 2014-09-01 11:48:50.

Flavor Version Tinstall Tcheck Ttotal Status Flags
r-devel-linux-x86_64-debian-clang 2.3.1 1.69 13.60 15.29 NOTE
r-devel-linux-x86_64-debian-gcc 2.3.1 2.19 13.59 15.78 NOTE
r-devel-linux-x86_64-fedora-clang 2.3.1 30.71 NOTE
r-devel-linux-x86_64-fedora-gcc 2.3.1 30.77 NOTE
r-devel-osx-x86_64-clang 2.3.1 30.78 NOTE
r-devel-windows-ix86+x86_64 2.3.1 9.00 30.00 39.00 NOTE
r-patched-linux-x86_64 2.3.1 2.36 14.93 17.29 OK
r-patched-solaris-sparc 2.3.1 212.30 OK
r-patched-solaris-x86 2.3.1 45.60 OK
r-release-linux-ix86 2.3.1 2.72 21.62 24.33 OK
r-release-linux-x86_64 2.3.1 2.94 14.91 17.84 OK
r-release-osx-x86_64-mavericks 2.3.1 OK
r-release-osx-x86_64-snowleopard 2.3.1 OK
r-release-windows-ix86+x86_64 2.3.1 10.00 32.00 42.00 NOTE
r-oldrel-windows-ix86+x86_64 2.3.1 9.00 33.00 42.00 NOTE

Check Details

Version: 2.3.1
Check: R code for possible problems
Result: NOTE
    BclimMixPar: no visible global function definition for ‘%dopar%’
    BclimMixPar: no visible global function definition for ‘icount’
Flavors: r-devel-linux-x86_64-debian-clang, r-devel-linux-x86_64-debian-gcc, r-devel-linux-x86_64-fedora-clang, r-devel-linux-x86_64-fedora-gcc, r-devel-osx-x86_64-clang, r-devel-windows-ix86+x86_64

Version: 2.3.1
Check: package dependencies
Result: NOTE
    Package suggested but not available for checking: 'doMC'
Flavors: r-devel-windows-ix86+x86_64, r-release-windows-ix86+x86_64, r-oldrel-windows-ix86+x86_64

Version: 2.3.1
Check: R code for possible problems
Result: NOTE
    BclimMixPar: no visible global function definition for 'icount'
Flavors: r-release-windows-ix86+x86_64, r-oldrel-windows-ix86+x86_64