CRAN Package Check Results for Package Bclim

Last updated on 2015-05-28 12:47:41.

Flavor Version Tinstall Tcheck Ttotal Status Flags
r-devel-linux-x86_64-debian-clang 2.3.1 1.60 12.20 13.80 NOTE
r-devel-linux-x86_64-debian-gcc 2.3.1 1.92 12.31 14.24 NOTE
r-devel-linux-x86_64-fedora-clang 2.3.1 27.60 NOTE
r-devel-linux-x86_64-fedora-gcc 2.3.1 25.85 NOTE
r-devel-osx-x86_64-clang 2.3.1 29.87 NOTE
r-devel-windows-ix86+x86_64 2.3.1 10.00 27.00 37.00 NOTE
r-patched-linux-x86_64 2.3.1 2.01 12.28 14.29 NOTE
r-patched-solaris-sparc 2.3.1 172.60 NOTE
r-patched-solaris-x86 2.3.1 39.30 NOTE
r-release-linux-x86_64 2.3.1 1.96 12.05 14.01 NOTE
r-release-osx-x86_64-mavericks 2.3.1 NOTE
r-release-osx-x86_64-snowleopard 2.3.1 NOTE
r-release-windows-ix86+x86_64 2.3.1 8.00 26.00 34.00 NOTE
r-oldrel-windows-ix86+x86_64 2.3.1 11.00 36.00 47.00 NOTE

Check Details

Version: 2.3.1
Check: R code for possible problems
Result: NOTE
    BclimMixPar: no visible global function definition for ‘%dopar%’
    BclimMixPar: no visible global function definition for ‘icount’
Flavors: r-devel-linux-x86_64-debian-clang, r-devel-linux-x86_64-debian-gcc, r-devel-linux-x86_64-fedora-clang, r-devel-linux-x86_64-fedora-gcc, r-devel-osx-x86_64-clang, r-devel-windows-ix86+x86_64, r-patched-linux-x86_64, r-patched-solaris-sparc, r-patched-solaris-x86, r-release-linux-x86_64, r-release-osx-x86_64-mavericks, r-release-osx-x86_64-snowleopard, r-release-windows-ix86+x86_64, r-oldrel-windows-ix86+x86_64

Version: 2.3.1
Check: package dependencies
Result: NOTE
    Package suggested but not available for checking: 'doMC'
Flavors: r-devel-windows-ix86+x86_64, r-release-windows-ix86+x86_64, r-oldrel-windows-ix86+x86_64

Version: 2.3.1
Check: package dependencies
Result: NOTE
    Package suggested but not available for checking: ‘Bchron’
Flavor: r-release-osx-x86_64-mavericks