CRAN Package Check Results for Package Bclim

Last updated on 2014-08-28 00:46:56.

Flavor Version Tinstall Tcheck Ttotal Status Flags
r-devel-linux-x86_64-debian-clang 2.3.1 1.68 14.15 15.83 NOTE
r-devel-linux-x86_64-debian-gcc 2.3.1 2.16 13.89 16.05 NOTE
r-devel-linux-x86_64-fedora-clang 2.3.1 31.57 NOTE
r-devel-linux-x86_64-fedora-gcc 2.3.1 29.14 NOTE
r-devel-osx-x86_64-clang 2.3.1 31.22 NOTE
r-devel-windows-ix86+x86_64 2.3.1 9.00 30.00 39.00 NOTE
r-patched-linux-x86_64 2.3.1 2.32 14.72 17.05 OK
r-patched-solaris-sparc 2.3.1 212.30 OK
r-patched-solaris-x86 2.3.1 45.60 OK
r-release-linux-ix86 2.3.1 2.77 21.75 24.52 OK
r-release-linux-x86_64 2.3.1 3.56 15.10 18.66 OK
r-release-osx-x86_64-mavericks 2.3.1 OK
r-release-osx-x86_64-snowleopard 2.3.1 OK
r-release-windows-ix86+x86_64 2.3.1 9.00 31.00 40.00 NOTE
r-oldrel-windows-ix86+x86_64 2.3.1 10.00 33.00 43.00 NOTE

Check Details

Version: 2.3.1
Check: R code for possible problems
Result: NOTE
    BclimMixPar: no visible global function definition for ‘%dopar%’
    BclimMixPar: no visible global function definition for ‘icount’
Flavors: r-devel-linux-x86_64-debian-clang, r-devel-linux-x86_64-debian-gcc, r-devel-linux-x86_64-fedora-clang, r-devel-linux-x86_64-fedora-gcc, r-devel-osx-x86_64-clang, r-devel-windows-ix86+x86_64

Version: 2.3.1
Check: package dependencies
Result: NOTE
    Package suggested but not available for checking: 'doMC'
Flavors: r-devel-windows-ix86+x86_64, r-release-windows-ix86+x86_64, r-oldrel-windows-ix86+x86_64

Version: 2.3.1
Check: R code for possible problems
Result: NOTE
    BclimMixPar: no visible global function definition for 'icount'
Flavors: r-release-windows-ix86+x86_64, r-oldrel-windows-ix86+x86_64