CRAN Package Check Results for Package Bclim

Last updated on 2017-03-31 01:48:49.

Flavor Version Tinstall Tcheck Ttotal Status Flags
r-devel-linux-x86_64-debian-clang 3.1.2 2.38 12.37 14.75 NOTE --no-vignettes
r-devel-linux-x86_64-debian-gcc 3.1.2 2.02 12.00 14.03 NOTE --no-vignettes
r-devel-linux-x86_64-fedora-clang 3.1.2 25.46 NOTE --no-vignettes --no-stop-on-test-error
r-devel-linux-x86_64-fedora-gcc 3.1.2 27.21 NOTE --no-vignettes --no-stop-on-test-error
r-devel-macos-x86_64-clang 3.1.2 781.76 NOTE --no-stop-on-test-error
r-devel-windows-ix86+x86_64 3.1.2 9.00 47.00 56.00 NOTE --no-vignettes
r-patched-linux-x86_64 3.1.2 2.10 12.33 14.43 NOTE --no-vignettes
r-patched-solaris-sparc 3.1.2 151.40 NOTE --no-vignettes
r-patched-solaris-x86 3.1.2 1875.90 WARN
r-release-linux-x86_64 3.1.2 1.94 10.59 12.53 OK --no-vignettes
r-release-osx-x86_64-mavericks 3.1.2 NOTE
r-release-windows-ix86+x86_64 3.1.2 11.00 61.00 72.00 OK --no-vignettes
r-oldrel-windows-ix86+x86_64 3.1.2 12.00 63.00 75.00 NOTE --no-vignettes

Check Details

Version: 3.1.2
Flags: --no-vignettes
Check: compiled code
Result: NOTE
    File ‘Bclim/libs/Bclim.so’:
     Found no calls to: ‘R_registerRoutines’, ‘R_useDynamicSymbols’
    
    It is good practice to register native routines and to disable symbol
    search.
    
    See ‘Writing portable packages’ in the ‘Writing R Extensions’ manual.
Flavors: r-devel-linux-x86_64-debian-clang, r-devel-linux-x86_64-debian-gcc, r-patched-linux-x86_64

Version: 3.1.2
Flags: --no-vignettes --no-stop-on-test-error
Check: dependencies in R code
Result: NOTE
    Namespace in Imports field not imported from: ‘ggplot2’
     All declared Imports should be used.
Flavors: r-devel-linux-x86_64-fedora-clang, r-devel-linux-x86_64-fedora-gcc

Version: 3.1.2
Flags: --no-vignettes --no-stop-on-test-error
Check: compiled code
Result: NOTE
    File ‘Bclim/libs/Bclim.so’:
     Found no calls to: ‘R_registerRoutines’, ‘R_useDynamicSymbols’
    
    It is good practice to register native routines and to disable symbol
    search.
    
    See ‘Writing portable packages’ in the ‘Writing R Extensions’ manual.
Flavors: r-devel-linux-x86_64-fedora-clang, r-devel-linux-x86_64-fedora-gcc

Version: 3.1.2
Flags: --no-stop-on-test-error
Check: dependencies in R code
Result: NOTE
    Namespace in Imports field not imported from: ‘ggplot2’
     All declared Imports should be used.
Flavor: r-devel-macos-x86_64-clang

Version: 3.1.2
Flags: --no-stop-on-test-error
Check: compiled code
Result: NOTE
    File ‘Bclim/libs/Bclim.so’:
     Found no calls to: ‘R_registerRoutines’, ‘R_useDynamicSymbols’
    
    It is good practice to register native routines and to disable symbol
    search.
    
    See ‘Writing portable packages’ in the ‘Writing R Extensions’ manual.
Flavor: r-devel-macos-x86_64-clang

Version: 3.1.2
Flags: --no-vignettes
Check: DESCRIPTION meta-information
Result: NOTE
    NeedsCompilation field should likely be 'yes'
Flavor: r-devel-windows-ix86+x86_64

Version: 3.1.2
Flags: --no-vignettes
Check: dependencies in R code
Result: NOTE
    Namespace in Imports field not imported from: ‘ggplot2’
     All declared Imports should be used.
Flavors: r-patched-solaris-sparc, r-oldrel-windows-ix86+x86_64

Version: 3.1.2
Check: dependencies in R code
Result: NOTE
    Namespace in Imports field not imported from: ‘ggplot2’
     All declared Imports should be used.
Flavors: r-patched-solaris-x86, r-release-osx-x86_64-mavericks

Version: 3.1.2
Check: re-building of vignette outputs
Result: WARN
    Error in re-building vignettes:
     ...
    Warning in engine$weave(file, quiet = quiet, encoding = enc) :
     Pandoc (>= 1.12.3) and/or pandoc-citeproc not available. Falling back to R Markdown v1.
Flavor: r-patched-solaris-x86