CRAN Package Check Results for Package Bclim

Last updated on 2016-12-03 23:47:30.

Flavor Version Tinstall Tcheck Ttotal Status Flags
r-devel-linux-x86_64-debian-clang 3.1.0 2.45 12.84 15.29 OK --no-vignettes
r-devel-linux-x86_64-debian-gcc 3.1.0 2.61 12.90 15.51 OK --no-vignettes
r-devel-linux-x86_64-fedora-clang 3.1.0 27.49 NOTE --no-vignettes
r-devel-linux-x86_64-fedora-gcc 3.1.0 26.17 NOTE --no-vignettes
r-devel-macos-x86_64-clang 3.1.0 787.11 NOTE
r-devel-windows-ix86+x86_64 3.1.0 8.00 43.00 51.00 OK --no-vignettes
r-patched-linux-x86_64 3.1.0 1.96 10.69 12.65 OK --no-vignettes
r-patched-solaris-sparc 3.1.0 140.40 NOTE --no-vignettes
r-patched-solaris-x86 3.1.0 1882.80 WARN
r-release-linux-x86_64 3.1.0 1.99 10.98 12.97 OK --no-vignettes
r-release-osx-x86_64-mavericks 3.1.0 NOTE
r-release-windows-ix86+x86_64 3.1.0 12.00 35.00 47.00 OK --no-vignettes
r-oldrel-windows-ix86+x86_64 3.1.0 15.00 39.00 54.00 NOTE --no-vignettes

Check Details

Version: 3.1.0
Flags: --no-vignettes
Check: dependencies in R code
Result: NOTE
    Namespace in Imports field not imported from: ‘ggplot2’
     All declared Imports should be used.
Flavors: r-devel-linux-x86_64-fedora-clang, r-devel-linux-x86_64-fedora-gcc, r-patched-solaris-sparc, r-oldrel-windows-ix86+x86_64

Version: 3.1.0
Check: dependencies in R code
Result: NOTE
    Namespace in Imports field not imported from: ‘ggplot2’
     All declared Imports should be used.
Flavors: r-devel-macos-x86_64-clang, r-patched-solaris-x86, r-release-osx-x86_64-mavericks

Version: 3.1.0
Check: re-building of vignette outputs
Result: WARN
    Error in re-building vignettes:
     ...
    Warning in engine$weave(file, quiet = quiet, encoding = enc) :
     Pandoc (>= 1.12.3) and/or pandoc-citeproc not available. Falling back to R Markdown v1.
    Loading required package: inline
    Warning in predictExtrapUp(alpha, lambda, beta, predictPositionsRescaled[depthIndRange], :
     Unable to find suitable chronologies for top of core - truncated to date of extraction
Flavor: r-patched-solaris-x86