CRAN Package Check Results for Package Bclim

Last updated on 2015-01-26 11:48:45.

Flavor Version Tinstall Tcheck Ttotal Status Flags
r-devel-linux-x86_64-debian-clang 2.3.1 1.70 12.54 14.24 NOTE
r-devel-linux-x86_64-debian-gcc 2.3.1 2.02 12.78 14.80 NOTE
r-devel-linux-x86_64-fedora-clang 2.3.1 33.57 NOTE
r-devel-linux-x86_64-fedora-gcc 2.3.1 35.10 NOTE
r-devel-osx-x86_64-clang 2.3.1 34.05 NOTE
r-devel-windows-ix86+x86_64 2.3.1 16.00 37.00 53.00 NOTE
r-patched-linux-x86_64 2.3.1 2.29 14.63 16.92 NOTE
r-patched-solaris-sparc 2.3.1 195.90 NOTE
r-patched-solaris-x86 2.3.1 46.30 NOTE
r-release-linux-ix86 2.3.1 2.62 20.42 23.04 NOTE
r-release-linux-x86_64 2.3.1 2.33 15.38 17.71 NOTE
r-release-osx-x86_64-mavericks 2.3.1 NOTE
r-release-osx-x86_64-snowleopard 2.3.1 OK
r-release-windows-ix86+x86_64 2.3.1 10.00 35.00 45.00 NOTE
r-oldrel-windows-ix86+x86_64 2.3.1 13.00 37.00 50.00 NOTE

Check Details

Version: 2.3.1
Check: R code for possible problems
Result: NOTE
    BclimMixPar: no visible global function definition for ‘%dopar%’
    BclimMixPar: no visible global function definition for ‘icount’
Flavors: r-devel-linux-x86_64-debian-clang, r-devel-linux-x86_64-debian-gcc, r-devel-linux-x86_64-fedora-clang, r-devel-linux-x86_64-fedora-gcc, r-devel-osx-x86_64-clang, r-devel-windows-ix86+x86_64, r-patched-linux-x86_64, r-patched-solaris-sparc, r-patched-solaris-x86, r-release-linux-ix86, r-release-linux-x86_64, r-release-osx-x86_64-mavericks, r-release-windows-ix86+x86_64

Version: 2.3.1
Check: package dependencies
Result: NOTE
    Package suggested but not available for checking: 'doMC'
Flavors: r-devel-windows-ix86+x86_64, r-release-windows-ix86+x86_64, r-oldrel-windows-ix86+x86_64

Version: 2.3.1
Check: R code for possible problems
Result: NOTE
    BclimMixPar: no visible global function definition for 'icount'
Flavor: r-oldrel-windows-ix86+x86_64