CRAN Package Check Results for Package Bclim

Last updated on 2015-07-01 13:47:05.

Flavor Version Tinstall Tcheck Ttotal Status Flags
r-devel-linux-x86_64-debian-clang 2.3.1 1.48 11.89 13.37 NOTE
r-devel-linux-x86_64-debian-gcc 2.3.1 1.96 11.86 13.82 NOTE
r-devel-linux-x86_64-fedora-clang 2.3.1 25.95 NOTE
r-devel-linux-x86_64-fedora-gcc 2.3.1 24.68 NOTE
r-devel-osx-x86_64-clang 2.3.1 26.79 NOTE
r-devel-windows-ix86+x86_64 2.3.1 9.00 26.00 35.00 NOTE
r-patched-linux-x86_64 2.3.1 1.94 12.13 14.06 NOTE
r-patched-solaris-sparc 2.3.1 172.60 NOTE
r-patched-solaris-x86 2.3.1 39.50 NOTE
r-release-linux-x86_64 2.3.1 1.91 12.26 14.17 NOTE
r-release-osx-x86_64-mavericks 2.3.1 NOTE
r-release-windows-ix86+x86_64 2.3.1 9.00 27.00 36.00 NOTE
r-oldrel-windows-ix86+x86_64 2.3.1 12.00 36.00 48.00 NOTE

Check Details

Version: 2.3.1
Check: R code for possible problems
Result: NOTE
    Bclim: no visible global function definition for ‘read.table’
    BclimInterp : NIGextrap: no visible global function definition for
     ‘rnorm’
    BclimInterp : NIGB: no visible global function definition for ‘rnorm’
    BclimInterp : NIGB: no visible global function definition for ‘runif’
    BclimLayer: no visible global function definition for ‘read.table’
    BclimLayer: no visible global function definition for ‘runif’
    BclimMixPar: no visible global function definition for ‘median’
    BclimMixPar: no visible global function definition for ‘var’
    BclimMixPar: no visible global function definition for ‘%dopar%’
    BclimMixPar: no visible global function definition for ‘icount’
    BclimMixSer: no visible global function definition for ‘median’
    BclimMixSer: no visible global function definition for ‘var’
    BclimRun: no visible global function definition for ‘read.table’
    plotBclim: no visible global function definition for ‘par’
    plotBclim: no visible global function definition for ‘plot’
    plotBclim: no visible global function definition for ‘axis’
    plotBclim: no visible global function definition for ‘rect’
    plotBclim: no visible global function definition for ‘grid’
    plotBclim: no visible global function definition for ‘read.table’
    plotBclim: no visible global function definition for ‘col2rgb’
    plotBclim: no visible global function definition for ‘rgb’
    plotBclim: no visible global function definition for ‘var’
    plotBclim: no visible global function definition for ‘contourLines’
    plotBclim: no visible global function definition for ‘polygon’
    plotBclim: no visible global function definition for ‘lines’
    plotBclim: no visible global function definition for ‘quantile’
    plotBclim: no visible global function definition for ‘sd’
    plotBclim: no visible global function definition for ‘bw.nrd0’
    plotBclim: no visible global function definition for ‘legend’
    plotBclimVol: no visible global function definition for ‘quantile’
    plotBclimVol: no visible global function definition for ‘col2rgb’
    plotBclimVol: no visible global function definition for ‘rgb’
    plotBclimVol: no visible global function definition for ‘par’
    plotBclimVol: no visible global function definition for ‘plot’
    plotBclimVol: no visible global function definition for ‘axis’
    plotBclimVol: no visible global function definition for ‘rect’
    plotBclimVol: no visible global function definition for ‘grid’
    plotBclimVol: no visible global function definition for ‘lines’
    plotBclimVol: no visible global function definition for ‘points’
    plotBclimVol: no visible global function definition for ‘legend’
Flavors: r-devel-linux-x86_64-debian-clang, r-devel-linux-x86_64-debian-gcc, r-devel-linux-x86_64-fedora-clang, r-devel-linux-x86_64-fedora-gcc, r-devel-windows-ix86+x86_64

Version: 2.3.1
Check: R code for possible problems
Result: NOTE
    BclimMixPar: no visible global function definition for ‘%dopar%’
    BclimMixPar: no visible global function definition for ‘icount’
Flavors: r-devel-osx-x86_64-clang, r-patched-linux-x86_64, r-patched-solaris-sparc, r-patched-solaris-x86, r-release-linux-x86_64, r-release-osx-x86_64-mavericks, r-release-windows-ix86+x86_64, r-oldrel-windows-ix86+x86_64

Version: 2.3.1
Check: package dependencies
Result: NOTE
    Package suggested but not available for checking: 'doMC'
Flavors: r-devel-windows-ix86+x86_64, r-release-windows-ix86+x86_64, r-oldrel-windows-ix86+x86_64

Version: 2.3.1
Check: package dependencies
Result: NOTE
    Package suggested but not available for checking: ‘Bchron’
Flavor: r-release-osx-x86_64-mavericks