CRAN Package Check Results for Package Bclim

Last updated on 2014-11-24 00:47:38.

Flavor Version Tinstall Tcheck Ttotal Status Flags
r-devel-linux-x86_64-debian-clang 2.3.1 1.95 14.92 16.87 NOTE
r-devel-linux-x86_64-debian-gcc 2.3.1 2.21 14.61 16.82 NOTE
r-devel-linux-x86_64-fedora-clang 2.3.1 35.79 NOTE
r-devel-linux-x86_64-fedora-gcc 2.3.1 32.04 NOTE
r-devel-osx-x86_64-clang 2.3.1 33.68 NOTE
r-devel-windows-ix86+x86_64 2.3.1 8.00 30.00 38.00 NOTE
r-patched-linux-x86_64 2.3.1 2.22 15.67 17.89 NOTE
r-patched-solaris-sparc 2.3.1 185.50 NOTE
r-patched-solaris-x86 2.3.1 47.10 NOTE
r-release-linux-ix86 2.3.1 2.68 21.18 23.85 NOTE
r-release-linux-x86_64 2.3.1 2.27 14.67 16.94 NOTE
r-release-osx-x86_64-mavericks 2.3.1 OK
r-release-osx-x86_64-snowleopard 2.3.1 OK
r-release-windows-ix86+x86_64 2.3.1 10.00 33.00 43.00 NOTE
r-oldrel-windows-ix86+x86_64 2.3.1 10.00 34.00 44.00 NOTE

Check Details

Version: 2.3.1
Check: R code for possible problems
Result: NOTE
    BclimMixPar: no visible global function definition for ‘%dopar%’
    BclimMixPar: no visible global function definition for ‘icount’
Flavors: r-devel-linux-x86_64-debian-clang, r-devel-linux-x86_64-debian-gcc, r-devel-linux-x86_64-fedora-clang, r-devel-linux-x86_64-fedora-gcc, r-devel-osx-x86_64-clang, r-devel-windows-ix86+x86_64, r-patched-linux-x86_64, r-patched-solaris-sparc, r-patched-solaris-x86, r-release-linux-ix86, r-release-linux-x86_64, r-release-windows-ix86+x86_64

Version: 2.3.1
Check: package dependencies
Result: NOTE
    Package suggested but not available for checking: 'doMC'
Flavors: r-devel-windows-ix86+x86_64, r-release-windows-ix86+x86_64, r-oldrel-windows-ix86+x86_64

Version: 2.3.1
Check: R code for possible problems
Result: NOTE
    BclimMixPar: no visible global function definition for 'icount'
Flavor: r-oldrel-windows-ix86+x86_64