CRAN Package Check Results for Package Bclim

Last updated on 2016-08-26 14:47:09.

Flavor Version Tinstall Tcheck Ttotal Status Flags
r-devel-linux-x86_64-debian-clang 3.1.0 2.16 11.02 13.18 OK --no-vignettes
r-devel-linux-x86_64-debian-gcc 3.1.0 2.80 14.29 17.09 OK --no-vignettes
r-devel-linux-x86_64-fedora-clang 3.1.0 23.03 NOTE --no-vignettes
r-devel-linux-x86_64-fedora-gcc 3.1.0 21.22 NOTE --no-vignettes
r-devel-osx-x86_64-clang 3.1.0 816.93 NOTE
r-devel-windows-ix86+x86_64 3.1.0 10.00 0.00 10.00 FAIL
r-patched-linux-x86_64 3.1.0 2.04 10.87 12.90 OK --no-vignettes
r-patched-solaris-sparc 3.1.0 138.50 NOTE --no-vignettes
r-patched-solaris-x86 3.1.0 1856.70 WARN
r-release-linux-x86_64 3.1.0 2.02 11.52 13.54 OK --no-vignettes
r-release-osx-x86_64-mavericks 3.1.0 NOTE
r-release-windows-ix86+x86_64 3.1.0 7.00 1537.00 1544.00 OK
r-oldrel-windows-ix86+x86_64 3.1.0 8.00 0.00 8.00 FAIL

Check Details

Version: 3.1.0
Flags: --no-vignettes
Check: dependencies in R code
Result: NOTE
    Namespace in Imports field not imported from: ‘ggplot2’
     All declared Imports should be used.
Flavors: r-devel-linux-x86_64-fedora-clang, r-devel-linux-x86_64-fedora-gcc, r-patched-solaris-sparc

Version: 3.1.0
Check: dependencies in R code
Result: NOTE
    Namespace in Imports field not imported from: ‘ggplot2’
     All declared Imports should be used.
Flavors: r-devel-osx-x86_64-clang, r-patched-solaris-x86, r-release-osx-x86_64-mavericks, r-oldrel-windows-ix86+x86_64

Version: 3.1.0
Check: re-building of vignette outputs
Result: FAIL
    Check process probably crashed or hung up for 20 minutes ... killed
    Most likely this happened in the example checks (?),
    if not, ignore the following last lines of example output:
    
    ======== End of example output (where/before crash/hang up occured ?) ========
Flavors: r-devel-windows-ix86+x86_64, r-oldrel-windows-ix86+x86_64

Version: 3.1.0
Check: re-building of vignette outputs
Result: WARN
    Error in re-building vignettes:
     ...
    Warning: It seems you should call rmarkdown::render() instead of knitr::knit2html() because Bclim.Rmd appears to be an R Markdown v2 document.
    Loading required package: inline
    Warning in predictExtrapUp(alpha, lambda, beta, predictPositionsRescaled[depthIndRange], :
     Unable to find suitable chronologies for top of core - truncated to date of extraction
    Warning in predictExtrapUp(alpha, lambda, beta, predictPositionsRescaled[depthIndRange], :
     Unable to find suitable chronologies for top of core - truncated to date of extraction
    Warning in predictExtrapUp(alpha, lambda, beta, predictPositionsRescaled[depthIndRange], :
     Unable to find suitable chronologies for top of core - truncated to date of extraction
    Warning in predictExtrapUp(alpha, lambda, beta, predictPositionsRescaled[depthIndRange], :
     Unable to find suitable chronologies for top of core - truncated to date of extraction
    Warning in predictExtrapUp(alpha, lambda, beta, predictPositionsRescaled[depthIndRange], :
     Unable to find suitable chronologies for top of core - truncated to date of extraction
    Warning in predictExtrapUp(alpha, lambda, beta, predictPositionsRescaled[depthIndRange], :
     Unable to find suitable chronologies for top of core - truncated to date of extraction
    Warning in predictExtrapUp(alpha, lambda, beta, predictPositionsRescaled[depthIndRange], :
     Unable to find suitable chronologies for top of core - truncated to date of extraction
    Warning in predictExtrapUp(alpha, lambda, beta, predictPositionsRescaled[depthIndRange], :
     Unable to find suitable chronologies for top of core - truncated to date of extraction
    Warning in predictExtrapUp(alpha, lambda, beta, predictPositionsRescaled[depthIndRange], :
     Unable to find suitable chronologies for top of core - truncated to date of extraction
Flavor: r-patched-solaris-x86