CRAN Package Check Results for Package Bclim

Last updated on 2017-01-20 10:47:41.

Flavor Version Tinstall Tcheck Ttotal Status Flags
r-devel-linux-x86_64-debian-clang 3.1.2 2.30 12.64 14.94 OK --no-vignettes
r-devel-linux-x86_64-debian-gcc 3.1.2 2.16 12.41 14.57 OK --no-vignettes
r-devel-linux-x86_64-fedora-clang 3.1.2 24.85 NOTE --no-vignettes --no-stop-on-test-error
r-devel-linux-x86_64-fedora-gcc 3.1.2 28.64 NOTE --no-vignettes --no-stop-on-test-error
r-devel-macos-x86_64-clang 3.1.2 777.98 NOTE --no-stop-on-test-error
r-devel-windows-ix86+x86_64 3.1.2 10.00 81.00 91.00 NOTE --no-vignettes
r-patched-linux-x86_64 3.1.2 1.98 10.54 12.52 OK --no-vignettes
r-patched-solaris-sparc 3.1.2 127.40 NOTE --no-vignettes
r-patched-solaris-x86 3.1.2 1906.20 WARN
r-release-linux-x86_64 3.1.2 2.03 10.61 12.64 OK --no-vignettes
r-release-osx-x86_64-mavericks 3.1.2 NOTE
r-release-windows-ix86+x86_64 3.1.2 7.00 43.00 50.00 OK --no-vignettes
r-oldrel-windows-ix86+x86_64 3.1.2 9.00 38.00 47.00 NOTE --no-vignettes

Check Details

Version: 3.1.2
Flags: --no-vignettes --no-stop-on-test-error
Check: dependencies in R code
Result: NOTE
    Namespace in Imports field not imported from: ‘ggplot2’
     All declared Imports should be used.
Flavors: r-devel-linux-x86_64-fedora-clang, r-devel-linux-x86_64-fedora-gcc

Version: 3.1.2
Flags: --no-stop-on-test-error
Check: dependencies in R code
Result: NOTE
    Namespace in Imports field not imported from: ‘ggplot2’
     All declared Imports should be used.
Flavor: r-devel-macos-x86_64-clang

Version: 3.1.2
Flags: --no-vignettes
Check: DESCRIPTION meta-information
Result: NOTE
    NeedsCompilation field should likely be 'yes'
Flavor: r-devel-windows-ix86+x86_64

Version: 3.1.2
Flags: --no-vignettes
Check: dependencies in R code
Result: NOTE
    Namespace in Imports field not imported from: ‘ggplot2’
     All declared Imports should be used.
Flavors: r-patched-solaris-sparc, r-oldrel-windows-ix86+x86_64

Version: 3.1.2
Check: dependencies in R code
Result: NOTE
    Namespace in Imports field not imported from: ‘ggplot2’
     All declared Imports should be used.
Flavors: r-patched-solaris-x86, r-release-osx-x86_64-mavericks

Version: 3.1.2
Check: re-building of vignette outputs
Result: WARN
    Error in re-building vignettes:
     ...
    Warning in engine$weave(file, quiet = quiet, encoding = enc) :
     Pandoc (>= 1.12.3) and/or pandoc-citeproc not available. Falling back to R Markdown v1.
    Warning in predictExtrapUp(alpha, lambda, beta, predictPositionsRescaled[depthIndRange], :
     Unable to find suitable chronologies for top of core - truncated to date of extraction
    Warning in predictExtrapUp(alpha, lambda, beta, predictPositionsRescaled[depthIndRange], :
     Unable to find suitable chronologies for top of core - truncated to date of extraction
    Warning in predictExtrapUp(alpha, lambda, beta, predictPositionsRescaled[depthIndRange], :
     Unable to find suitable chronologies for top of core - truncated to date of extraction
    Warning in predictExtrapUp(alpha, lambda, beta, predictPositionsRescaled[depthIndRange], :
     Unable to find suitable chronologies for top of core - truncated to date of extraction
Flavor: r-patched-solaris-x86