CRAN Package Check Results for Package Bclim

Last updated on 2015-03-03 14:47:17.

Flavor Version Tinstall Tcheck Ttotal Status Flags
r-devel-linux-x86_64-debian-clang 2.3.1 1.69 12.72 14.42 NOTE
r-devel-linux-x86_64-debian-gcc 2.3.1 2.04 12.00 14.04 NOTE
r-devel-linux-x86_64-fedora-clang 2.3.1 28.00 NOTE
r-devel-linux-x86_64-fedora-gcc 2.3.1 25.88 NOTE
r-devel-osx-x86_64-clang 2.3.1 28.67 NOTE
r-devel-windows-ix86+x86_64 2.3.1 16.00 33.00 49.00 NOTE
r-patched-linux-x86_64 2.3.1 2.30 14.85 17.15 NOTE
r-patched-solaris-sparc 2.3.1 213.80 NOTE
r-patched-solaris-x86 2.3.1 47.60 NOTE
r-release-linux-ix86 2.3.1 2.63 21.20 23.83 NOTE
r-release-linux-x86_64 2.3.1 2.24 16.26 18.50 NOTE
r-release-osx-x86_64-mavericks 2.3.1 NOTE
r-release-osx-x86_64-snowleopard 2.3.1 OK
r-release-windows-ix86+x86_64 2.3.1 17.00 45.00 62.00 NOTE
r-oldrel-windows-ix86+x86_64 2.3.1 10.00 34.00 44.00 NOTE

Check Details

Version: 2.3.1
Check: R code for possible problems
Result: NOTE
    BclimMixPar: no visible global function definition for ‘%dopar%’
    BclimMixPar: no visible global function definition for ‘icount’
Flavors: r-devel-linux-x86_64-debian-clang, r-devel-linux-x86_64-debian-gcc, r-devel-linux-x86_64-fedora-clang, r-devel-linux-x86_64-fedora-gcc, r-devel-osx-x86_64-clang, r-devel-windows-ix86+x86_64, r-patched-linux-x86_64, r-patched-solaris-sparc, r-patched-solaris-x86, r-release-linux-ix86, r-release-linux-x86_64, r-release-osx-x86_64-mavericks, r-release-windows-ix86+x86_64

Version: 2.3.1
Check: package dependencies
Result: NOTE
    Package suggested but not available for checking: 'doMC'
Flavors: r-devel-windows-ix86+x86_64, r-release-windows-ix86+x86_64, r-oldrel-windows-ix86+x86_64

Version: 2.3.1
Check: R code for possible problems
Result: NOTE
    BclimMixPar: no visible global function definition for 'icount'
Flavor: r-oldrel-windows-ix86+x86_64