CRAN Package Check Results for Package Bclim

Last updated on 2014-07-25 23:48:33.

Flavor Version Tinstall Tcheck Ttotal Status Flags
r-devel-linux-x86_64-debian-clang 2.3.1 1.66 15.05 16.71 OK
r-devel-linux-x86_64-debian-gcc 2.3.1 2.18 14.32 16.50 OK
r-devel-linux-x86_64-fedora-clang 2.3.1 32.43 OK
r-devel-linux-x86_64-fedora-gcc 2.3.1 31.72 OK
r-devel-osx-x86_64-clang 2.3.1 32.52 OK
r-devel-windows-ix86+x86_64 2.3.1 9.00 33.00 42.00 NOTE
r-patched-linux-x86_64 2.3.1 2.79 15.18 17.97 OK
r-patched-solaris-sparc 2.3.1 176.30 OK
r-patched-solaris-x86 2.3.1 45.10 OK
r-release-linux-ix86 2.3.1 2.68 21.46 24.14 OK
r-release-linux-x86_64 2.3.1 3.31 14.93 18.24 OK
r-release-osx-x86_64-mavericks 2.3.1 OK
r-release-osx-x86_64-snowleopard 2.3.1 OK
r-release-windows-ix86+x86_64 2.3.1 9.00 33.00 42.00 NOTE
r-oldrel-windows-ix86+x86_64 2.3.1 9.00 33.00 42.00 NOTE

Check Details

Version: 2.3.1
Check: package dependencies
Result: NOTE
    Package suggested but not available for checking: 'doMC'
Flavors: r-devel-windows-ix86+x86_64, r-release-windows-ix86+x86_64, r-oldrel-windows-ix86+x86_64

Version: 2.3.1
Check: R code for possible problems
Result: NOTE
    BclimMixPar: no visible global function definition for 'icount'
Flavors: r-devel-windows-ix86+x86_64, r-release-windows-ix86+x86_64, r-oldrel-windows-ix86+x86_64