CRAN Package Check Results for Package Bclim

Last updated on 2018-04-22 00:46:23 CEST.

Flavor Version Tinstall Tcheck Ttotal Status Flags
r-devel-linux-x86_64-debian-clang 3.1.2 3.90 19.67 23.57 NOTE --no-vignettes
r-devel-linux-x86_64-debian-gcc 3.1.2 2.78 15.50 18.28 NOTE --no-vignettes
r-devel-linux-x86_64-fedora-clang 3.1.2 28.74 NOTE --no-vignettes
r-devel-linux-x86_64-fedora-gcc 3.1.2 27.76 NOTE --no-vignettes
r-devel-windows-ix86+x86_64 3.1.2 13.00 46.00 59.00 NOTE --no-vignettes
r-devel-osx-x86_64 3.1.2 FAIL
r-patched-linux-x86_64 3.1.2 4.09 19.33 23.42 NOTE --no-vignettes
r-patched-solaris-x86 3.1.2 2006.40 WARN
r-release-linux-x86_64 3.1.2 3.11 18.80 21.91 NOTE --no-vignettes
r-release-windows-ix86+x86_64 3.1.2 9.00 52.00 61.00 NOTE --no-vignettes
r-release-osx-x86_64 3.1.2 NOTE
r-oldrel-windows-ix86+x86_64 3.1.2 12.00 53.00 65.00 OK --no-vignettes

Check Details

Version: 3.1.2
Flags: --no-vignettes
Check: compiled code
Result: NOTE
    File ‘Bclim/libs/Bclim.so’:
     Found no calls to: ‘R_registerRoutines’, ‘R_useDynamicSymbols’
    
    It is good practice to register native routines and to disable symbol
    search.
    
    See ‘Writing portable packages’ in the ‘Writing R Extensions’ manual.
Flavors: r-devel-linux-x86_64-debian-clang, r-devel-linux-x86_64-debian-gcc, r-devel-linux-x86_64-fedora-clang, r-devel-linux-x86_64-fedora-gcc, r-patched-linux-x86_64, r-release-linux-x86_64

Version: 3.1.2
Flags: --no-vignettes
Check: dependencies in R code
Result: NOTE
    Namespace in Imports field not imported from: ‘ggplot2’
     All declared Imports should be used.
Flavors: r-devel-linux-x86_64-fedora-clang, r-devel-linux-x86_64-fedora-gcc

Version: 3.1.2
Flags: --no-vignettes
Check: DESCRIPTION meta-information
Result: NOTE
    NeedsCompilation field should likely be 'yes'
Flavors: r-devel-windows-ix86+x86_64, r-release-windows-ix86+x86_64

Version: 3.1.2
Check: dependencies in R code
Result: NOTE
    Namespace in Imports field not imported from: ‘ggplot2’
     All declared Imports should be used.
Flavors: r-devel-osx-x86_64, r-patched-solaris-x86, r-release-osx-x86_64

Version: 3.1.2
Check: re-building of vignette outputs
Result: WARN
    Error in re-building vignettes:
     ...
    Warning in engine$weave(file, quiet = quiet, encoding = enc) :
     Pandoc (>= 1.12.3) and/or pandoc-citeproc not available. Falling back to R Markdown v1.
    Warning in predictExtrapUp(alpha, lambda, beta, predictPositionsRescaled[depthIndRange], :
     Unable to find suitable chronologies for top of core - truncated to date of extraction
    Warning in predictExtrapUp(alpha, lambda, beta, predictPositionsRescaled[depthIndRange], :
     Unable to find suitable chronologies for top of core - truncated to date of extraction
    Warning in predictExtrapUp(alpha, lambda, beta, predictPositionsRescaled[depthIndRange], :
     Unable to find suitable chronologies for top of core - truncated to date of extraction
    Warning in predictExtrapUp(alpha, lambda, beta, predictPositionsRescaled[depthIndRange], :
     Unable to find suitable chronologies for top of core - truncated to date of extraction
    Warning in predictExtrapUp(alpha, lambda, beta, predictPositionsRescaled[depthIndRange], :
     Unable to find suitable chronologies for top of core - truncated to date of extraction
    
    Execution halted
Flavor: r-devel-osx-x86_64

Version: 3.1.2
Check: PDF version of manual
Result: FAIL
    
Flavor: r-devel-osx-x86_64

Version: 3.1.2
Check: re-building of vignette outputs
Result: WARN
    Error in re-building vignettes:
     ...
    Warning in engine$weave(file, quiet = quiet, encoding = enc) :
     The vignette engine knitr::rmarkdown is not available, because the rmarkdown package is not installed. Please install it.
Flavor: r-patched-solaris-x86