Last updated on 2023-06-01 23:56:11 CEST.
Flavor | Version | Tinstall | Tcheck | Ttotal | Status | Flags |
---|---|---|---|---|---|---|
r-devel-linux-x86_64-debian-clang | 2.0.3 | 104.46 | 98.08 | 202.54 | OK | |
r-devel-linux-x86_64-debian-gcc | 2.0.3 | 89.99 | 83.60 | 173.59 | OK | |
r-devel-linux-x86_64-fedora-clang | 2.0.3 | 251.80 | OK | |||
r-devel-linux-x86_64-fedora-gcc | 2.0.3 | 293.18 | OK | |||
r-devel-windows-x86_64 | 2.0.3 | 74.00 | 120.00 | 194.00 | OK | |
r-patched-linux-x86_64 | 2.0.3 | OK | ||||
r-release-linux-x86_64 | 2.0.3 | 92.30 | 101.96 | 194.26 | OK | |
r-release-macos-arm64 | 2.0.3 | 81.00 | NOTE | |||
r-release-macos-x86_64 | 2.0.3 | 126.00 | NOTE | |||
r-release-windows-x86_64 | 2.0.3 | 91.00 | 145.00 | 236.00 | OK | |
r-oldrel-macos-arm64 | 2.0.3 | 74.00 | NOTE | |||
r-oldrel-macos-x86_64 | 2.0.3 | 90.00 | NOTE | |||
r-oldrel-windows-x86_64 | 2.0.3 | 86.00 | 138.00 | 224.00 | OK |
Version: 2.0.3
Check: installed package size
Result: NOTE
installed size is 27.9Mb
sub-directories of 1Mb or more:
libs 26.9Mb
Flavors: r-release-macos-arm64, r-release-macos-x86_64, r-oldrel-macos-arm64, r-oldrel-macos-x86_64