CRAN Package Check Results for Package BeastJar

Last updated on 2024-02-28 04:16:17 CET.

Flavor Version Tinstall Tcheck Ttotal Status Flags
r-devel-linux-x86_64-debian-clang 1.10.6 4.38 41.86 46.24 NOTE
r-devel-linux-x86_64-debian-gcc 1.10.6 3.00 31.54 34.54 NOTE
r-devel-linux-x86_64-fedora-clang 1.10.6 55.97 NOTE
r-devel-linux-x86_64-fedora-gcc 1.10.6 54.46 NOTE
r-devel-windows-x86_64 1.10.6 4.00 51.00 55.00 NOTE
r-patched-linux-x86_64 1.10.6 3.99 40.45 44.44 NOTE
r-release-linux-x86_64 1.10.6 3.78 40.65 44.43 NOTE
r-release-macos-arm64 1.10.6 25.00 NOTE
r-release-macos-x86_64 1.10.6 35.00 NOTE
r-release-windows-x86_64 1.10.6 5.00 54.00 59.00 NOTE
r-oldrel-macos-arm64 1.10.6 25.00 NOTE
r-oldrel-windows-x86_64 1.10.6 7.00 58.00 65.00 NOTE

Check Details

Version: 1.10.6
Check: LazyData
Result: NOTE 'LazyData' is specified without a 'data' directory Flavors: r-devel-linux-x86_64-debian-clang, r-devel-linux-x86_64-debian-gcc, r-devel-linux-x86_64-fedora-clang, r-devel-linux-x86_64-fedora-gcc, r-devel-windows-x86_64, r-patched-linux-x86_64, r-release-linux-x86_64, r-release-macos-arm64, r-release-macos-x86_64, r-release-windows-x86_64, r-oldrel-macos-arm64, r-oldrel-windows-x86_64

Version: 1.10.6
Check: installed package size
Result: NOTE installed size is 7.8Mb sub-directories of 1Mb or more: java 7.7Mb Flavors: r-devel-linux-x86_64-fedora-clang, r-devel-windows-x86_64, r-release-macos-arm64, r-release-macos-x86_64, r-release-windows-x86_64, r-oldrel-macos-arm64, r-oldrel-windows-x86_64