CRAN Package Check Results for Package Benchmarking

Last updated on 2022-10-05 07:51:29 CEST.

Flavor Version Tinstall Tcheck Ttotal Status Flags
r-devel-linux-x86_64-debian-clang 0.30 35.79 71.24 107.03 OK
r-devel-linux-x86_64-debian-gcc 0.30 28.01 53.17 81.18 OK
r-devel-linux-x86_64-fedora-clang 0.30 172.52 WARN
r-devel-linux-x86_64-fedora-gcc 0.30 151.39 OK
r-devel-windows-x86_64 0.30 74.00 117.00 191.00 OK
r-patched-linux-x86_64 0.30 35.04 66.01 101.05 OK
r-release-linux-x86_64 0.30 34.10 65.85 99.95 OK
r-release-macos-arm64 0.30 46.00 OK
r-release-macos-x86_64 0.30 59.00 OK
r-release-windows-x86_64 0.30 94.00 122.00 216.00 OK
r-oldrel-macos-arm64 0.30 39.00 OK
r-oldrel-macos-x86_64 0.30 55.00 OK
r-oldrel-windows-ix86+x86_64 0.30 87.00 114.00 201.00 OK

Additional issues

clang15 clang15

Check Details

Version: 0.30
Check: whether package can be installed
Result: WARN
    Found the following significant warnings:
     chol_down.cpp:21:20: warning: invalid UTF-8 in comment [-Winvalid-utf8]
     chol_down.cpp:22:5: warning: invalid UTF-8 in comment [-Winvalid-utf8]
     chol_down.cpp:23:32: warning: invalid UTF-8 in comment [-Winvalid-utf8]
     chol_down.cpp:49:49: warning: invalid UTF-8 in comment [-Winvalid-utf8]
     chol_down.cpp:51:17: warning: invalid UTF-8 in comment [-Winvalid-utf8]
     chol_down.cpp:51:57: warning: invalid UTF-8 in comment [-Winvalid-utf8]
     chol_down.cpp:101:7: warning: invalid UTF-8 in comment [-Winvalid-utf8]
     chol_down.cpp:101:25: warning: invalid UTF-8 in comment [-Winvalid-utf8]
     chol_down.cpp:205:5: warning: invalid UTF-8 in comment [-Winvalid-utf8]
     outlier.cpp:59:30: warning: invalid UTF-8 in comment [-Winvalid-utf8]
Flavor: r-devel-linux-x86_64-fedora-clang