CRAN Package Check Results for Package Bergm

Last updated on 2014-04-24 15:50:34.

Flavor Version Tinstall Tcheck Ttotal Status Flags
r-devel-linux-x86_64-debian-clang 2.6 3.81 55.21 59.02 NOTE
r-devel-linux-x86_64-debian-gcc 2.6 3.71 54.32 58.04 NOTE
r-devel-linux-x86_64-fedora-clang 2.6 132.61 NOTE
r-devel-linux-x86_64-fedora-gcc 2.6 126.82 NOTE
r-devel-osx-x86_64-clang 2.6 107.73 NOTE
r-devel-osx-x86_64-gcc 2.6 ERROR
r-devel-windows-ix86+x86_64 2.6 12.00 78.00 90.00 NOTE
r-patched-linux-x86_64 2.6 4.46 54.33 58.79 NOTE
r-patched-solaris-sparc 2.6 684.10 NOTE
r-patched-solaris-x86 2.6 161.00 NOTE
r-release-linux-ix86 2.6 6.00 84.00 90.00 NOTE
r-release-linux-x86_64 2.6 4.33 53.49 57.82 NOTE
r-release-osx-x86_64-mavericks 2.6 WARN
r-release-windows-ix86+x86_64 2.6 10.00 77.00 87.00 NOTE
r-oldrel-windows-ix86+x86_64 2.6 11.00 72.00 83.00 NOTE

Check Details

Version: 2.6
Check: dependencies in R code
Result: NOTE
    Package in Depends field not imported from: ‘network’
     These packages need to be imported from (in the NAMESPACE file)
     for when this namespace is loaded but not attached.
    See the information on DESCRIPTION files in the chapter ‘Creating R
    packages’ of the ‘Writing R Extensions’ manual.
Flavors: r-devel-linux-x86_64-debian-clang, r-devel-linux-x86_64-debian-gcc, r-devel-linux-x86_64-fedora-clang, r-devel-linux-x86_64-fedora-gcc, r-devel-osx-x86_64-clang, r-devel-windows-ix86+x86_64, r-patched-linux-x86_64, r-patched-solaris-sparc, r-patched-solaris-x86, r-release-linux-ix86, r-release-linux-x86_64, r-release-osx-x86_64-mavericks, r-release-windows-ix86+x86_64, r-oldrel-windows-ix86+x86_64

Version: 2.6
Check: package dependencies
Result: ERROR
    Package required but not available: ‘ergm’
    
    See the information on DESCRIPTION files in the chapter ‘Creating R
    packages’ of the ‘Writing R Extensions’ manual.
Flavor: r-devel-osx-x86_64-gcc

Version: 2.6
Check: PDF version of manual
Result: WARNING
    LaTeX errors when creating PDF version.
    This typically indicates Rd problems.
    LaTeX errors found:
    ! LaTeX Error: File `upquote.sty' not found.
    
    Type X to quit or <RETURN> to proceed,
    or enter new name. (Default extension: sty)
    
    0a5185/Rd2.tex:8: ==> Fatal error occurred, no output PDF file produced!
Flavor: r-release-osx-x86_64-mavericks