CRAN Package Check Results for Package Bergm

Last updated on 2015-07-31 11:49:01.

Flavor Version Tinstall Tcheck Ttotal Status Flags
r-devel-linux-x86_64-debian-clang 3.0.1 3.00 51.13 54.13 NOTE
r-devel-linux-x86_64-debian-gcc 3.0.1 3.99 47.85 51.84 NOTE
r-devel-linux-x86_64-fedora-clang 3.0.1 107.60 NOTE
r-devel-linux-x86_64-fedora-gcc 3.0.1 102.52 NOTE
r-devel-osx-x86_64-clang 3.0.1 86.91 NOTE
r-devel-windows-ix86+x86_64 3.0.1 11.00 67.00 78.00 NOTE
r-patched-linux-x86_64 3.0.1 2.90 48.71 51.61 NOTE
r-patched-solaris-sparc 3.0.1 652.60 NOTE
r-patched-solaris-x86 3.0.1 138.70 NOTE
r-release-linux-x86_64 3.0.1 2.98 50.21 53.19 NOTE
r-release-osx-x86_64-mavericks 3.0.1 NOTE
r-release-windows-ix86+x86_64 3.0.1 11.00 80.00 91.00 NOTE
r-oldrel-windows-ix86+x86_64 3.0.1 13.00 109.00 122.00 OK

Check Details

Version: 3.0.1
Check: DESCRIPTION meta-information
Result: NOTE
    Malformed Description field: should contain one or more complete sentences.
Flavors: r-devel-linux-x86_64-debian-clang, r-devel-linux-x86_64-debian-gcc, r-devel-linux-x86_64-fedora-clang, r-devel-linux-x86_64-fedora-gcc, r-devel-osx-x86_64-clang, r-devel-windows-ix86+x86_64, r-patched-linux-x86_64, r-patched-solaris-sparc, r-patched-solaris-x86, r-release-linux-x86_64, r-release-osx-x86_64-mavericks, r-release-windows-ix86+x86_64

Version: 3.0.1
Check: R code for possible problems
Result: NOTE
    abergm: no visible global function definition for ‘runif’
    abergm: no visible global function definition for ‘cov’
    bbeta: no visible global function definition for ‘runif’
    bbeta: no visible global function definition for ‘combn’
    bbeta.output: no visible binding for global variable ‘sd’
    bbeta.output: no visible global function definition for ‘dev.new’
    bbeta.output: no visible global function definition for ‘par’
    bbeta.output: no visible global function definition for ‘density’
    bbeta.output: no visible global function definition for ‘axis’
    bbeta.output: no visible global function definition for ‘title’
    bergm: no visible global function definition for ‘runif’
    bergm.output: no visible binding for global variable ‘sd’
    bergm.output: no visible global function definition for ‘dev.new’
    bergm.output: no visible global function definition for ‘par’
    bergm.output: no visible global function definition for ‘plot’
    bergm.output: no visible global function definition for ‘density’
    bergm.output: no visible global function definition for ‘axis’
    bergm.output: no visible global function definition for ‘title’
    bergmS: no visible global function definition for ‘cov’
    bergmS: no visible global function definition for ‘var’
    bergmS: no visible global function definition for ‘runif’
    bergmS.output: no visible global function definition for ‘par’
    bergmS.output: no visible global function definition for ‘plot’
    bergmS.output: no visible global function definition for ‘axis’
    bergmS.output: no visible global function definition for ‘title’
    bergmS.output: no visible binding for global variable ‘sd’
    bergmS.output: no visible global function definition for ‘dev.new’
    bergmS.output: no visible global function definition for ‘density’
    bgof: no visible binding for global variable ‘quantile’
    bgof: no visible global function definition for ‘par’
    bgof: no visible global function definition for ‘boxplot’
    bgof: no visible global function definition for ‘axis’
    bgof: no visible global function definition for ‘lines’
    bgof: no visible global function definition for ‘title’
    Undefined global functions or variables:
     axis boxplot combn cov density dev.new lines par plot quantile runif
     sd title var
    Consider adding
     importFrom("grDevices", "dev.new")
     importFrom("graphics", "axis", "boxplot", "lines", "par", "plot",
     "title")
     importFrom("stats", "cov", "density", "quantile", "runif", "sd", "var")
     importFrom("utils", "combn")
    to your NAMESPACE.
Flavors: r-devel-linux-x86_64-debian-clang, r-devel-linux-x86_64-debian-gcc, r-devel-linux-x86_64-fedora-clang, r-devel-linux-x86_64-fedora-gcc, r-devel-windows-ix86+x86_64