CRAN Package Check Results for Package Bergm

Last updated on 2015-03-29 04:50:13.

Flavor Version Tinstall Tcheck Ttotal Status Flags
r-devel-linux-x86_64-debian-clang 3.0.1 2.82 49.07 51.90 NOTE
r-devel-linux-x86_64-debian-gcc 3.0.1 2.78 49.34 52.13 NOTE
r-devel-linux-x86_64-fedora-clang 3.0.1 113.85 NOTE
r-devel-linux-x86_64-fedora-gcc 3.0.1 103.54 NOTE
r-devel-osx-x86_64-clang 3.0.1 97.77 NOTE
r-prerel-windows-ix86+x86_64 3.0.1 11.00 76.00 87.00 NOTE
r-prerel-linux-x86_64 3.0.1 2.83 49.27 52.10 NOTE
r-prerel-solaris-sparc 3.0.1 650.90 NOTE
r-prerel-solaris-x86 3.0.1 138.20 NOTE
r-release-linux-x86_64 3.0.1 4.16 64.10 68.26 OK
r-release-osx-x86_64-mavericks 3.0.1 OK
r-release-osx-x86_64-snowleopard 3.0.1 OK
r-release-windows-ix86+x86_64 3.0.1 12.00 97.00 109.00 OK
r-oldrel-windows-ix86+x86_64 3.0.1 11.00 100.00 111.00 OK

Check Details

Version: 3.0.1
Check: DESCRIPTION meta-information
Result: NOTE
    Malformed Description field: should contain one or more complete sentences.
Flavors: r-devel-linux-x86_64-debian-clang, r-devel-linux-x86_64-debian-gcc, r-devel-linux-x86_64-fedora-clang, r-devel-linux-x86_64-fedora-gcc, r-devel-osx-x86_64-clang, r-prerel-windows-ix86+x86_64, r-prerel-linux-x86_64, r-prerel-solaris-sparc, r-prerel-solaris-x86