CRAN Package Check Results for Package Bergm

Last updated on 2018-06-21 23:50:11 CEST.

Flavor Version Tinstall Tcheck Ttotal Status Flags
r-devel-linux-x86_64-debian-clang 4.1.0 6.72 72.79 79.51 WARN
r-devel-linux-x86_64-debian-gcc 4.1.0 5.80 65.37 71.17 WARN
r-devel-linux-x86_64-fedora-clang 4.1.0 104.27 WARN
r-devel-linux-x86_64-fedora-gcc 4.1.0 100.48 WARN
r-devel-windows-ix86+x86_64 4.1.0 15.00 81.00 96.00 WARN
r-patched-linux-x86_64 4.1.0 5.71 72.46 78.17 WARN
r-patched-solaris-x86 4.1.0 144.30 WARN
r-release-linux-x86_64 4.1.0 5.29 74.08 79.37 WARN
r-release-windows-ix86+x86_64 4.1.0 10.00 76.00 86.00 WARN
r-release-osx-x86_64 4.1.0 OK
r-oldrel-windows-ix86+x86_64 4.1.0 8.00 84.00 92.00 WARN
r-oldrel-osx-x86_64 4.1.0 OK

Check Details

Version: 4.1.0
Check: examples
Result: WARN
    Found the following significant warnings:
    
     Warning: 'term.list.formula' is deprecated.
     Warning: 'term.list.formula' is deprecated.
     Warning: 'term.list.formula' is deprecated.
     Warning: 'term.list.formula' is deprecated.
     Warning: 'term.list.formula' is deprecated.
     Warning: 'term.list.formula' is deprecated.
     Warning: 'term.list.formula' is deprecated.
     Warning: 'term.list.formula' is deprecated.
     Warning: 'ergm.update.formula' is deprecated.
     Warning: 'term.list.formula' is deprecated.
     Warning: 'term.list.formula' is deprecated.
     Warning: 'ergm.update.formula' is deprecated.
     Warning: 'term.list.formula' is deprecated.
     Warning: 'term.list.formula' is deprecated.
     Warning: 'term.list.formula' is deprecated.
     Warning: 'term.list.formula' is deprecated.
     Warning: 'term.list.formula' is deprecated.
     Warning: 'term.list.formula' is deprecated.
     Warning: 'term.list.formula' is deprecated.
     Warning: 'ergm.update.formula' is deprecated.
     Warning: 'term.list.formula' is deprecated.
     Warning: 'term.list.formula' is deprecated.
     Warning: 'ergm.update.formula' is deprecated.
     Warning: 'term.list.formula' is deprecated.
     Warning: 'term.list.formula' is deprecated.
     Warning: 'term.list.formula' is deprecated.
     Warning: 'term.list.formula' is deprecated.
     Warning: 'term.list.formula' is deprecated.
     Warning: 'term.list.formula' is deprecated.
     Warning: 'term.list.formula' is deprecated.
     Warning: 'ergm.update.formula' is deprecated.
     Warning: 'term.list.formula' is deprecated.
     Warning: 'term.list.formula' is deprecated.
     Warning: 'ergm.update.formula' is deprecated.
     Warning: 'term.list.formula' is deprecated.
     Warning: 'term.list.formula' is deprecated.
     Warning: 'term.list.formula' is deprecated.
     Warning: 'term.list.formula' is deprecated.
     Warning: 'term.list.formula' is deprecated.
     Warning: 'term.list.formula' is deprecated.
     Warning: 'term.list.formula' is deprecated.
     Warning: 'ergm.update.formula' is deprecated.
     Warning: 'term.list.formula' is deprecated.
     Warning: 'term.list.formula' is deprecated.
     Warning: 'ergm.update.formula' is deprecated.
     Warning: 'term.list.formula' is deprecated.
     Warning: 'term.list.formula' is deprecated.
     Warning: 'term.list.formula' is deprecated.
     Warning: 'term.list.formula' is deprecated.
     Warning: 'term.list.formula' is deprecated.
     Warning: 'term.list.formula' is deprecated.
     Warning: 'term.list.formula' is deprecated.
     Warning: 'ergm.update.formula' is deprecated.
     Warning: 'term.list.formula' is deprecated.
     Warning: 'term.list.formula' is deprecated.
     Warning: 'ergm.update.formula' is deprecated.
     Warning: 'term.list.formula' is deprecated.
     Warning: 'term.list.formula' is deprecated.
     Warning: 'term.list.formula' is deprecated.
     Warning: 'term.list.formula' is deprecated.
     Warning: 'term.list.formula' is deprecated.
     Warning: 'term.list.formula' is deprecated.
     Warning: 'term.list.formula' is deprecated.
     Warning: 'ergm.update.formula' is deprecated.
     Warning: 'term.list.formula' is deprecated.
     Warning: 'term.list.formula' is deprecated.
     Warning: 'ergm.update.formula' is deprecated.
     Warning: 'term.list.formula' is deprecated.
     Warning: 'term.list.formula' is deprecated.
     Warning: 'term.list.formula' is deprecated.
     Warning: 'term.list.formula' is deprecated.
     Warning: 'term.list.formula' is deprecated.
     Warning: 'term.list.formula' is deprecated.
     Warning: 'term.list.formula' is deprecated.
     Warning: 'ergm.update.formula' is deprecated.
     Warning: 'term.list.formula' is deprecated.
     Warning: 'term.list.formula' is deprecated.
     Warning: 'ergm.update.formula' is deprecated.
     Warning: 'term.list.formula' is deprecated.
     Warning: 'term.list.formula' is deprecated.
     Warning: 'term.list.formula' is deprecated.
     Warning: 'term.list.formula' is deprecated.
     Warning: 'term.list.formula' is deprecated.
     Warning: 'term.list.formula' is deprecated.
     Warning: 'term.list.formula' is deprecated.
     Warning: 'ergm.update.formula' is deprecated.
     Warning: 'term.list.formula' is deprecated.
     Warning: 'term.list.formula' is deprecated.
     Warning: 'ergm.update.formula' is deprecated.
     Warning: 'term.list.formula' is deprecated.
     Warning: 'term.list.formula' is deprecated.
     Warning: 'term.list.formula' is deprecated.
     Warning: 'term.list.formula' is deprecated.
     Warning: 'term.list.formula' is deprecated.
     Warning: 'term.list.formula' is deprecated.
     Warning: 'term.list.formula' is deprecated.
     Warning: 'ergm.update.formula' is deprecated.
     Warning: 'term.list.formula' is deprecated.
     Warning: 'term.list.formula' is deprecated.
     Warning: 'ergm.update.formula' is deprecated.
     Warning: 'term.list.formula' is deprecated.
     Warning: 'term.list.formula' is deprecated.
     Warning: 'term.list.formula' is deprecated.
     Warning: 'term.list.formula' is deprecated.
     Warning: 'term.list.formula' is deprecated.
     Warning: 'term.list.formula' is deprecated.
     Warning: 'term.list.formula' is deprecated.
     Warning: 'ergm.update.formula' is deprecated.
     Warning: 'term.list.formula' is deprecated.
     Warning: 'term.list.formula' is deprecated.
     Warning: 'ergm.update.formula' is deprecated.
     Warning: 'term.list.formula' is deprecated.
     Warning: 'term.list.formula' is deprecated.
     Warning: 'term.list.formula' is deprecated.
     Warning: 'term.list.formula' is deprecated.
     Warning: 'term.list.formula' is deprecated.
     Warning: 'term.list.formula' is deprecated.
     Warning: 'term.list.formula' is deprecated.
     Warning: 'ergm.update.formula' is deprecated.
     Warning: 'term.list.formula' is deprecated.
     Warning: 'term.list.formula' is deprecated.
     Warning: 'ergm.update.formula' is deprecated.
     Warning: 'term.list.formula' is deprecated.
     Warning: 'term.list.formula' is deprecated.
     Warning: 'term.list.formula' is deprecated.
     Warning: 'term.list.formula' is deprecated.
     Warning: 'term.list.formula' is deprecated.
     Warning: 'term.list.formula' is deprecated.
     Warning: 'term.list.formula' is deprecated.
     Warning: 'ergm.update.formula' is deprecated.
     Warning: 'term.list.formula' is deprecated.
     Warning: 'term.list.formula' is deprecated.
     Warning: 'ergm.update.formula' is deprecated.
     Warning: 'term.list.formula' is deprecated.
     Warning: 'term.list.formula' is deprecated.
     Warning: 'term.list.formula' is deprecated.
     Warning: 'term.list.formula' is deprecated.
     Warning: 'term.list.formula' is deprecated.
     Warning: 'term.list.formula' is deprecated.
     Warning: 'term.list.formula' is deprecated.
     Warning: 'ergm.update.formula' is deprecated.
     Warning: 'term.list.formula' is deprecated.
     Warning: 'term.list.formula' is deprecated.
     Warning: 'ergm.update.formula' is deprecated.
     Warning: 'term.list.formula' is deprecated.
     Warning: 'term.list.formula' is deprecated.
     Warning: 'term.list.formula' is deprecated.
     Warning: 'term.list.formula' is deprecated.
     Warning: 'term.list.formula' is deprecated.
     Warning: 'term.list.formula' is deprecated.
     Warning: 'term.list.formula' is deprecated.
     Warning: 'ergm.update.formula' is deprecated.
     Warning: 'term.list.formula' is deprecated.
     Warning: 'term.list.formula' is deprecated.
     Warning: 'ergm.update.formula' is deprecated.
     Warning: 'term.list.formula' is deprecated.
     Warning: 'term.list.formula' is deprecated.
     Warning: 'term.list.formula' is deprecated.
     Warning: 'term.list.formula' is deprecated.
     Warning: 'term.list.formula' is deprecated.
     Warning: 'term.list.formula' is deprecated.
     Warning: 'term.list.formula' is deprecated.
     Warning: 'ergm.update.formula' is deprecated.
     Warning: 'term.list.formula' is deprecated.
     Warning: 'term.list.formula' is deprecated.
     Warning: 'ergm.update.formula' is deprecated.
     Warning: 'term.list.formula' is deprecated.
     Warning: 'term.list.formula' is deprecated.
     Warning: 'term.list.formula' is deprecated.
     Warning: 'term.list.formula' is deprecated.
     Warning: 'term.list.formula' is deprecated.
     Warning: 'term.list.formula' is deprecated.
     Warning: 'term.list.formula' is deprecated.
     Warning: 'ergm.update.formula' is deprecated.
     Warning: 'term.list.formula' is deprecated.
     Warning: 'term.list.formula' is deprecated.
     Warning: 'ergm.update.formula' is deprecated.
     Warning: 'term.list.formula' is deprecated.
     Warning: 'term.list.formula' is deprecated.
     Warning: 'term.list.formula' is deprecated.
     Warning: 'term.list.formula' is deprecated.
     Warning: 'term.list.formula' is deprecated.
     Warning: 'term.list.formula' is deprecated.
     Warning: 'term.list.formula' is deprecated.
     Warning: 'ergm.update.formula' is deprecated.
     Warning: 'term.list.formula' is deprecated.
     Warning: 'term.list.formula' is deprecated.
     Warning: 'ergm.update.formula' is deprecated.
     Warning: 'term.list.formula' is deprecated.
     Warning: 'term.list.formula' is deprecated.
     Warning: 'term.list.formula' is deprecated.
     Warning: 'term.list.formula' is deprecated.
     Warning: 'term.list.formula' is deprecated.
     Warning: 'term.list.formula' is deprecated.
     Warning: 'term.list.formula' is deprecated.
     Warning: 'ergm.update.formula' is deprecated.
     Warning: 'term.list.formula' is deprecated.
     Warning: 'term.list.formula' is deprecated.
     Warning: 'ergm.update.formula' is deprecated.
     Warning: 'term.list.formula' is deprecated.
     Warning: 'term.list.formula' is deprecated.
     Warning: 'term.list.formula' is deprecated.
     Warning: 'term.list.formula' is deprecated.
     Warning: 'term.list.formula' is deprecated.
     Warning: 'term.list.formula' is deprecated.
     Warning: 'term.list.formula' is deprecated.
     Warning: 'ergm.update.formula' is deprecated.
     Warning: 'term.list.formula' is deprecated.
     Warning: 'term.list.formula' is deprecated.
     Warning: 'ergm.update.formula' is deprecated.
     Warning: 'term.list.formula' is deprecated.
     Warning: 'term.list.formula' is deprecated.
     Warning: 'term.list.formula' is deprecated.
     Warning: 'term.list.formula' is deprecated.
     Warning: 'term.list.formula' is deprecated.
     Warning: 'term.list.formula' is deprecated.
     Warning: 'term.list.formula' is deprecated.
     Warning: 'ergm.update.formula' is deprecated.
     Warning: 'term.list.formula' is deprecated.
     Warning: 'term.list.formula' is deprecated.
     Warning: 'ergm.update.formula' is deprecated.
     Warning: 'term.list.formula' is deprecated.
     Warning: 'term.list.formula' is deprecated.
     Warning: 'term.list.formula' is deprecated.
     Warning: 'term.list.formula' is deprecated.
     Warning: 'term.list.formula' is deprecated.
     Warning: 'term.list.formula' is deprecated.
     Warning: 'term.list.formula' is deprecated.
     Warning: 'ergm.update.formula' is deprecated.
     Warning: 'term.list.formula' is deprecated.
     Warning: 'term.list.formula' is deprecated.
     Warning: 'ergm.update.formula' is deprecated.
     Warning: 'term.list.formula' is deprecated.
     Warning: 'term.list.formula' is deprecated.
     Warning: 'term.list.formula' is deprecated.
     Warning: 'term.list.formula' is deprecated.
     Warning: 'term.list.formula' is deprecated.
     Warning: 'term.list.formula' is deprecated.
     Warning: 'term.list.formula' is deprecated.
     Warning: 'ergm.update.formula' is deprecated.
     Warning: 'term.list.formula' is deprecated.
     Warning: 'term.list.formula' is deprecated.
     Warning: 'ergm.update.formula' is deprecated.
     Warning: 'term.list.formula' is deprecated.
     Warning: 'term.list.formula' is deprecated.
     Warning: 'term.list.formula' is deprecated.
     Warning: 'term.list.formula' is deprecated.
     Warning: 'term.list.formula' is deprecated.
     Warning: 'term.list.formula' is deprecated.
     Warning: 'term.list.formula' is deprecated.
     Warning: 'ergm.update.formula' is deprecated.
     Warning: 'term.list.formula' is deprecated.
     Warning: 'term.list.formula' is deprecated.
     Warning: 'ergm.update.formula' is deprecated.
     Warning: 'term.list.formula' is deprecated.
     Warning: 'term.list.formula' is deprecated.
     Warning: 'term.list.formula' is deprecated.
     Warning: 'term.list.formula' is deprecated.
     Warning: 'term.list.formula' is deprecated.
     Warning: 'term.list.formula' is deprecated.
     Warning: 'term.list.formula' is deprecated.
     Warning: 'ergm.update.formula' is deprecated.
     Warning: 'term.list.formula' is deprecated.
     Warning: 'term.list.formula' is deprecated.
     Warning: 'ergm.update.formula' is deprecated.
     Warning: 'term.list.formula' is deprecated.
     Warning: 'term.list.formula' is deprecated.
     Warning: 'term.list.formula' is deprecated.
     Warning: 'term.list.formula' is deprecated.
     Warning: 'term.list.formula' is deprecated.
     Warning: 'term.list.formula' is deprecated.
     Warning: 'term.list.formula' is deprecated.
     Warning: 'ergm.update.formula' is deprecated.
     Warning: 'term.list.formula' is deprecated.
     Warning: 'term.list.formula' is deprecated.
     Warning: 'ergm.update.formula' is deprecated.
     Warning: 'term.list.formula' is deprecated.
     Warning: 'term.list.formula' is deprecated.
     Warning: 'term.list.formula' is deprecated.
     Warning: 'term.list.formula' is deprecated.
     Warning: 'term.list.formula' is deprecated.
     Warning: 'term.list.formula' is deprecated.
     Warning: 'term.list.formula' is deprecated.
     Warning: 'ergm.update.formula' is deprecated.
     Warning: 'term.list.formula' is deprecated.
     Warning: 'term.list.formula' is deprecated.
     Warning: 'ergm.update.formula' is deprecated.
     Warning: 'term.list.formula' is deprecated.
     Warning: 'term.list.formula' is deprecated.
     Warning: 'term.list.formula' is deprecated.
     Warning: 'term.list.formula' is deprecated.
     Warning: 'term.list.formula' is deprecated.
     Warning: 'term.list.formula' is deprecated.
     Warning: 'term.list.formula' is deprecated.
     Warning: 'ergm.update.formula' is deprecated.
     Warning: 'term.list.formula' is deprecated.
     Warning: 'term.list.formula' is deprecated.
     Warning: 'ergm.update.formula' is deprecated.
     Warning: 'term.list.formula' is deprecated.
     Warning: 'term.list.formula' is deprecated.
     Warning: 'term.list.formula' is deprecated.
     Warning: 'term.list.formula' is deprecated.
     Warning: 'term.list.formula' is deprecated.
     Warning: 'term.list.formula' is deprecated.
     Warning: 'term.list.formula' is deprecated.
     Warning: 'ergm.update.formula' is deprecated.
     Warning: 'term.list.formula' is deprecated.
     Warning: 'term.list.formula' is deprecated.
     Warning: 'ergm.update.formula' is deprecated.
     Warning: 'term.list.formula' is deprecated.
     Warning: 'term.list.formula' is deprecated.
     Warning: 'term.list.formula' is deprecated.
     Warning: 'term.list.formula' is deprecated.
     Warning: 'term.list.formula' is deprecated.
     Warning: 'term.list.formula' is deprecated.
     Warning: 'term.list.formula' is deprecated.
     Warning: 'ergm.update.formula' is deprecated.
     Warning: 'term.list.formula' is deprecated.
     Warning: 'term.list.formula' is deprecated.
     Warning: 'ergm.update.formula' is deprecated.
     Warning: 'term.list.formula' is deprecated.
     Warning: 'term.list.formula' is deprecated.
     Warning: 'term.list.formula' is deprecated.
     Warning: 'term.list.formula' is deprecated.
     Warning: 'term.list.formula' is deprecated.
     Warning: 'term.list.formula' is deprecated.
     Warning: 'term.list.formula' is deprecated.
     Warning: 'ergm.update.formula' is deprecated.
     Warning: 'term.list.formula' is deprecated.
     Warning: 'term.list.formula' is deprecated.
     Warning: 'ergm.update.formula' is deprecated.
     Warning: 'term.list.formula' is deprecated.
     Warning: 'term.list.formula' is deprecated.
     Warning: 'term.list.formula' is deprecated.
     Warning: 'term.list.formula' is deprecated.
     Warning: 'term.list.formula' is deprecated.
     Warning: 'term.list.formula' is deprecated.
     Warning: 'term.list.formula' is deprecated.
     Warning: 'ergm.update.formula' is deprecated.
     Warning: 'term.list.formula' is deprecated.
     Warning: 'term.list.formula' is deprecated.
     Warning: 'ergm.update.formula' is deprecated.
     Warning: 'term.list.formula' is deprecated.
     Warning: 'term.list.formula' is deprecated.
     Warning: 'term.list.formula' is deprecated.
     Warning: 'term.list.formula' is deprecated.
     Warning: 'term.list.formula' is deprecated.
     Warning: 'term.list.formula' is deprecated.
     Warning: 'term.list.formula' is deprecated.
     Warning: 'ergm.update.formula' is deprecated.
     Warning: 'term.list.formula' is deprecated.
     Warning: 'term.list.formula' is deprecated.
     Warning: 'ergm.update.formula' is deprecated.
     Warning: 'term.list.formula' is deprecated.
     Warning: 'term.list.formula' is deprecated.
     Warning: 'term.list.formula' is deprecated.
     Warning: 'term.list.formula' is deprecated.
     Warning: 'term.list.formula' is deprecated.
     Warning: 'term.list.formula' is deprecated.
     Warning: 'term.list.formula' is deprecated.
     Warning: 'ergm.update.formula' is deprecated.
     Warning: 'term.list.formula' is deprecated.
     Warning: 'term.list.formula' is deprecated.
     Warning: 'ergm.update.formula' is deprecated.
     Warning: 'term.list.formula' is deprecated.
     Warning: 'term.list.formula' is deprecated.
     Warning: 'term.list.formula' is deprecated.
     Warning: 'term.list.formula' is deprecated.
     Warning: 'term.list.formula' is deprecated.
     Warning: 'term.list.formula' is deprecated.
     Warning: 'term.list.formula' is deprecated.
     Warning: 'ergm.update.formula' is deprecated.
     Warning: 'term.list.formula' is deprecated.
     Warning: 'term.list.formula' is deprecated.
     Warning: 'ergm.update.formula' is deprecated.
     Warning: 'term.list.formula' is deprecated.
     Warning: 'term.list.formula' is deprecated.
     Warning: 'term.list.formula' is deprecated.
     Warning: 'term.list.formula' is deprecated.
     Warning: 'term.list.formula' is deprecated.
     Warning: 'term.list.formula' is deprecated.
     Warning: 'term.list.formula' is deprecated.
     Warning: 'ergm.update.formula' is deprecated.
     Warning: 'term.list.formula' is deprecated.
     Warning: 'term.list.formula' is deprecated.
     Warning: 'ergm.update.formula' is deprecated.
     Warning: 'term.list.formula' is deprecated.
     Warning: 'term.list.formula' is deprecated.
     Warning: 'term.list.formula' is deprecated.
     Warning: 'term.list.formula' is deprecated.
     Warning: 'term.list.formula' is deprecated.
     Warning: 'term.list.formula' is deprecated.
     Warning: 'term.list.formula' is deprecated.
     Warning: 'ergm.update.formula' is deprecated.
     Warning: 'term.list.formula' is deprecated.
     Warning: 'term.list.formula' is deprecated.
     Warning: 'ergm.update.formula' is deprecated.
     Warning: 'term.list.formula' is deprecated.
     Warning: 'term.list.formula' is deprecated.
     Warning: 'term.list.formula' is deprecated.
     Warning: 'term.list.formula' is deprecated.
     Warning: 'term.list.formula' is deprecated.
     Warning: 'term.list.formula' is deprecated.
     Warning: 'term.list.formula' is deprecated.
     Warning: 'ergm.update.formula' is deprecated.
     Warning: 'term.list.formula' is deprecated.
     Warning: 'term.list.formula' is deprecated.
     Warning: 'ergm.update.formula' is deprecated.
     Warning: 'term.list.formula' is deprecated.
     Warning: 'term.list.formula' is deprecated.
     Warning: 'term.list.formula' is deprecated.
     Warning: 'term.list.formula' is deprecated.
     Warning: 'term.list.formula' is deprecated.
     Warning: 'term.list.formula' is deprecated.
     Warning: 'term.list.formula' is deprecated.
     Warning: 'ergm.update.formula' is deprecated.
     Warning: 'term.list.formula' is deprecated.
     Warning: 'term.list.formula' is deprecated.
     Warning: 'ergm.update.formula' is deprecated.
     Warning: 'term.list.formula' is deprecated.
     Warning: 'term.list.formula' is deprecated.
     Warning: 'term.list.formula' is deprecated.
     Warning: 'term.list.formula' is deprecated.
     Warning: 'term.list.formula' is deprecated.
     Warning: 'term.list.formula' is deprecated.
     Warning: 'term.list.formula' is deprecated.
     Warning: 'ergm.update.formula' is deprecated.
     Warning: 'term.list.formula' is deprecated.
     Warning: 'term.list.formula' is deprecated.
     Warning: 'ergm.update.formula' is deprecated.
     Warning: 'term.list.formula' is deprecated.
     Warning: 'term.list.formula' is deprecated.
     Warning: 'term.list.formula' is deprecated.
     Warning: 'term.list.formula' is deprecated.
     Warning: 'term.list.formula' is deprecated.
     Warning: 'term.list.formula' is deprecated.
     Warning: 'term.list.formula' is deprecated.
     Warning: 'ergm.update.formula' is deprecated.
     Warning: 'term.list.formula' is deprecated.
     Warning: 'term.list.formula' is deprecated.
     Warning: 'ergm.update.formula' is deprecated.
     Warning: 'term.list.formula' is deprecated.
     Warning: 'term.list.formula' is deprecated.
     Warning: 'term.list.formula' is deprecated.
     Warning: 'term.list.formula' is deprecated.
     Warning: 'term.list.formula' is deprecated.
     Warning: 'term.list.formula' is deprecated.
     Warning: 'term.list.formula' is deprecated.
     Warning: 'ergm.update.formula' is deprecated.
     Warning: 'term.list.formula' is deprecated.
     Warning: 'term.list.formula' is deprecated.
     Warning: 'ergm.update.formula' is deprecated.
     Warning: 'term.list.formula' is deprecated.
     Warning: 'term.list.formula' is deprecated.
     Warning: 'term.list.formula' is deprecated.
     Warning: 'term.list.formula' is deprecated.
     Warning: 'term.list.formula' is deprecated.
     Warning: 'term.list.formula' is deprecated.
     Warning: 'term.list.formula' is deprecated.
     Warning: 'ergm.update.formula' is deprecated.
     Warning: 'term.list.formula' is deprecated.
     Warning: 'term.list.formula' is deprecated.
     Warning: 'ergm.update.formula' is deprecated.
     Warning: 'term.list.formula' is deprecated.
     Warning: 'term.list.formula' is deprecated.
     Warning: 'term.list.formula' is deprecated.
     Warning: 'term.list.formula' is deprecated.
     Warning: 'term.list.formula' is deprecated.
     Warning: 'term.list.formula' is deprecated.
     Warning: 'term.list.formula' is deprecated.
     Warning: 'ergm.update.formula' is deprecated.
     Warning: 'term.list.formula' is deprecated.
     Warning: 'term.list.formula' is deprecated.
     Warning: 'ergm.update.formula' is deprecated.
     Warning: 'term.list.formula' is deprecated.
     Warning: 'term.list.formula' is deprecated.
     Warning: 'term.list.formula' is deprecated.
     Warning: 'term.list.formula' is deprecated.
     Warning: 'term.list.formula' is deprecated.
     Warning: 'term.list.formula' is deprecated.
     Warning: 'term.list.formula' is deprecated.
     Warning: 'ergm.update.formula' is deprecated.
     Warning: 'term.list.formula' is deprecated.
     Warning: 'term.list.formula' is deprecated.
     Warning: 'ergm.update.formula' is deprecated.
     Warning: 'term.list.formula' is deprecated.
     Warning: 'term.list.formula' is deprecated.
     Warning: 'term.list.formula' is deprecated.
     Warning: 'term.list.formula' is deprecated.
     Warning: 'term.list.formula' is deprecated.
     Warning: 'term.list.formula' is deprecated.
     Warning: 'term.list.formula' is deprecated.
     Warning: 'ergm.update.formula' is deprecated.
     Warning: 'term.list.formula' is deprecated.
     Warning: 'term.list.formula' is deprecated.
     Warning: 'ergm.update.formula' is deprecated.
     Warning: 'term.list.formula' is deprecated.
     Warning: 'term.list.formula' is deprecated.
     Warning: 'term.list.formula' is deprecated.
     Warning: 'term.list.formula' is deprecated.
     Warning: 'term.list.formula' is deprecated.
     Warning: 'term.list.formula' is deprecated.
     Warning: 'term.list.formula' is deprecated.
     Warning: 'ergm.update.formula' is deprecated.
     Warning: 'term.list.formula' is deprecated.
     Warning: 'term.list.formula' is deprecated.
     Warning: 'ergm.update.formula' is deprecated.
     Warning: 'term.list.formula' is deprecated.
     Warning: 'term.list.formula' is deprecated.
     Warning: 'term.list.formula' is deprecated.
     Warning: 'term.list.formula' is deprecated.
     Warning: 'term.list.formula' is deprecated.
     Warning: 'term.list.formula' is deprecated.
     Warning: 'term.list.formula' is deprecated.
     Warning: 'ergm.update.formula' is deprecated.
     Warning: 'term.list.formula' is deprecated.
     Warning: 'term.list.formula' is deprecated.
     Warning: 'ergm.update.formula' is deprecated.
     Warning: 'term.list.formula' is deprecated.
     Warning: 'term.list.formula' is deprecated.
     Warning: 'term.list.formula' is deprecated.
     Warning: 'term.list.formula' is deprecated.
     Warning: 'term.list.formula' is deprecated.
     Warning: 'term.list.formula' is deprecated.
     Warning: 'term.list.formula' is deprecated.
     Warning: 'ergm.update.formula' is deprecated.
     Warning: 'term.list.formula' is deprecated.
     Warning: 'term.list.formula' is deprecated.
     Warning: 'ergm.update.formula' is deprecated.
     Warning: 'term.list.formula' is deprecated.
     Warning: 'term.list.formula' is deprecated.
     Warning: 'term.list.formula' is deprecated.
     Warning: 'term.list.formula' is deprecated.
     Warning: 'term.list.formula' is deprecated.
     Warning: 'term.list.formula' is deprecated.
     Warning: 'term.list.formula' is deprecated.
     Warning: 'ergm.update.formula' is deprecated.
     Warning: 'term.list.formula' is deprecated.
     Warning: 'term.list.formula' is deprecated.
     Warning: 'ergm.update.formula' is deprecated.
     Warning: 'term.list.formula' is deprecated.
     Warning: 'term.list.formula' is deprecated.
     Warning: 'term.list.formula' is deprecated.
     Warning: 'term.list.formula' is deprecated.
     Warning: 'term.list.formula' is deprecated.
     Warning: 'term.list.formula' is deprecated.
     Warning: 'term.list.formula' is deprecated.
     Warning: 'ergm.update.formula' is deprecated.
     Warning: 'term.list.formula' is deprecated.
     Warning: 'term.list.formula' is deprecated.
     Warning: 'ergm.update.formula' is deprecated.
     Warning: 'term.list.formula' is deprecated.
     Warning: 'term.list.formula' is deprecated.
     Warning: 'term.list.formula' is deprecated.
    Deprecated functions may be defunct as soon as of the next release of
    R.
    See ?Deprecated.
    Examples with CPU or elapsed time > 5s
     user system elapsed
    bgof 5.345 0.02 5.364
Flavor: r-devel-linux-x86_64-debian-clang

Version: 4.1.0
Check: examples
Result: WARN
    Found the following significant warnings:
    
     Warning: 'term.list.formula' is deprecated.
     Warning: 'term.list.formula' is deprecated.
     Warning: 'term.list.formula' is deprecated.
     Warning: 'term.list.formula' is deprecated.
     Warning: 'term.list.formula' is deprecated.
     Warning: 'term.list.formula' is deprecated.
     Warning: 'term.list.formula' is deprecated.
     Warning: 'term.list.formula' is deprecated.
     Warning: 'ergm.update.formula' is deprecated.
     Warning: 'term.list.formula' is deprecated.
     Warning: 'term.list.formula' is deprecated.
     Warning: 'ergm.update.formula' is deprecated.
     Warning: 'term.list.formula' is deprecated.
     Warning: 'term.list.formula' is deprecated.
     Warning: 'term.list.formula' is deprecated.
     Warning: 'term.list.formula' is deprecated.
     Warning: 'term.list.formula' is deprecated.
     Warning: 'term.list.formula' is deprecated.
     Warning: 'term.list.formula' is deprecated.
     Warning: 'ergm.update.formula' is deprecated.
     Warning: 'term.list.formula' is deprecated.
     Warning: 'term.list.formula' is deprecated.
     Warning: 'ergm.update.formula' is deprecated.
     Warning: 'term.list.formula' is deprecated.
     Warning: 'term.list.formula' is deprecated.
     Warning: 'term.list.formula' is deprecated.
     Warning: 'term.list.formula' is deprecated.
     Warning: 'term.list.formula' is deprecated.
     Warning: 'term.list.formula' is deprecated.
     Warning: 'term.list.formula' is deprecated.
     Warning: 'ergm.update.formula' is deprecated.
     Warning: 'term.list.formula' is deprecated.
     Warning: 'term.list.formula' is deprecated.
     Warning: 'ergm.update.formula' is deprecated.
     Warning: 'term.list.formula' is deprecated.
     Warning: 'term.list.formula' is deprecated.
     Warning: 'term.list.formula' is deprecated.
     Warning: 'term.list.formula' is deprecated.
     Warning: 'term.list.formula' is deprecated.
     Warning: 'term.list.formula' is deprecated.
     Warning: 'term.list.formula' is deprecated.
     Warning: 'ergm.update.formula' is deprecated.
     Warning: 'term.list.formula' is deprecated.
     Warning: 'term.list.formula' is deprecated.
     Warning: 'ergm.update.formula' is deprecated.
     Warning: 'term.list.formula' is deprecated.
     Warning: 'term.list.formula' is deprecated.
     Warning: 'term.list.formula' is deprecated.
     Warning: 'term.list.formula' is deprecated.
     Warning: 'term.list.formula' is deprecated.
     Warning: 'term.list.formula' is deprecated.
     Warning: 'term.list.formula' is deprecated.
     Warning: 'ergm.update.formula' is deprecated.
     Warning: 'term.list.formula' is deprecated.
     Warning: 'term.list.formula' is deprecated.
     Warning: 'ergm.update.formula' is deprecated.
     Warning: 'term.list.formula' is deprecated.
     Warning: 'term.list.formula' is deprecated.
     Warning: 'term.list.formula' is deprecated.
     Warning: 'term.list.formula' is deprecated.
     Warning: 'term.list.formula' is deprecated.
     Warning: 'term.list.formula' is deprecated.
     Warning: 'term.list.formula' is deprecated.
     Warning: 'ergm.update.formula' is deprecated.
     Warning: 'term.list.formula' is deprecated.
     Warning: 'term.list.formula' is deprecated.
     Warning: 'ergm.update.formula' is deprecated.
     Warning: 'term.list.formula' is deprecated.
     Warning: 'term.list.formula' is deprecated.
     Warning: 'term.list.formula' is deprecated.
     Warning: 'term.list.formula' is deprecated.
     Warning: 'term.list.formula' is deprecated.
     Warning: 'term.list.formula' is deprecated.
     Warning: 'term.list.formula' is deprecated.
     Warning: 'ergm.update.formula' is deprecated.
     Warning: 'term.list.formula' is deprecated.
     Warning: 'term.list.formula' is deprecated.
     Warning: 'ergm.update.formula' is deprecated.
     Warning: 'term.list.formula' is deprecated.
     Warning: 'term.list.formula' is deprecated.
     Warning: 'term.list.formula' is deprecated.
     Warning: 'term.list.formula' is deprecated.
     Warning: 'term.list.formula' is deprecated.
     Warning: 'term.list.formula' is deprecated.
     Warning: 'term.list.formula' is deprecated.
     Warning: 'ergm.update.formula' is deprecated.
     Warning: 'term.list.formula' is deprecated.
     Warning: 'term.list.formula' is deprecated.
     Warning: 'ergm.update.formula' is deprecated.
     Warning: 'term.list.formula' is deprecated.
     Warning: 'term.list.formula' is deprecated.
     Warning: 'term.list.formula' is deprecated.
     Warning: 'term.list.formula' is deprecated.
     Warning: 'term.list.formula' is deprecated.
     Warning: 'term.list.formula' is deprecated.
     Warning: 'term.list.formula' is deprecated.
     Warning: 'ergm.update.formula' is deprecated.
     Warning: 'term.list.formula' is deprecated.
     Warning: 'term.list.formula' is deprecated.
     Warning: 'ergm.update.formula' is deprecated.
     Warning: 'term.list.formula' is deprecated.
     Warning: 'term.list.formula' is deprecated.
     Warning: 'term.list.formula' is deprecated.
     Warning: 'term.list.formula' is deprecated.
     Warning: 'term.list.formula' is deprecated.
     Warning: 'term.list.formula' is deprecated.
     Warning: 'term.list.formula' is deprecated.
     Warning: 'ergm.update.formula' is deprecated.
     Warning: 'term.list.formula' is deprecated.
     Warning: 'term.list.formula' is deprecated.
     Warning: 'ergm.update.formula' is deprecated.
     Warning: 'term.list.formula' is deprecated.
     Warning: 'term.list.formula' is deprecated.
     Warning: 'term.list.formula' is deprecated.
     Warning: 'term.list.formula' is deprecated.
     Warning: 'term.list.formula' is deprecated.
     Warning: 'term.list.formula' is deprecated.
     Warning: 'term.list.formula' is deprecated.
     Warning: 'ergm.update.formula' is deprecated.
     Warning: 'term.list.formula' is deprecated.
     Warning: 'term.list.formula' is deprecated.
     Warning: 'ergm.update.formula' is deprecated.
     Warning: 'term.list.formula' is deprecated.
     Warning: 'term.list.formula' is deprecated.
     Warning: 'term.list.formula' is deprecated.
     Warning: 'term.list.formula' is deprecated.
     Warning: 'term.list.formula' is deprecated.
     Warning: 'term.list.formula' is deprecated.
     Warning: 'term.list.formula' is deprecated.
     Warning: 'ergm.update.formula' is deprecated.
     Warning: 'term.list.formula' is deprecated.
     Warning: 'term.list.formula' is deprecated.
     Warning: 'ergm.update.formula' is deprecated.
     Warning: 'term.list.formula' is deprecated.
     Warning: 'term.list.formula' is deprecated.
     Warning: 'term.list.formula' is deprecated.
     Warning: 'term.list.formula' is deprecated.
     Warning: 'term.list.formula' is deprecated.
     Warning: 'term.list.formula' is deprecated.
     Warning: 'term.list.formula' is deprecated.
     Warning: 'ergm.update.formula' is deprecated.
     Warning: 'term.list.formula' is deprecated.
     Warning: 'term.list.formula' is deprecated.
     Warning: 'ergm.update.formula' is deprecated.
     Warning: 'term.list.formula' is deprecated.
     Warning: 'term.list.formula' is deprecated.
     Warning: 'term.list.formula' is deprecated.
     Warning: 'term.list.formula' is deprecated.
     Warning: 'term.list.formula' is deprecated.
     Warning: 'term.list.formula' is deprecated.
     Warning: 'term.list.formula' is deprecated.
     Warning: 'ergm.update.formula' is deprecated.
     Warning: 'term.list.formula' is deprecated.
     Warning: 'term.list.formula' is deprecated.
     Warning: 'ergm.update.formula' is deprecated.
     Warning: 'term.list.formula' is deprecated.
     Warning: 'term.list.formula' is deprecated.
     Warning: 'term.list.formula' is deprecated.
     Warning: 'term.list.formula' is deprecated.
     Warning: 'term.list.formula' is deprecated.
     Warning: 'term.list.formula' is deprecated.
     Warning: 'term.list.formula' is deprecated.
     Warning: 'ergm.update.formula' is deprecated.
     Warning: 'term.list.formula' is deprecated.
     Warning: 'term.list.formula' is deprecated.
     Warning: 'ergm.update.formula' is deprecated.
     Warning: 'term.list.formula' is deprecated.
     Warning: 'term.list.formula' is deprecated.
     Warning: 'term.list.formula' is deprecated.
     Warning: 'term.list.formula' is deprecated.
     Warning: 'term.list.formula' is deprecated.
     Warning: 'term.list.formula' is deprecated.
     Warning: 'term.list.formula' is deprecated.
     Warning: 'ergm.update.formula' is deprecated.
     Warning: 'term.list.formula' is deprecated.
     Warning: 'term.list.formula' is deprecated.
     Warning: 'ergm.update.formula' is deprecated.
     Warning: 'term.list.formula' is deprecated.
     Warning: 'term.list.formula' is deprecated.
     Warning: 'term.list.formula' is deprecated.
     Warning: 'term.list.formula' is deprecated.
     Warning: 'term.list.formula' is deprecated.
     Warning: 'term.list.formula' is deprecated.
     Warning: 'term.list.formula' is deprecated.
     Warning: 'ergm.update.formula' is deprecated.
     Warning: 'term.list.formula' is deprecated.
     Warning: 'term.list.formula' is deprecated.
     Warning: 'ergm.update.formula' is deprecated.
     Warning: 'term.list.formula' is deprecated.
     Warning: 'term.list.formula' is deprecated.
     Warning: 'term.list.formula' is deprecated.
     Warning: 'term.list.formula' is deprecated.
     Warning: 'term.list.formula' is deprecated.
     Warning: 'term.list.formula' is deprecated.
     Warning: 'term.list.formula' is deprecated.
     Warning: 'ergm.update.formula' is deprecated.
     Warning: 'term.list.formula' is deprecated.
     Warning: 'term.list.formula' is deprecated.
     Warning: 'ergm.update.formula' is deprecated.
     Warning: 'term.list.formula' is deprecated.
     Warning: 'term.list.formula' is deprecated.
     Warning: 'term.list.formula' is deprecated.
     Warning: 'term.list.formula' is deprecated.
     Warning: 'term.list.formula' is deprecated.
     Warning: 'term.list.formula' is deprecated.
     Warning: 'term.list.formula' is deprecated.
     Warning: 'ergm.update.formula' is deprecated.
     Warning: 'term.list.formula' is deprecated.
     Warning: 'term.list.formula' is deprecated.
     Warning: 'ergm.update.formula' is deprecated.
     Warning: 'term.list.formula' is deprecated.
     Warning: 'term.list.formula' is deprecated.
     Warning: 'term.list.formula' is deprecated.
     Warning: 'term.list.formula' is deprecated.
     Warning: 'term.list.formula' is deprecated.
     Warning: 'term.list.formula' is deprecated.
     Warning: 'term.list.formula' is deprecated.
     Warning: 'ergm.update.formula' is deprecated.
     Warning: 'term.list.formula' is deprecated.
     Warning: 'term.list.formula' is deprecated.
     Warning: 'ergm.update.formula' is deprecated.
     Warning: 'term.list.formula' is deprecated.
     Warning: 'term.list.formula' is deprecated.
     Warning: 'term.list.formula' is deprecated.
     Warning: 'term.list.formula' is deprecated.
     Warning: 'term.list.formula' is deprecated.
     Warning: 'term.list.formula' is deprecated.
     Warning: 'term.list.formula' is deprecated.
     Warning: 'ergm.update.formula' is deprecated.
     Warning: 'term.list.formula' is deprecated.
     Warning: 'term.list.formula' is deprecated.
     Warning: 'ergm.update.formula' is deprecated.
     Warning: 'term.list.formula' is deprecated.
     Warning: 'term.list.formula' is deprecated.
     Warning: 'term.list.formula' is deprecated.
     Warning: 'term.list.formula' is deprecated.
     Warning: 'term.list.formula' is deprecated.
     Warning: 'term.list.formula' is deprecated.
     Warning: 'term.list.formula' is deprecated.
     Warning: 'ergm.update.formula' is deprecated.
     Warning: 'term.list.formula' is deprecated.
     Warning: 'term.list.formula' is deprecated.
     Warning: 'ergm.update.formula' is deprecated.
     Warning: 'term.list.formula' is deprecated.
     Warning: 'term.list.formula' is deprecated.
     Warning: 'term.list.formula' is deprecated.
     Warning: 'term.list.formula' is deprecated.
     Warning: 'term.list.formula' is deprecated.
     Warning: 'term.list.formula' is deprecated.
     Warning: 'term.list.formula' is deprecated.
     Warning: 'ergm.update.formula' is deprecated.
     Warning: 'term.list.formula' is deprecated.
     Warning: 'term.list.formula' is deprecated.
     Warning: 'ergm.update.formula' is deprecated.
     Warning: 'term.list.formula' is deprecated.
     Warning: 'term.list.formula' is deprecated.
     Warning: 'term.list.formula' is deprecated.
     Warning: 'term.list.formula' is deprecated.
     Warning: 'term.list.formula' is deprecated.
     Warning: 'term.list.formula' is deprecated.
     Warning: 'term.list.formula' is deprecated.
     Warning: 'ergm.update.formula' is deprecated.
     Warning: 'term.list.formula' is deprecated.
     Warning: 'term.list.formula' is deprecated.
     Warning: 'ergm.update.formula' is deprecated.
     Warning: 'term.list.formula' is deprecated.
     Warning: 'term.list.formula' is deprecated.
     Warning: 'term.list.formula' is deprecated.
     Warning: 'term.list.formula' is deprecated.
     Warning: 'term.list.formula' is deprecated.
     Warning: 'term.list.formula' is deprecated.
     Warning: 'term.list.formula' is deprecated.
     Warning: 'ergm.update.formula' is deprecated.
     Warning: 'term.list.formula' is deprecated.
     Warning: 'term.list.formula' is deprecated.
     Warning: 'ergm.update.formula' is deprecated.
     Warning: 'term.list.formula' is deprecated.
     Warning: 'term.list.formula' is deprecated.
     Warning: 'term.list.formula' is deprecated.
     Warning: 'term.list.formula' is deprecated.
     Warning: 'term.list.formula' is deprecated.
     Warning: 'term.list.formula' is deprecated.
     Warning: 'term.list.formula' is deprecated.
     Warning: 'ergm.update.formula' is deprecated.
     Warning: 'term.list.formula' is deprecated.
     Warning: 'term.list.formula' is deprecated.
     Warning: 'ergm.update.formula' is deprecated.
     Warning: 'term.list.formula' is deprecated.
     Warning: 'term.list.formula' is deprecated.
     Warning: 'term.list.formula' is deprecated.
     Warning: 'term.list.formula' is deprecated.
     Warning: 'term.list.formula' is deprecated.
     Warning: 'term.list.formula' is deprecated.
     Warning: 'term.list.formula' is deprecated.
     Warning: 'ergm.update.formula' is deprecated.
     Warning: 'term.list.formula' is deprecated.
     Warning: 'term.list.formula' is deprecated.
     Warning: 'ergm.update.formula' is deprecated.
     Warning: 'term.list.formula' is deprecated.
     Warning: 'term.list.formula' is deprecated.
     Warning: 'term.list.formula' is deprecated.
     Warning: 'term.list.formula' is deprecated.
     Warning: 'term.list.formula' is deprecated.
     Warning: 'term.list.formula' is deprecated.
     Warning: 'term.list.formula' is deprecated.
     Warning: 'ergm.update.formula' is deprecated.
     Warning: 'term.list.formula' is deprecated.
     Warning: 'term.list.formula' is deprecated.
     Warning: 'ergm.update.formula' is deprecated.
     Warning: 'term.list.formula' is deprecated.
     Warning: 'term.list.formula' is deprecated.
     Warning: 'term.list.formula' is deprecated.
     Warning: 'term.list.formula' is deprecated.
     Warning: 'term.list.formula' is deprecated.
     Warning: 'term.list.formula' is deprecated.
     Warning: 'term.list.formula' is deprecated.
     Warning: 'ergm.update.formula' is deprecated.
     Warning: 'term.list.formula' is deprecated.
     Warning: 'term.list.formula' is deprecated.
     Warning: 'ergm.update.formula' is deprecated.
     Warning: 'term.list.formula' is deprecated.
     Warning: 'term.list.formula' is deprecated.
     Warning: 'term.list.formula' is deprecated.
     Warning: 'term.list.formula' is deprecated.
     Warning: 'term.list.formula' is deprecated.
     Warning: 'term.list.formula' is deprecated.
     Warning: 'term.list.formula' is deprecated.
     Warning: 'ergm.update.formula' is deprecated.
     Warning: 'term.list.formula' is deprecated.
     Warning: 'term.list.formula' is deprecated.
     Warning: 'ergm.update.formula' is deprecated.
     Warning: 'term.list.formula' is deprecated.
     Warning: 'term.list.formula' is deprecated.
     Warning: 'term.list.formula' is deprecated.
     Warning: 'term.list.formula' is deprecated.
     Warning: 'term.list.formula' is deprecated.
     Warning: 'term.list.formula' is deprecated.
     Warning: 'term.list.formula' is deprecated.
     Warning: 'ergm.update.formula' is deprecated.
     Warning: 'term.list.formula' is deprecated.
     Warning: 'term.list.formula' is deprecated.
     Warning: 'ergm.update.formula' is deprecated.
     Warning: 'term.list.formula' is deprecated.
     Warning: 'term.list.formula' is deprecated.
     Warning: 'term.list.formula' is deprecated.
     Warning: 'term.list.formula' is deprecated.
     Warning: 'term.list.formula' is deprecated.
     Warning: 'term.list.formula' is deprecated.
     Warning: 'term.list.formula' is deprecated.
     Warning: 'ergm.update.formula' is deprecated.
     Warning: 'term.list.formula' is deprecated.
     Warning: 'term.list.formula' is deprecated.
     Warning: 'ergm.update.formula' is deprecated.
     Warning: 'term.list.formula' is deprecated.
     Warning: 'term.list.formula' is deprecated.
     Warning: 'term.list.formula' is deprecated.
     Warning: 'term.list.formula' is deprecated.
     Warning: 'term.list.formula' is deprecated.
     Warning: 'term.list.formula' is deprecated.
     Warning: 'term.list.formula' is deprecated.
     Warning: 'ergm.update.formula' is deprecated.
     Warning: 'term.list.formula' is deprecated.
     Warning: 'term.list.formula' is deprecated.
     Warning: 'ergm.update.formula' is deprecated.
     Warning: 'term.list.formula' is deprecated.
     Warning: 'term.list.formula' is deprecated.
     Warning: 'term.list.formula' is deprecated.
     Warning: 'term.list.formula' is deprecated.
     Warning: 'term.list.formula' is deprecated.
     Warning: 'term.list.formula' is deprecated.
     Warning: 'term.list.formula' is deprecated.
     Warning: 'ergm.update.formula' is deprecated.
     Warning: 'term.list.formula' is deprecated.
     Warning: 'term.list.formula' is deprecated.
     Warning: 'ergm.update.formula' is deprecated.
     Warning: 'term.list.formula' is deprecated.
     Warning: 'term.list.formula' is deprecated.
     Warning: 'term.list.formula' is deprecated.
     Warning: 'term.list.formula' is deprecated.
     Warning: 'term.list.formula' is deprecated.
     Warning: 'term.list.formula' is deprecated.
     Warning: 'term.list.formula' is deprecated.
     Warning: 'ergm.update.formula' is deprecated.
     Warning: 'term.list.formula' is deprecated.
     Warning: 'term.list.formula' is deprecated.
     Warning: 'ergm.update.formula' is deprecated.
     Warning: 'term.list.formula' is deprecated.
     Warning: 'term.list.formula' is deprecated.
     Warning: 'term.list.formula' is deprecated.
     Warning: 'term.list.formula' is deprecated.
     Warning: 'term.list.formula' is deprecated.
     Warning: 'term.list.formula' is deprecated.
     Warning: 'term.list.formula' is deprecated.
     Warning: 'ergm.update.formula' is deprecated.
     Warning: 'term.list.formula' is deprecated.
     Warning: 'term.list.formula' is deprecated.
     Warning: 'ergm.update.formula' is deprecated.
     Warning: 'term.list.formula' is deprecated.
     Warning: 'term.list.formula' is deprecated.
     Warning: 'term.list.formula' is deprecated.
     Warning: 'term.list.formula' is deprecated.
     Warning: 'term.list.formula' is deprecated.
     Warning: 'term.list.formula' is deprecated.
     Warning: 'term.list.formula' is deprecated.
     Warning: 'ergm.update.formula' is deprecated.
     Warning: 'term.list.formula' is deprecated.
     Warning: 'term.list.formula' is deprecated.
     Warning: 'ergm.update.formula' is deprecated.
     Warning: 'term.list.formula' is deprecated.
     Warning: 'term.list.formula' is deprecated.
     Warning: 'term.list.formula' is deprecated.
     Warning: 'term.list.formula' is deprecated.
     Warning: 'term.list.formula' is deprecated.
     Warning: 'term.list.formula' is deprecated.
     Warning: 'term.list.formula' is deprecated.
     Warning: 'ergm.update.formula' is deprecated.
     Warning: 'term.list.formula' is deprecated.
     Warning: 'term.list.formula' is deprecated.
     Warning: 'ergm.update.formula' is deprecated.
     Warning: 'term.list.formula' is deprecated.
     Warning: 'term.list.formula' is deprecated.
     Warning: 'term.list.formula' is deprecated.
     Warning: 'term.list.formula' is deprecated.
     Warning: 'term.list.formula' is deprecated.
     Warning: 'term.list.formula' is deprecated.
     Warning: 'term.list.formula' is deprecated.
     Warning: 'ergm.update.formula' is deprecated.
     Warning: 'term.list.formula' is deprecated.
     Warning: 'term.list.formula' is deprecated.
     Warning: 'ergm.update.formula' is deprecated.
     Warning: 'term.list.formula' is deprecated.
     Warning: 'term.list.formula' is deprecated.
     Warning: 'term.list.formula' is deprecated.
     Warning: 'term.list.formula' is deprecated.
     Warning: 'term.list.formula' is deprecated.
     Warning: 'term.list.formula' is deprecated.
     Warning: 'term.list.formula' is deprecated.
     Warning: 'ergm.update.formula' is deprecated.
     Warning: 'term.list.formula' is deprecated.
     Warning: 'term.list.formula' is deprecated.
     Warning: 'ergm.update.formula' is deprecated.
     Warning: 'term.list.formula' is deprecated.
     Warning: 'term.list.formula' is deprecated.
     Warning: 'term.list.formula' is deprecated.
     Warning: 'term.list.formula' is deprecated.
     Warning: 'term.list.formula' is deprecated.
     Warning: 'term.list.formula' is deprecated.
     Warning: 'term.list.formula' is deprecated.
     Warning: 'ergm.update.formula' is deprecated.
     Warning: 'term.list.formula' is deprecated.
     Warning: 'term.list.formula' is deprecated.
     Warning: 'ergm.update.formula' is deprecated.
     Warning: 'term.list.formula' is deprecated.
     Warning: 'term.list.formula' is deprecated.
     Warning: 'term.list.formula' is deprecated.
     Warning: 'term.list.formula' is deprecated.
     Warning: 'term.list.formula' is deprecated.
     Warning: 'term.list.formula' is deprecated.
     Warning: 'term.list.formula' is deprecated.
     Warning: 'ergm.update.formula' is deprecated.
     Warning: 'term.list.formula' is deprecated.
     Warning: 'term.list.formula' is deprecated.
     Warning: 'ergm.update.formula' is deprecated.
     Warning: 'term.list.formula' is deprecated.
     Warning: 'term.list.formula' is deprecated.
     Warning: 'term.list.formula' is deprecated.
     Warning: 'term.list.formula' is deprecated.
     Warning: 'term.list.formula' is deprecated.
     Warning: 'term.list.formula' is deprecated.
     Warning: 'term.list.formula' is deprecated.
     Warning: 'ergm.update.formula' is deprecated.
     Warning: 'term.list.formula' is deprecated.
     Warning: 'term.list.formula' is deprecated.
     Warning: 'ergm.update.formula' is deprecated.
     Warning: 'term.list.formula' is deprecated.
     Warning: 'term.list.formula' is deprecated.
     Warning: 'term.list.formula' is deprecated.
     Warning: 'term.list.formula' is deprecated.
     Warning: 'term.list.formula' is deprecated.
     Warning: 'term.list.formula' is deprecated.
     Warning: 'term.list.formula' is deprecated.
     Warning: 'ergm.update.formula' is deprecated.
     Warning: 'term.list.formula' is deprecated.
     Warning: 'term.list.formula' is deprecated.
     Warning: 'ergm.update.formula' is deprecated.
     Warning: 'term.list.formula' is deprecated.
     Warning: 'term.list.formula' is deprecated.
     Warning: 'term.list.formula' is deprecated.
     Warning: 'term.list.formula' is deprecated.
     Warning: 'term.list.formula' is deprecated.
     Warning: 'term.list.formula' is deprecated.
     Warning: 'term.list.formula' is deprecated.
     Warning: 'ergm.update.formula' is deprecated.
     Warning: 'term.list.formula' is deprecated.
     Warning: 'term.list.formula' is deprecated.
     Warning: 'ergm.update.formula' is deprecated.
     Warning: 'term.list.formula' is deprecated.
     Warning: 'term.list.formula' is deprecated.
     Warning: 'term.list.formula' is deprecated.
     Warning: 'term.list.formula' is deprecated.
     Warning: 'term.list.formula' is deprecated.
     Warning: 'term.list.formula' is deprecated.
     Warning: 'term.list.formula' is deprecated.
     Warning: 'ergm.update.formula' is deprecated.
     Warning: 'term.list.formula' is deprecated.
     Warning: 'term.list.formula' is deprecated.
     Warning: 'ergm.update.formula' is deprecated.
     Warning: 'term.list.formula' is deprecated.
     Warning: 'term.list.formula' is deprecated.
     Warning: 'term.list.formula' is deprecated.
     Warning: 'term.list.formula' is deprecated.
     Warning: 'term.list.formula' is deprecated.
     Warning: 'term.list.formula' is deprecated.
     Warning: 'term.list.formula' is deprecated.
     Warning: 'ergm.update.formula' is deprecated.
     Warning: 'term.list.formula' is deprecated.
     Warning: 'term.list.formula' is deprecated.
     Warning: 'ergm.update.formula' is deprecated.
     Warning: 'term.list.formula' is deprecated.
     Warning: 'term.list.formula' is deprecated.
     Warning: 'term.list.formula' is deprecated.
     Warning: 'term.list.formula' is deprecated.
     Warning: 'term.list.formula' is deprecated.
     Warning: 'term.list.formula' is deprecated.
     Warning: 'term.list.formula' is deprecated.
     Warning: 'ergm.update.formula' is deprecated.
     Warning: 'term.list.formula' is deprecated.
     Warning: 'term.list.formula' is deprecated.
     Warning: 'ergm.update.formula' is deprecated.
     Warning: 'term.list.formula' is deprecated.
     Warning: 'term.list.formula' is deprecated.
     Warning: 'term.list.formula' is deprecated.
     Warning: 'term.list.formula' is deprecated.
     Warning: 'term.list.formula' is deprecated.
     Warning: 'term.list.formula' is deprecated.
     Warning: 'term.list.formula' is deprecated.
     Warning: 'ergm.update.formula' is deprecated.
     Warning: 'term.list.formula' is deprecated.
     Warning: 'term.list.formula' is deprecated.
     Warning: 'ergm.update.formula' is deprecated.
     Warning: 'term.list.formula' is deprecated.
     Warning: 'term.list.formula' is deprecated.
     Warning: 'term.list.formula' is deprecated.
     Warning: 'term.list.formula' is deprecated.
     Warning: 'term.list.formula' is deprecated.
     Warning: 'term.list.formula' is deprecated.
     Warning: 'term.list.formula' is deprecated.
     Warning: 'ergm.update.formula' is deprecated.
     Warning: 'term.list.formula' is deprecated.
     Warning: 'term.list.formula' is deprecated.
     Warning: 'ergm.update.formula' is deprecated.
     Warning: 'term.list.formula' is deprecated.
     Warning: 'term.list.formula' is deprecated.
     Warning: 'term.list.formula' is deprecated.
    Deprecated functions may be defunct as soon as of the next release of
    R.
    See ?Deprecated.
    Examples with CPU or elapsed time > 5s
     user system elapsed
    bgof 5.41 0.028 8.476
Flavor: r-devel-linux-x86_64-debian-gcc

Version: 4.1.0
Check: examples
Result: WARN
    Found the following significant warnings:
    
     Warning: 'term.list.formula' is deprecated.
     Warning: 'term.list.formula' is deprecated.
     Warning: 'term.list.formula' is deprecated.
     Warning: 'term.list.formula' is deprecated.
     Warning: 'term.list.formula' is deprecated.
     Warning: 'term.list.formula' is deprecated.
     Warning: 'term.list.formula' is deprecated.
     Warning: 'term.list.formula' is deprecated.
     Warning: 'ergm.update.formula' is deprecated.
     Warning: 'term.list.formula' is deprecated.
     Warning: 'term.list.formula' is deprecated.
     Warning: 'ergm.update.formula' is deprecated.
     Warning: 'term.list.formula' is deprecated.
     Warning: 'term.list.formula' is deprecated.
     Warning: 'term.list.formula' is deprecated.
     Warning: 'term.list.formula' is deprecated.
     Warning: 'term.list.formula' is deprecated.
     Warning: 'term.list.formula' is deprecated.
     Warning: 'term.list.formula' is deprecated.
     Warning: 'ergm.update.formula' is deprecated.
     Warning: 'term.list.formula' is deprecated.
     Warning: 'term.list.formula' is deprecated.
     Warning: 'ergm.update.formula' is deprecated.
     Warning: 'term.list.formula' is deprecated.
     Warning: 'term.list.formula' is deprecated.
     Warning: 'term.list.formula' is deprecated.
     Warning: 'term.list.formula' is deprecated.
     Warning: 'term.list.formula' is deprecated.
     Warning: 'term.list.formula' is deprecated.
     Warning: 'term.list.formula' is deprecated.
     Warning: 'ergm.update.formula' is deprecated.
     Warning: 'term.list.formula' is deprecated.
     Warning: 'term.list.formula' is deprecated.
     Warning: 'ergm.update.formula' is deprecated.
     Warning: 'term.list.formula' is deprecated.
     Warning: 'term.list.formula' is deprecated.
     Warning: 'term.list.formula' is deprecated.
     Warning: 'term.list.formula' is deprecated.
     Warning: 'term.list.formula' is deprecated.
     Warning: 'term.list.formula' is deprecated.
     Warning: 'term.list.formula' is deprecated.
     Warning: 'ergm.update.formula' is deprecated.
     Warning: 'term.list.formula' is deprecated.
     Warning: 'term.list.formula' is deprecated.
     Warning: 'ergm.update.formula' is deprecated.
     Warning: 'term.list.formula' is deprecated.
     Warning: 'term.list.formula' is deprecated.
     Warning: 'term.list.formula' is deprecated.
     Warning: 'term.list.formula' is deprecated.
     Warning: 'term.list.formula' is deprecated.
     Warning: 'term.list.formula' is deprecated.
     Warning: 'term.list.formula' is deprecated.
     Warning: 'ergm.update.formula' is deprecated.
     Warning: 'term.list.formula' is deprecated.
     Warning: 'term.list.formula' is deprecated.
     Warning: 'ergm.update.formula' is deprecated.
     Warning: 'term.list.formula' is deprecated.
     Warning: 'term.list.formula' is deprecated.
     Warning: 'term.list.formula' is deprecated.
     Warning: 'term.list.formula' is deprecated.
     Warning: 'term.list.formula' is deprecated.
     Warning: 'term.list.formula' is deprecated.
     Warning: 'term.list.formula' is deprecated.
     Warning: 'ergm.update.formula' is deprecated.
     Warning: 'term.list.formula' is deprecated.
     Warning: 'term.list.formula' is deprecated.
     Warning: 'ergm.update.formula' is deprecated.
     Warning: 'term.list.formula' is deprecated.
     Warning: 'term.list.formula' is deprecated.
     Warning: 'term.list.formula' is deprecated.
     Warning: 'term.list.formula' is deprecated.
     Warning: 'term.list.formula' is deprecated.
     Warning: 'term.list.formula' is deprecated.
     Warning: 'term.list.formula' is deprecated.
     Warning: 'ergm.update.formula' is deprecated.
     Warning: 'term.list.formula' is deprecated.
     Warning: 'term.list.formula' is deprecated.
     Warning: 'ergm.update.formula' is deprecated.
     Warning: 'term.list.formula' is deprecated.
     Warning: 'term.list.formula' is deprecated.
     Warning: 'term.list.formula' is deprecated.
     Warning: 'term.list.formula' is deprecated.
     Warning: 'term.list.formula' is deprecated.
     Warning: 'term.list.formula' is deprecated.
     Warning: 'term.list.formula' is deprecated.
     Warning: 'ergm.update.formula' is deprecated.
     Warning: 'term.list.formula' is deprecated.
     Warning: 'term.list.formula' is deprecated.
     Warning: 'ergm.update.formula' is deprecated.
     Warning: 'term.list.formula' is deprecated.
     Warning: 'term.list.formula' is deprecated.
     Warning: 'term.list.formula' is deprecated.
     Warning: 'term.list.formula' is deprecated.
     Warning: 'term.list.formula' is deprecated.
     Warning: 'term.list.formula' is deprecated.
     Warning: 'term.list.formula' is deprecated.
     Warning: 'ergm.update.formula' is deprecated.
     Warning: 'term.list.formula' is deprecated.
     Warning: 'term.list.formula' is deprecated.
     Warning: 'ergm.update.formula' is deprecated.
     Warning: 'term.list.formula' is deprecated.
     Warning: 'term.list.formula' is deprecated.
     Warning: 'term.list.formula' is deprecated.
     Warning: 'term.list.formula' is deprecated.
     Warning: 'term.list.formula' is deprecated.
     Warning: 'term.list.formula' is deprecated.
     Warning: 'term.list.formula' is deprecated.
     Warning: 'ergm.update.formula' is deprecated.
     Warning: 'term.list.formula' is deprecated.
     Warning: 'term.list.formula' is deprecated.
     Warning: 'ergm.update.formula' is deprecated.
     Warning: 'term.list.formula' is deprecated.
     Warning: 'term.list.formula' is deprecated.
     Warning: 'term.list.formula' is deprecated.
     Warning: 'term.list.formula' is deprecated.
     Warning: 'term.list.formula' is deprecated.
     Warning: 'term.list.formula' is deprecated.
     Warning: 'term.list.formula' is deprecated.
     Warning: 'ergm.update.formula' is deprecated.
     Warning: 'term.list.formula' is deprecated.
     Warning: 'term.list.formula' is deprecated.
     Warning: 'ergm.update.formula' is deprecated.
     Warning: 'term.list.formula' is deprecated.
     Warning: 'term.list.formula' is deprecated.
     Warning: 'term.list.formula' is deprecated.
     Warning: 'term.list.formula' is deprecated.
     Warning: 'term.list.formula' is deprecated.
     Warning: 'term.list.formula' is deprecated.
     Warning: 'term.list.formula' is deprecated.
     Warning: 'ergm.update.formula' is deprecated.
     Warning: 'term.list.formula' is deprecated.
     Warning: 'term.list.formula' is deprecated.
     Warning: 'ergm.update.formula' is deprecated.
     Warning: 'term.list.formula' is deprecated.
     Warning: 'term.list.formula' is deprecated.
     Warning: 'term.list.formula' is deprecated.
     Warning: 'term.list.formula' is deprecated.
     Warning: 'term.list.formula' is deprecated.
     Warning: 'term.list.formula' is deprecated.
     Warning: 'term.list.formula' is deprecated.
     Warning: 'ergm.update.formula' is deprecated.
     Warning: 'term.list.formula' is deprecated.
     Warning: 'term.list.formula' is deprecated.
     Warning: 'ergm.update.formula' is deprecated.
     Warning: 'term.list.formula' is deprecated.
     Warning: 'term.list.formula' is deprecated.
     Warning: 'term.list.formula' is deprecated.
     Warning: 'term.list.formula' is deprecated.
     Warning: 'term.list.formula' is deprecated.
     Warning: 'term.list.formula' is deprecated.
     Warning: 'term.list.formula' is deprecated.
     Warning: 'ergm.update.formula' is deprecated.
     Warning: 'term.list.formula' is deprecated.
     Warning: 'term.list.formula' is deprecated.
     Warning: 'ergm.update.formula' is deprecated.
     Warning: 'term.list.formula' is deprecated.
     Warning: 'term.list.formula' is deprecated.
     Warning: 'term.list.formula' is deprecated.
     Warning: 'term.list.formula' is deprecated.
     Warning: 'term.list.formula' is deprecated.
     Warning: 'term.list.formula' is deprecated.
     Warning: 'term.list.formula' is deprecated.
     Warning: 'ergm.update.formula' is deprecated.
     Warning: 'term.list.formula' is deprecated.
     Warning: 'term.list.formula' is deprecated.
     Warning: 'ergm.update.formula' is deprecated.
     Warning: 'term.list.formula' is deprecated.
     Warning: 'term.list.formula' is deprecated.
     Warning: 'term.list.formula' is deprecated.
     Warning: 'term.list.formula' is deprecated.
     Warning: 'term.list.formula' is deprecated.
     Warning: 'term.list.formula' is deprecated.
     Warning: 'term.list.formula' is deprecated.
     Warning: 'ergm.update.formula' is deprecated.
     Warning: 'term.list.formula' is deprecated.
     Warning: 'term.list.formula' is deprecated.
     Warning: 'ergm.update.formula' is deprecated.
     Warning: 'term.list.formula' is deprecated.
     Warning: 'term.list.formula' is deprecated.
     Warning: 'term.list.formula' is deprecated.
     Warning: 'term.list.formula' is deprecated.
     Warning: 'term.list.formula' is deprecated.
     Warning: 'term.list.formula' is deprecated.
     Warning: 'term.list.formula' is deprecated.
     Warning: 'ergm.update.formula' is deprecated.
     Warning: 'term.list.formula' is deprecated.
     Warning: 'term.list.formula' is deprecated.
     Warning: 'ergm.update.formula' is deprecated.
     Warning: 'term.list.formula' is deprecated.
     Warning: 'term.list.formula' is deprecated.
     Warning: 'term.list.formula' is deprecated.
     Warning: 'term.list.formula' is deprecated.
     Warning: 'term.list.formula' is deprecated.
     Warning: 'term.list.formula' is deprecated.
     Warning: 'term.list.formula' is deprecated.
     Warning: 'ergm.update.formula' is deprecated.
     Warning: 'term.list.formula' is deprecated.
     Warning: 'term.list.formula' is deprecated.
     Warning: 'ergm.update.formula' is deprecated.
     Warning: 'term.list.formula' is deprecated.
     Warning: 'term.list.formula' is deprecated.
     Warning: 'term.list.formula' is deprecated.
     Warning: 'term.list.formula' is deprecated.
     Warning: 'term.list.formula' is deprecated.
     Warning: 'term.list.formula' is deprecated.
     Warning: 'term.list.formula' is deprecated.
     Warning: 'ergm.update.formula' is deprecated.
     Warning: 'term.list.formula' is deprecated.
     Warning: 'term.list.formula' is deprecated.
     Warning: 'ergm.update.formula' is deprecated.
     Warning: 'term.list.formula' is deprecated.
     Warning: 'term.list.formula' is deprecated.
     Warning: 'term.list.formula' is deprecated.
     Warning: 'term.list.formula' is deprecated.
     Warning: 'term.list.formula' is deprecated.
     Warning: 'term.list.formula' is deprecated.
     Warning: 'term.list.formula' is deprecated.
     Warning: 'ergm.update.formula' is deprecated.
     Warning: 'term.list.formula' is deprecated.
     Warning: 'term.list.formula' is deprecated.
     Warning: 'ergm.update.formula' is deprecated.
     Warning: 'term.list.formula' is deprecated.
     Warning: 'term.list.formula' is deprecated.
     Warning: 'term.list.formula' is deprecated.
     Warning: 'term.list.formula' is deprecated.
     Warning: 'term.list.formula' is deprecated.
     Warning: 'term.list.formula' is deprecated.
     Warning: 'term.list.formula' is deprecated.
     Warning: 'ergm.update.formula' is deprecated.
     Warning: 'term.list.formula' is deprecated.
     Warning: 'term.list.formula' is deprecated.
     Warning: 'ergm.update.formula' is deprecated.
     Warning: 'term.list.formula' is deprecated.
     Warning: 'term.list.formula' is deprecated.
     Warning: 'term.list.formula' is deprecated.
     Warning: 'term.list.formula' is deprecated.
     Warning: 'term.list.formula' is deprecated.
     Warning: 'term.list.formula' is deprecated.
     Warning: 'term.list.formula' is deprecated.
     Warning: 'ergm.update.formula' is deprecated.
     Warning: 'term.list.formula' is deprecated.
     Warning: 'term.list.formula' is deprecated.
     Warning: 'ergm.update.formula' is deprecated.
     Warning: 'term.list.formula' is deprecated.
     Warning: 'term.list.formula' is deprecated.
     Warning: 'term.list.formula' is deprecated.
     Warning: 'term.list.formula' is deprecated.
     Warning: 'term.list.formula' is deprecated.
     Warning: 'term.list.formula' is deprecated.
     Warning: 'term.list.formula' is deprecated.
     Warning: 'ergm.update.formula' is deprecated.
     Warning: 'term.list.formula' is deprecated.
     Warning: 'term.list.formula' is deprecated.
     Warning: 'ergm.update.formula' is deprecated.
     Warning: 'term.list.formula' is deprecated.
     Warning: 'term.list.formula' is deprecated.
     Warning: 'term.list.formula' is deprecated.
     Warning: 'term.list.formula' is deprecated.
     Warning: 'term.list.formula' is deprecated.
     Warning: 'term.list.formula' is deprecated.
     Warning: 'term.list.formula' is deprecated.
     Warning: 'ergm.update.formula' is deprecated.
     Warning: 'term.list.formula' is deprecated.
     Warning: 'term.list.formula' is deprecated.
     Warning: 'ergm.update.formula' is deprecated.
     Warning: 'term.list.formula' is deprecated.
     Warning: 'term.list.formula' is deprecated.
     Warning: 'term.list.formula' is deprecated.
     Warning: 'term.list.formula' is deprecated.
     Warning: 'term.list.formula' is deprecated.
     Warning: 'term.list.formula' is deprecated.
     Warning: 'term.list.formula' is deprecated.
     Warning: 'ergm.update.formula' is deprecated.
     Warning: 'term.list.formula' is deprecated.
     Warning: 'term.list.formula' is deprecated.
     Warning: 'ergm.update.formula' is deprecated.
     Warning: 'term.list.formula' is deprecated.
     Warning: 'term.list.formula' is deprecated.
     Warning: 'term.list.formula' is deprecated.
     Warning: 'term.list.formula' is deprecated.
     Warning: 'term.list.formula' is deprecated.
     Warning: 'term.list.formula' is deprecated.
     Warning: 'term.list.formula' is deprecated.
     Warning: 'ergm.update.formula' is deprecated.
     Warning: 'term.list.formula' is deprecated.
     Warning: 'term.list.formula' is deprecated.
     Warning: 'ergm.update.formula' is deprecated.
     Warning: 'term.list.formula' is deprecated.
     Warning: 'term.list.formula' is deprecated.
     Warning: 'term.list.formula' is deprecated.
     Warning: 'term.list.formula' is deprecated.
     Warning: 'term.list.formula' is deprecated.
     Warning: 'term.list.formula' is deprecated.
     Warning: 'term.list.formula' is deprecated.
     Warning: 'ergm.update.formula' is deprecated.
     Warning: 'term.list.formula' is deprecated.
     Warning: 'term.list.formula' is deprecated.
     Warning: 'ergm.update.formula' is deprecated.
     Warning: 'term.list.formula' is deprecated.
     Warning: 'term.list.formula' is deprecated.
     Warning: 'term.list.formula' is deprecated.
     Warning: 'term.list.formula' is deprecated.
     Warning: 'term.list.formula' is deprecated.
     Warning: 'term.list.formula' is deprecated.
     Warning: 'term.list.formula' is deprecated.
     Warning: 'ergm.update.formula' is deprecated.
     Warning: 'term.list.formula' is deprecated.
     Warning: 'term.list.formula' is deprecated.
     Warning: 'ergm.update.formula' is deprecated.
     Warning: 'term.list.formula' is deprecated.
     Warning: 'term.list.formula' is deprecated.
     Warning: 'term.list.formula' is deprecated.
     Warning: 'term.list.formula' is deprecated.
     Warning: 'term.list.formula' is deprecated.
     Warning: 'term.list.formula' is deprecated.
     Warning: 'term.list.formula' is deprecated.
     Warning: 'ergm.update.formula' is deprecated.
     Warning: 'term.list.formula' is deprecated.
     Warning: 'term.list.formula' is deprecated.
     Warning: 'ergm.update.formula' is deprecated.
     Warning: 'term.list.formula' is deprecated.
     Warning: 'term.list.formula' is deprecated.
     Warning: 'term.list.formula' is deprecated.
     Warning: 'term.list.formula' is deprecated.
     Warning: 'term.list.formula' is deprecated.
     Warning: 'term.list.formula' is deprecated.
     Warning: 'term.list.formula' is deprecated.
     Warning: 'ergm.update.formula' is deprecated.
     Warning: 'term.list.formula' is deprecated.
     Warning: 'term.list.formula' is deprecated.
     Warning: 'ergm.update.formula' is deprecated.
     Warning: 'term.list.formula' is deprecated.
     Warning: 'term.list.formula' is deprecated.
     Warning: 'term.list.formula' is deprecated.
     Warning: 'term.list.formula' is deprecated.
     Warning: 'term.list.formula' is deprecated.
     Warning: 'term.list.formula' is deprecated.
     Warning: 'term.list.formula' is deprecated.
     Warning: 'ergm.update.formula' is deprecated.
     Warning: 'term.list.formula' is deprecated.
     Warning: 'term.list.formula' is deprecated.
     Warning: 'ergm.update.formula' is deprecated.
     Warning: 'term.list.formula' is deprecated.
     Warning: 'term.list.formula' is deprecated.
     Warning: 'term.list.formula' is deprecated.
     Warning: 'term.list.formula' is deprecated.
     Warning: 'term.list.formula' is deprecated.
     Warning: 'term.list.formula' is deprecated.
     Warning: 'term.list.formula' is deprecated.
     Warning: 'ergm.update.formula' is deprecated.
     Warning: 'term.list.formula' is deprecated.
     Warning: 'term.list.formula' is deprecated.
     Warning: 'ergm.update.formula' is deprecated.
     Warning: 'term.list.formula' is deprecated.
     Warning: 'term.list.formula' is deprecated.
     Warning: 'term.list.formula' is deprecated.
     Warning: 'term.list.formula' is deprecated.
     Warning: 'term.list.formula' is deprecated.
     Warning: 'term.list.formula' is deprecated.
     Warning: 'term.list.formula' is deprecated.
     Warning: 'ergm.update.formula' is deprecated.
     Warning: 'term.list.formula' is deprecated.
     Warning: 'term.list.formula' is deprecated.
     Warning: 'ergm.update.formula' is deprecated.
     Warning: 'term.list.formula' is deprecated.
     Warning: 'term.list.formula' is deprecated.
     Warning: 'term.list.formula' is deprecated.
     Warning: 'term.list.formula' is deprecated.
     Warning: 'term.list.formula' is deprecated.
     Warning: 'term.list.formula' is deprecated.
     Warning: 'term.list.formula' is deprecated.
     Warning: 'ergm.update.formula' is deprecated.
     Warning: 'term.list.formula' is deprecated.
     Warning: 'term.list.formula' is deprecated.
     Warning: 'ergm.update.formula' is deprecated.
     Warning: 'term.list.formula' is deprecated.
     Warning: 'term.list.formula' is deprecated.
     Warning: 'term.list.formula' is deprecated.
     Warning: 'term.list.formula' is deprecated.
     Warning: 'term.list.formula' is deprecated.
     Warning: 'term.list.formula' is deprecated.
     Warning: 'term.list.formula' is deprecated.
     Warning: 'ergm.update.formula' is deprecated.
     Warning: 'term.list.formula' is deprecated.
     Warning: 'term.list.formula' is deprecated.
     Warning: 'ergm.update.formula' is deprecated.
     Warning: 'term.list.formula' is deprecated.
     Warning: 'term.list.formula' is deprecated.
     Warning: 'term.list.formula' is deprecated.
     Warning: 'term.list.formula' is deprecated.
     Warning: 'term.list.formula' is deprecated.
     Warning: 'term.list.formula' is deprecated.
     Warning: 'term.list.formula' is deprecated.
     Warning: 'ergm.update.formula' is deprecated.
     Warning: 'term.list.formula' is deprecated.
     Warning: 'term.list.formula' is deprecated.
     Warning: 'ergm.update.formula' is deprecated.
     Warning: 'term.list.formula' is deprecated.
     Warning: 'term.list.formula' is deprecated.
     Warning: 'term.list.formula' is deprecated.
     Warning: 'term.list.formula' is deprecated.
     Warning: 'term.list.formula' is deprecated.
     Warning: 'term.list.formula' is deprecated.
     Warning: 'term.list.formula' is deprecated.
     Warning: 'ergm.update.formula' is deprecated.
     Warning: 'term.list.formula' is deprecated.
     Warning: 'term.list.formula' is deprecated.
     Warning: 'ergm.update.formula' is deprecated.
     Warning: 'term.list.formula' is deprecated.
     Warning: 'term.list.formula' is deprecated.
     Warning: 'term.list.formula' is deprecated.
     Warning: 'term.list.formula' is deprecated.
     Warning: 'term.list.formula' is deprecated.
     Warning: 'term.list.formula' is deprecated.
     Warning: 'term.list.formula' is deprecated.
     Warning: 'ergm.update.formula' is deprecated.
     Warning: 'term.list.formula' is deprecated.
     Warning: 'term.list.formula' is deprecated.
     Warning: 'ergm.update.formula' is deprecated.
     Warning: 'term.list.formula' is deprecated.
     Warning: 'term.list.formula' is deprecated.
     Warning: 'term.list.formula' is deprecated.
     Warning: 'term.list.formula' is deprecated.
     Warning: 'term.list.formula' is deprecated.
     Warning: 'term.list.formula' is deprecated.
     Warning: 'term.list.formula' is deprecated.
     Warning: 'ergm.update.formula' is deprecated.
     Warning: 'term.list.formula' is deprecated.
     Warning: 'term.list.formula' is deprecated.
     Warning: 'ergm.update.formula' is deprecated.
     Warning: 'term.list.formula' is deprecated.
     Warning: 'term.list.formula' is deprecated.
     Warning: 'term.list.formula' is deprecated.
     Warning: 'term.list.formula' is deprecated.
     Warning: 'term.list.formula' is deprecated.
     Warning: 'term.list.formula' is deprecated.
     Warning: 'term.list.formula' is deprecated.
     Warning: 'ergm.update.formula' is deprecated.
     Warning: 'term.list.formula' is deprecated.
     Warning: 'term.list.formula' is deprecated.
     Warning: 'ergm.update.formula' is deprecated.
     Warning: 'term.list.formula' is deprecated.
     Warning: 'term.list.formula' is deprecated.
     Warning: 'term.list.formula' is deprecated.
     Warning: 'term.list.formula' is deprecated.
     Warning: 'term.list.formula' is deprecated.
     Warning: 'term.list.formula' is deprecated.
     Warning: 'term.list.formula' is deprecated.
     Warning: 'ergm.update.formula' is deprecated.
     Warning: 'term.list.formula' is deprecated.
     Warning: 'term.list.formula' is deprecated.
     Warning: 'ergm.update.formula' is deprecated.
     Warning: 'term.list.formula' is deprecated.
     Warning: 'term.list.formula' is deprecated.
     Warning: 'term.list.formula' is deprecated.
     Warning: 'term.list.formula' is deprecated.
     Warning: 'term.list.formula' is deprecated.
     Warning: 'term.list.formula' is deprecated.
     Warning: 'term.list.formula' is deprecated.
     Warning: 'ergm.update.formula' is deprecated.
     Warning: 'term.list.formula' is deprecated.
     Warning: 'term.list.formula' is deprecated.
     Warning: 'ergm.update.formula' is deprecated.
     Warning: 'term.list.formula' is deprecated.
     Warning: 'term.list.formula' is deprecated.
     Warning: 'term.list.formula' is deprecated.
     Warning: 'term.list.formula' is deprecated.
     Warning: 'term.list.formula' is deprecated.
     Warning: 'term.list.formula' is deprecated.
     Warning: 'term.list.formula' is deprecated.
     Warning: 'ergm.update.formula' is deprecated.
     Warning: 'term.list.formula' is deprecated.
     Warning: 'term.list.formula' is deprecated.
     Warning: 'ergm.update.formula' is deprecated.
     Warning: 'term.list.formula' is deprecated.
     Warning: 'term.list.formula' is deprecated.
     Warning: 'term.list.formula' is deprecated.
     Warning: 'term.list.formula' is deprecated.
     Warning: 'term.list.formula' is deprecated.
     Warning: 'term.list.formula' is deprecated.
     Warning: 'term.list.formula' is deprecated.
     Warning: 'ergm.update.formula' is deprecated.
     Warning: 'term.list.formula' is deprecated.
     Warning: 'term.list.formula' is deprecated.
     Warning: 'ergm.update.formula' is deprecated.
     Warning: 'term.list.formula' is deprecated.
     Warning: 'term.list.formula' is deprecated.
     Warning: 'term.list.formula' is deprecated.
     Warning: 'term.list.formula' is deprecated.
     Warning: 'term.list.formula' is deprecated.
     Warning: 'term.list.formula' is deprecated.
     Warning: 'term.list.formula' is deprecated.
     Warning: 'ergm.update.formula' is deprecated.
     Warning: 'term.list.formula' is deprecated.
     Warning: 'term.list.formula' is deprecated.
     Warning: 'ergm.update.formula' is deprecated.
     Warning: 'term.list.formula' is deprecated.
     Warning: 'term.list.formula' is deprecated.
     Warning: 'term.list.formula' is deprecated.
     Warning: 'term.list.formula' is deprecated.
     Warning: 'term.list.formula' is deprecated.
     Warning: 'term.list.formula' is deprecated.
     Warning: 'term.list.formula' is deprecated.
     Warning: 'ergm.update.formula' is deprecated.
     Warning: 'term.list.formula' is deprecated.
     Warning: 'term.list.formula' is deprecated.
     Warning: 'ergm.update.formula' is deprecated.
     Warning: 'term.list.formula' is deprecated.
     Warning: 'term.list.formula' is deprecated.
     Warning: 'term.list.formula' is deprecated.
     Warning: 'term.list.formula' is deprecated.
     Warning: 'term.list.formula' is deprecated.
     Warning: 'term.list.formula' is deprecated.
     Warning: 'term.list.formula' is deprecated.
     Warning: 'ergm.update.formula' is deprecated.
     Warning: 'term.list.formula' is deprecated.
     Warning: 'term.list.formula' is deprecated.
     Warning: 'ergm.update.formula' is deprecated.
     Warning: 'term.list.formula' is deprecated.
     Warning: 'term.list.formula' is deprecated.
     Warning: 'term.list.formula' is deprecated.
     Warning: 'term.list.formula' is deprecated.
     Warning: 'term.list.formula' is deprecated.
     Warning: 'term.list.formula' is deprecated.
     Warning: 'term.list.formula' is deprecated.
     Warning: 'ergm.update.formula' is deprecated.
     Warning: 'term.list.formula' is deprecated.
     Warning: 'term.list.formula' is deprecated.
     Warning: 'ergm.update.formula' is deprecated.
     Warning: 'term.list.formula' is deprecated.
     Warning: 'term.list.formula' is deprecated.
     Warning: 'term.list.formula' is deprecated.
     Warning: 'term.list.formula' is deprecated.
     Warning: 'term.list.formula' is deprecated.
     Warning: 'term.list.formula' is deprecated.
     Warning: 'term.list.formula' is deprecated.
     Warning: 'ergm.update.formula' is deprecated.
     Warning: 'term.list.formula' is deprecated.
     Warning: 'term.list.formula' is deprecated.
     Warning: 'ergm.update.formula' is deprecated.
     Warning: 'term.list.formula' is deprecated.
     Warning: 'term.list.formula' is deprecated.
     Warning: 'term.list.formula' is deprecated.
     Warning: 'term.list.formula' is deprecated.
     Warning: 'term.list.formula' is deprecated.
     Warning: 'term.list.formula' is deprecated.
     Warning: 'term.list.formula' is deprecated.
     Warning: 'ergm.update.formula' is deprecated.
     Warning: 'term.list.formula' is deprecated.
     Warning: 'term.list.formula' is deprecated.
     Warning: 'ergm.update.formula' is deprecated.
     Warning: 'term.list.formula' is deprecated.
     Warning: 'term.list.formula' is deprecated.
     Warning: 'term.list.formula' is deprecated.
    Deprecated functions may be defunct as soon as of the next release of
    R.
    See ?Deprecated.
Flavors: r-devel-linux-x86_64-fedora-clang, r-devel-linux-x86_64-fedora-gcc, r-devel-windows-ix86+x86_64, r-patched-solaris-x86, r-release-windows-ix86+x86_64, r-oldrel-windows-ix86+x86_64

Version: 4.1.0
Check: examples
Result: WARN
    Found the following significant warnings:
    
     Warning: 'term.list.formula' is deprecated.
     Warning: 'term.list.formula' is deprecated.
     Warning: 'term.list.formula' is deprecated.
     Warning: 'term.list.formula' is deprecated.
     Warning: 'term.list.formula' is deprecated.
     Warning: 'term.list.formula' is deprecated.
     Warning: 'term.list.formula' is deprecated.
     Warning: 'term.list.formula' is deprecated.
     Warning: 'ergm.update.formula' is deprecated.
     Warning: 'term.list.formula' is deprecated.
     Warning: 'term.list.formula' is deprecated.
     Warning: 'ergm.update.formula' is deprecated.
     Warning: 'term.list.formula' is deprecated.
     Warning: 'term.list.formula' is deprecated.
     Warning: 'term.list.formula' is deprecated.
     Warning: 'term.list.formula' is deprecated.
     Warning: 'term.list.formula' is deprecated.
     Warning: 'term.list.formula' is deprecated.
     Warning: 'term.list.formula' is deprecated.
     Warning: 'ergm.update.formula' is deprecated.
     Warning: 'term.list.formula' is deprecated.
     Warning: 'term.list.formula' is deprecated.
     Warning: 'ergm.update.formula' is deprecated.
     Warning: 'term.list.formula' is deprecated.
     Warning: 'term.list.formula' is deprecated.
     Warning: 'term.list.formula' is deprecated.
     Warning: 'term.list.formula' is deprecated.
     Warning: 'term.list.formula' is deprecated.
     Warning: 'term.list.formula' is deprecated.
     Warning: 'term.list.formula' is deprecated.
     Warning: 'ergm.update.formula' is deprecated.
     Warning: 'term.list.formula' is deprecated.
     Warning: 'term.list.formula' is deprecated.
     Warning: 'ergm.update.formula' is deprecated.
     Warning: 'term.list.formula' is deprecated.
     Warning: 'term.list.formula' is deprecated.
     Warning: 'term.list.formula' is deprecated.
     Warning: 'term.list.formula' is deprecated.
     Warning: 'term.list.formula' is deprecated.
     Warning: 'term.list.formula' is deprecated.
     Warning: 'term.list.formula' is deprecated.
     Warning: 'ergm.update.formula' is deprecated.
     Warning: 'term.list.formula' is deprecated.
     Warning: 'term.list.formula' is deprecated.
     Warning: 'ergm.update.formula' is deprecated.
     Warning: 'term.list.formula' is deprecated.
     Warning: 'term.list.formula' is deprecated.
     Warning: 'term.list.formula' is deprecated.
     Warning: 'term.list.formula' is deprecated.
     Warning: 'term.list.formula' is deprecated.
     Warning: 'term.list.formula' is deprecated.
     Warning: 'term.list.formula' is deprecated.
     Warning: 'ergm.update.formula' is deprecated.
     Warning: 'term.list.formula' is deprecated.
     Warning: 'term.list.formula' is deprecated.
     Warning: 'ergm.update.formula' is deprecated.
     Warning: 'term.list.formula' is deprecated.
     Warning: 'term.list.formula' is deprecated.
     Warning: 'term.list.formula' is deprecated.
     Warning: 'term.list.formula' is deprecated.
     Warning: 'term.list.formula' is deprecated.
     Warning: 'term.list.formula' is deprecated.
     Warning: 'term.list.formula' is deprecated.
     Warning: 'ergm.update.formula' is deprecated.
     Warning: 'term.list.formula' is deprecated.
     Warning: 'term.list.formula' is deprecated.
     Warning: 'ergm.update.formula' is deprecated.
     Warning: 'term.list.formula' is deprecated.
     Warning: 'term.list.formula' is deprecated.
     Warning: 'term.list.formula' is deprecated.
     Warning: 'term.list.formula' is deprecated.
     Warning: 'term.list.formula' is deprecated.
     Warning: 'term.list.formula' is deprecated.
     Warning: 'term.list.formula' is deprecated.
     Warning: 'ergm.update.formula' is deprecated.
     Warning: 'term.list.formula' is deprecated.
     Warning: 'term.list.formula' is deprecated.
     Warning: 'ergm.update.formula' is deprecated.
     Warning: 'term.list.formula' is deprecated.
     Warning: 'term.list.formula' is deprecated.
     Warning: 'term.list.formula' is deprecated.
     Warning: 'term.list.formula' is deprecated.
     Warning: 'term.list.formula' is deprecated.
     Warning: 'term.list.formula' is deprecated.
     Warning: 'term.list.formula' is deprecated.
     Warning: 'ergm.update.formula' is deprecated.
     Warning: 'term.list.formula' is deprecated.
     Warning: 'term.list.formula' is deprecated.
     Warning: 'ergm.update.formula' is deprecated.
     Warning: 'term.list.formula' is deprecated.
     Warning: 'term.list.formula' is deprecated.
     Warning: 'term.list.formula' is deprecated.
     Warning: 'term.list.formula' is deprecated.
     Warning: 'term.list.formula' is deprecated.
     Warning: 'term.list.formula' is deprecated.
     Warning: 'term.list.formula' is deprecated.
     Warning: 'ergm.update.formula' is deprecated.
     Warning: 'term.list.formula' is deprecated.
     Warning: 'term.list.formula' is deprecated.
     Warning: 'ergm.update.formula' is deprecated.
     Warning: 'term.list.formula' is deprecated.
     Warning: 'term.list.formula' is deprecated.
     Warning: 'term.list.formula' is deprecated.
     Warning: 'term.list.formula' is deprecated.
     Warning: 'term.list.formula' is deprecated.
     Warning: 'term.list.formula' is deprecated.
     Warning: 'term.list.formula' is deprecated.
     Warning: 'ergm.update.formula' is deprecated.
     Warning: 'term.list.formula' is deprecated.
     Warning: 'term.list.formula' is deprecated.
     Warning: 'ergm.update.formula' is deprecated.
     Warning: 'term.list.formula' is deprecated.
     Warning: 'term.list.formula' is deprecated.
     Warning: 'term.list.formula' is deprecated.
     Warning: 'term.list.formula' is deprecated.
     Warning: 'term.list.formula' is deprecated.
     Warning: 'term.list.formula' is deprecated.
     Warning: 'term.list.formula' is deprecated.
     Warning: 'ergm.update.formula' is deprecated.
     Warning: 'term.list.formula' is deprecated.
     Warning: 'term.list.formula' is deprecated.
     Warning: 'ergm.update.formula' is deprecated.
     Warning: 'term.list.formula' is deprecated.
     Warning: 'term.list.formula' is deprecated.
     Warning: 'term.list.formula' is deprecated.
     Warning: 'term.list.formula' is deprecated.
     Warning: 'term.list.formula' is deprecated.
     Warning: 'term.list.formula' is deprecated.
     Warning: 'term.list.formula' is deprecated.
     Warning: 'ergm.update.formula' is deprecated.
     Warning: 'term.list.formula' is deprecated.
     Warning: 'term.list.formula' is deprecated.
     Warning: 'ergm.update.formula' is deprecated.
     Warning: 'term.list.formula' is deprecated.
     Warning: 'term.list.formula' is deprecated.
     Warning: 'term.list.formula' is deprecated.
     Warning: 'term.list.formula' is deprecated.
     Warning: 'term.list.formula' is deprecated.
     Warning: 'term.list.formula' is deprecated.
     Warning: 'term.list.formula' is deprecated.
     Warning: 'ergm.update.formula' is deprecated.
     Warning: 'term.list.formula' is deprecated.
     Warning: 'term.list.formula' is deprecated.
     Warning: 'ergm.update.formula' is deprecated.
     Warning: 'term.list.formula' is deprecated.
     Warning: 'term.list.formula' is deprecated.
     Warning: 'term.list.formula' is deprecated.
     Warning: 'term.list.formula' is deprecated.
     Warning: 'term.list.formula' is deprecated.
     Warning: 'term.list.formula' is deprecated.
     Warning: 'term.list.formula' is deprecated.
     Warning: 'ergm.update.formula' is deprecated.
     Warning: 'term.list.formula' is deprecated.
     Warning: 'term.list.formula' is deprecated.
     Warning: 'ergm.update.formula' is deprecated.
     Warning: 'term.list.formula' is deprecated.
     Warning: 'term.list.formula' is deprecated.
     Warning: 'term.list.formula' is deprecated.
     Warning: 'term.list.formula' is deprecated.
     Warning: 'term.list.formula' is deprecated.
     Warning: 'term.list.formula' is deprecated.
     Warning: 'term.list.formula' is deprecated.
     Warning: 'ergm.update.formula' is deprecated.
     Warning: 'term.list.formula' is deprecated.
     Warning: 'term.list.formula' is deprecated.
     Warning: 'ergm.update.formula' is deprecated.
     Warning: 'term.list.formula' is deprecated.
     Warning: 'term.list.formula' is deprecated.
     Warning: 'term.list.formula' is deprecated.
     Warning: 'term.list.formula' is deprecated.
     Warning: 'term.list.formula' is deprecated.
     Warning: 'term.list.formula' is deprecated.
     Warning: 'term.list.formula' is deprecated.
     Warning: 'ergm.update.formula' is deprecated.
     Warning: 'term.list.formula' is deprecated.
     Warning: 'term.list.formula' is deprecated.
     Warning: 'ergm.update.formula' is deprecated.
     Warning: 'term.list.formula' is deprecated.
     Warning: 'term.list.formula' is deprecated.
     Warning: 'term.list.formula' is deprecated.
     Warning: 'term.list.formula' is deprecated.
     Warning: 'term.list.formula' is deprecated.
     Warning: 'term.list.formula' is deprecated.
     Warning: 'term.list.formula' is deprecated.
     Warning: 'ergm.update.formula' is deprecated.
     Warning: 'term.list.formula' is deprecated.
     Warning: 'term.list.formula' is deprecated.
     Warning: 'ergm.update.formula' is deprecated.
     Warning: 'term.list.formula' is deprecated.
     Warning: 'term.list.formula' is deprecated.
     Warning: 'term.list.formula' is deprecated.
     Warning: 'term.list.formula' is deprecated.
     Warning: 'term.list.formula' is deprecated.
     Warning: 'term.list.formula' is deprecated.
     Warning: 'term.list.formula' is deprecated.
     Warning: 'ergm.update.formula' is deprecated.
     Warning: 'term.list.formula' is deprecated.
     Warning: 'term.list.formula' is deprecated.
     Warning: 'ergm.update.formula' is deprecated.
     Warning: 'term.list.formula' is deprecated.
     Warning: 'term.list.formula' is deprecated.
     Warning: 'term.list.formula' is deprecated.
     Warning: 'term.list.formula' is deprecated.
     Warning: 'term.list.formula' is deprecated.
     Warning: 'term.list.formula' is deprecated.
     Warning: 'term.list.formula' is deprecated.
     Warning: 'ergm.update.formula' is deprecated.
     Warning: 'term.list.formula' is deprecated.
     Warning: 'term.list.formula' is deprecated.
     Warning: 'ergm.update.formula' is deprecated.
     Warning: 'term.list.formula' is deprecated.
     Warning: 'term.list.formula' is deprecated.
     Warning: 'term.list.formula' is deprecated.
     Warning: 'term.list.formula' is deprecated.
     Warning: 'term.list.formula' is deprecated.
     Warning: 'term.list.formula' is deprecated.
     Warning: 'term.list.formula' is deprecated.
     Warning: 'ergm.update.formula' is deprecated.
     Warning: 'term.list.formula' is deprecated.
     Warning: 'term.list.formula' is deprecated.
     Warning: 'ergm.update.formula' is deprecated.
     Warning: 'term.list.formula' is deprecated.
     Warning: 'term.list.formula' is deprecated.
     Warning: 'term.list.formula' is deprecated.
     Warning: 'term.list.formula' is deprecated.
     Warning: 'term.list.formula' is deprecated.
     Warning: 'term.list.formula' is deprecated.
     Warning: 'term.list.formula' is deprecated.
     Warning: 'ergm.update.formula' is deprecated.
     Warning: 'term.list.formula' is deprecated.
     Warning: 'term.list.formula' is deprecated.
     Warning: 'ergm.update.formula' is deprecated.
     Warning: 'term.list.formula' is deprecated.
     Warning: 'term.list.formula' is deprecated.
     Warning: 'term.list.formula' is deprecated.
     Warning: 'term.list.formula' is deprecated.
     Warning: 'term.list.formula' is deprecated.
     Warning: 'term.list.formula' is deprecated.
     Warning: 'term.list.formula' is deprecated.
     Warning: 'ergm.update.formula' is deprecated.
     Warning: 'term.list.formula' is deprecated.
     Warning: 'term.list.formula' is deprecated.
     Warning: 'ergm.update.formula' is deprecated.
     Warning: 'term.list.formula' is deprecated.
     Warning: 'term.list.formula' is deprecated.
     Warning: 'term.list.formula' is deprecated.
     Warning: 'term.list.formula' is deprecated.
     Warning: 'term.list.formula' is deprecated.
     Warning: 'term.list.formula' is deprecated.
     Warning: 'term.list.formula' is deprecated.
     Warning: 'ergm.update.formula' is deprecated.
     Warning: 'term.list.formula' is deprecated.
     Warning: 'term.list.formula' is deprecated.
     Warning: 'ergm.update.formula' is deprecated.
     Warning: 'term.list.formula' is deprecated.
     Warning: 'term.list.formula' is deprecated.
     Warning: 'term.list.formula' is deprecated.
     Warning: 'term.list.formula' is deprecated.
     Warning: 'term.list.formula' is deprecated.
     Warning: 'term.list.formula' is deprecated.
     Warning: 'term.list.formula' is deprecated.
     Warning: 'ergm.update.formula' is deprecated.
     Warning: 'term.list.formula' is deprecated.
     Warning: 'term.list.formula' is deprecated.
     Warning: 'ergm.update.formula' is deprecated.
     Warning: 'term.list.formula' is deprecated.
     Warning: 'term.list.formula' is deprecated.
     Warning: 'term.list.formula' is deprecated.
     Warning: 'term.list.formula' is deprecated.
     Warning: 'term.list.formula' is deprecated.
     Warning: 'term.list.formula' is deprecated.
     Warning: 'term.list.formula' is deprecated.
     Warning: 'ergm.update.formula' is deprecated.
     Warning: 'term.list.formula' is deprecated.
     Warning: 'term.list.formula' is deprecated.
     Warning: 'ergm.update.formula' is deprecated.
     Warning: 'term.list.formula' is deprecated.
     Warning: 'term.list.formula' is deprecated.
     Warning: 'term.list.formula' is deprecated.
     Warning: 'term.list.formula' is deprecated.
     Warning: 'term.list.formula' is deprecated.
     Warning: 'term.list.formula' is deprecated.
     Warning: 'term.list.formula' is deprecated.
     Warning: 'ergm.update.formula' is deprecated.
     Warning: 'term.list.formula' is deprecated.
     Warning: 'term.list.formula' is deprecated.
     Warning: 'ergm.update.formula' is deprecated.
     Warning: 'term.list.formula' is deprecated.
     Warning: 'term.list.formula' is deprecated.
     Warning: 'term.list.formula' is deprecated.
     Warning: 'term.list.formula' is deprecated.
     Warning: 'term.list.formula' is deprecated.
     Warning: 'term.list.formula' is deprecated.
     Warning: 'term.list.formula' is deprecated.
     Warning: 'ergm.update.formula' is deprecated.
     Warning: 'term.list.formula' is deprecated.
     Warning: 'term.list.formula' is deprecated.
     Warning: 'ergm.update.formula' is deprecated.
     Warning: 'term.list.formula' is deprecated.
     Warning: 'term.list.formula' is deprecated.
     Warning: 'term.list.formula' is deprecated.
     Warning: 'term.list.formula' is deprecated.
     Warning: 'term.list.formula' is deprecated.
     Warning: 'term.list.formula' is deprecated.
     Warning: 'term.list.formula' is deprecated.
     Warning: 'ergm.update.formula' is deprecated.
     Warning: 'term.list.formula' is deprecated.
     Warning: 'term.list.formula' is deprecated.
     Warning: 'ergm.update.formula' is deprecated.
     Warning: 'term.list.formula' is deprecated.
     Warning: 'term.list.formula' is deprecated.
     Warning: 'term.list.formula' is deprecated.
     Warning: 'term.list.formula' is deprecated.
     Warning: 'term.list.formula' is deprecated.
     Warning: 'term.list.formula' is deprecated.
     Warning: 'term.list.formula' is deprecated.
     Warning: 'ergm.update.formula' is deprecated.
     Warning: 'term.list.formula' is deprecated.
     Warning: 'term.list.formula' is deprecated.
     Warning: 'ergm.update.formula' is deprecated.
     Warning: 'term.list.formula' is deprecated.
     Warning: 'term.list.formula' is deprecated.
     Warning: 'term.list.formula' is deprecated.
     Warning: 'term.list.formula' is deprecated.
     Warning: 'term.list.formula' is deprecated.
     Warning: 'term.list.formula' is deprecated.
     Warning: 'term.list.formula' is deprecated.
     Warning: 'ergm.update.formula' is deprecated.
     Warning: 'term.list.formula' is deprecated.
     Warning: 'term.list.formula' is deprecated.
     Warning: 'ergm.update.formula' is deprecated.
     Warning: 'term.list.formula' is deprecated.
     Warning: 'term.list.formula' is deprecated.
     Warning: 'term.list.formula' is deprecated.
     Warning: 'term.list.formula' is deprecated.
     Warning: 'term.list.formula' is deprecated.
     Warning: 'term.list.formula' is deprecated.
     Warning: 'term.list.formula' is deprecated.
     Warning: 'ergm.update.formula' is deprecated.
     Warning: 'term.list.formula' is deprecated.
     Warning: 'term.list.formula' is deprecated.
     Warning: 'ergm.update.formula' is deprecated.
     Warning: 'term.list.formula' is deprecated.
     Warning: 'term.list.formula' is deprecated.
     Warning: 'term.list.formula' is deprecated.
     Warning: 'term.list.formula' is deprecated.
     Warning: 'term.list.formula' is deprecated.
     Warning: 'term.list.formula' is deprecated.
     Warning: 'term.list.formula' is deprecated.
     Warning: 'ergm.update.formula' is deprecated.
     Warning: 'term.list.formula' is deprecated.
     Warning: 'term.list.formula' is deprecated.
     Warning: 'ergm.update.formula' is deprecated.
     Warning: 'term.list.formula' is deprecated.
     Warning: 'term.list.formula' is deprecated.
     Warning: 'term.list.formula' is deprecated.
     Warning: 'term.list.formula' is deprecated.
     Warning: 'term.list.formula' is deprecated.
     Warning: 'term.list.formula' is deprecated.
     Warning: 'term.list.formula' is deprecated.
     Warning: 'ergm.update.formula' is deprecated.
     Warning: 'term.list.formula' is deprecated.
     Warning: 'term.list.formula' is deprecated.
     Warning: 'ergm.update.formula' is deprecated.
     Warning: 'term.list.formula' is deprecated.
     Warning: 'term.list.formula' is deprecated.
     Warning: 'term.list.formula' is deprecated.
     Warning: 'term.list.formula' is deprecated.
     Warning: 'term.list.formula' is deprecated.
     Warning: 'term.list.formula' is deprecated.
     Warning: 'term.list.formula' is deprecated.
     Warning: 'ergm.update.formula' is deprecated.
     Warning: 'term.list.formula' is deprecated.
     Warning: 'term.list.formula' is deprecated.
     Warning: 'ergm.update.formula' is deprecated.
     Warning: 'term.list.formula' is deprecated.
     Warning: 'term.list.formula' is deprecated.
     Warning: 'term.list.formula' is deprecated.
     Warning: 'term.list.formula' is deprecated.
     Warning: 'term.list.formula' is deprecated.
     Warning: 'term.list.formula' is deprecated.
     Warning: 'term.list.formula' is deprecated.
     Warning: 'ergm.update.formula' is deprecated.
     Warning: 'term.list.formula' is deprecated.
     Warning: 'term.list.formula' is deprecated.
     Warning: 'ergm.update.formula' is deprecated.
     Warning: 'term.list.formula' is deprecated.
     Warning: 'term.list.formula' is deprecated.
     Warning: 'term.list.formula' is deprecated.
     Warning: 'term.list.formula' is deprecated.
     Warning: 'term.list.formula' is deprecated.
     Warning: 'term.list.formula' is deprecated.
     Warning: 'term.list.formula' is deprecated.
     Warning: 'ergm.update.formula' is deprecated.
     Warning: 'term.list.formula' is deprecated.
     Warning: 'term.list.formula' is deprecated.
     Warning: 'ergm.update.formula' is deprecated.
     Warning: 'term.list.formula' is deprecated.
     Warning: 'term.list.formula' is deprecated.
     Warning: 'term.list.formula' is deprecated.
     Warning: 'term.list.formula' is deprecated.
     Warning: 'term.list.formula' is deprecated.
     Warning: 'term.list.formula' is deprecated.
     Warning: 'term.list.formula' is deprecated.
     Warning: 'ergm.update.formula' is deprecated.
     Warning: 'term.list.formula' is deprecated.
     Warning: 'term.list.formula' is deprecated.
     Warning: 'ergm.update.formula' is deprecated.
     Warning: 'term.list.formula' is deprecated.
     Warning: 'term.list.formula' is deprecated.
     Warning: 'term.list.formula' is deprecated.
     Warning: 'term.list.formula' is deprecated.
     Warning: 'term.list.formula' is deprecated.
     Warning: 'term.list.formula' is deprecated.
     Warning: 'term.list.formula' is deprecated.
     Warning: 'ergm.update.formula' is deprecated.
     Warning: 'term.list.formula' is deprecated.
     Warning: 'term.list.formula' is deprecated.
     Warning: 'ergm.update.formula' is deprecated.
     Warning: 'term.list.formula' is deprecated.
     Warning: 'term.list.formula' is deprecated.
     Warning: 'term.list.formula' is deprecated.
     Warning: 'term.list.formula' is deprecated.
     Warning: 'term.list.formula' is deprecated.
     Warning: 'term.list.formula' is deprecated.
     Warning: 'term.list.formula' is deprecated.
     Warning: 'ergm.update.formula' is deprecated.
     Warning: 'term.list.formula' is deprecated.
     Warning: 'term.list.formula' is deprecated.
     Warning: 'ergm.update.formula' is deprecated.
     Warning: 'term.list.formula' is deprecated.
     Warning: 'term.list.formula' is deprecated.
     Warning: 'term.list.formula' is deprecated.
     Warning: 'term.list.formula' is deprecated.
     Warning: 'term.list.formula' is deprecated.
     Warning: 'term.list.formula' is deprecated.
     Warning: 'term.list.formula' is deprecated.
     Warning: 'ergm.update.formula' is deprecated.
     Warning: 'term.list.formula' is deprecated.
     Warning: 'term.list.formula' is deprecated.
     Warning: 'ergm.update.formula' is deprecated.
     Warning: 'term.list.formula' is deprecated.
     Warning: 'term.list.formula' is deprecated.
     Warning: 'term.list.formula' is deprecated.
     Warning: 'term.list.formula' is deprecated.
     Warning: 'term.list.formula' is deprecated.
     Warning: 'term.list.formula' is deprecated.
     Warning: 'term.list.formula' is deprecated.
     Warning: 'ergm.update.formula' is deprecated.
     Warning: 'term.list.formula' is deprecated.
     Warning: 'term.list.formula' is deprecated.
     Warning: 'ergm.update.formula' is deprecated.
     Warning: 'term.list.formula' is deprecated.
     Warning: 'term.list.formula' is deprecated.
     Warning: 'term.list.formula' is deprecated.
     Warning: 'term.list.formula' is deprecated.
     Warning: 'term.list.formula' is deprecated.
     Warning: 'term.list.formula' is deprecated.
     Warning: 'term.list.formula' is deprecated.
     Warning: 'ergm.update.formula' is deprecated.
     Warning: 'term.list.formula' is deprecated.
     Warning: 'term.list.formula' is deprecated.
     Warning: 'ergm.update.formula' is deprecated.
     Warning: 'term.list.formula' is deprecated.
     Warning: 'term.list.formula' is deprecated.
     Warning: 'term.list.formula' is deprecated.
     Warning: 'term.list.formula' is deprecated.
     Warning: 'term.list.formula' is deprecated.
     Warning: 'term.list.formula' is deprecated.
     Warning: 'term.list.formula' is deprecated.
     Warning: 'ergm.update.formula' is deprecated.
     Warning: 'term.list.formula' is deprecated.
     Warning: 'term.list.formula' is deprecated.
     Warning: 'ergm.update.formula' is deprecated.
     Warning: 'term.list.formula' is deprecated.
     Warning: 'term.list.formula' is deprecated.
     Warning: 'term.list.formula' is deprecated.
     Warning: 'term.list.formula' is deprecated.
     Warning: 'term.list.formula' is deprecated.
     Warning: 'term.list.formula' is deprecated.
     Warning: 'term.list.formula' is deprecated.
     Warning: 'ergm.update.formula' is deprecated.
     Warning: 'term.list.formula' is deprecated.
     Warning: 'term.list.formula' is deprecated.
     Warning: 'ergm.update.formula' is deprecated.
     Warning: 'term.list.formula' is deprecated.
     Warning: 'term.list.formula' is deprecated.
     Warning: 'term.list.formula' is deprecated.
     Warning: 'term.list.formula' is deprecated.
     Warning: 'term.list.formula' is deprecated.
     Warning: 'term.list.formula' is deprecated.
     Warning: 'term.list.formula' is deprecated.
     Warning: 'ergm.update.formula' is deprecated.
     Warning: 'term.list.formula' is deprecated.
     Warning: 'term.list.formula' is deprecated.
     Warning: 'ergm.update.formula' is deprecated.
     Warning: 'term.list.formula' is deprecated.
     Warning: 'term.list.formula' is deprecated.
     Warning: 'term.list.formula' is deprecated.
     Warning: 'term.list.formula' is deprecated.
     Warning: 'term.list.formula' is deprecated.
     Warning: 'term.list.formula' is deprecated.
     Warning: 'term.list.formula' is deprecated.
     Warning: 'ergm.update.formula' is deprecated.
     Warning: 'term.list.formula' is deprecated.
     Warning: 'term.list.formula' is deprecated.
     Warning: 'ergm.update.formula' is deprecated.
     Warning: 'term.list.formula' is deprecated.
     Warning: 'term.list.formula' is deprecated.
     Warning: 'term.list.formula' is deprecated.
     Warning: 'term.list.formula' is deprecated.
     Warning: 'term.list.formula' is deprecated.
     Warning: 'term.list.formula' is deprecated.
     Warning: 'term.list.formula' is deprecated.
     Warning: 'ergm.update.formula' is deprecated.
     Warning: 'term.list.formula' is deprecated.
     Warning: 'term.list.formula' is deprecated.
     Warning: 'ergm.update.formula' is deprecated.
     Warning: 'term.list.formula' is deprecated.
     Warning: 'term.list.formula' is deprecated.
     Warning: 'term.list.formula' is deprecated.
     Warning: 'term.list.formula' is deprecated.
     Warning: 'term.list.formula' is deprecated.
     Warning: 'term.list.formula' is deprecated.
     Warning: 'term.list.formula' is deprecated.
     Warning: 'ergm.update.formula' is deprecated.
     Warning: 'term.list.formula' is deprecated.
     Warning: 'term.list.formula' is deprecated.
     Warning: 'ergm.update.formula' is deprecated.
     Warning: 'term.list.formula' is deprecated.
     Warning: 'term.list.formula' is deprecated.
     Warning: 'term.list.formula' is deprecated.
     Warning: 'term.list.formula' is deprecated.
     Warning: 'term.list.formula' is deprecated.
     Warning: 'term.list.formula' is deprecated.
     Warning: 'term.list.formula' is deprecated.
     Warning: 'ergm.update.formula' is deprecated.
     Warning: 'term.list.formula' is deprecated.
     Warning: 'term.list.formula' is deprecated.
     Warning: 'ergm.update.formula' is deprecated.
     Warning: 'term.list.formula' is deprecated.
     Warning: 'term.list.formula' is deprecated.
     Warning: 'term.list.formula' is deprecated.
     Warning: 'term.list.formula' is deprecated.
     Warning: 'term.list.formula' is deprecated.
     Warning: 'term.list.formula' is deprecated.
     Warning: 'term.list.formula' is deprecated.
     Warning: 'ergm.update.formula' is deprecated.
     Warning: 'term.list.formula' is deprecated.
     Warning: 'term.list.formula' is deprecated.
     Warning: 'ergm.update.formula' is deprecated.
     Warning: 'term.list.formula' is deprecated.
     Warning: 'term.list.formula' is deprecated.
     Warning: 'term.list.formula' is deprecated.
    Deprecated functions may be defunct as soon as of the next release of
    R.
    See ?Deprecated.
    Examples with CPU or elapsed time > 5s
     user system elapsed
    bgof 7.132 0.178 8.685
Flavor: r-patched-linux-x86_64

Version: 4.1.0
Check: examples
Result: WARN
    Found the following significant warnings:
    
     Warning: 'term.list.formula' is deprecated.
     Warning: 'term.list.formula' is deprecated.
     Warning: 'term.list.formula' is deprecated.
     Warning: 'term.list.formula' is deprecated.
     Warning: 'term.list.formula' is deprecated.
     Warning: 'term.list.formula' is deprecated.
     Warning: 'term.list.formula' is deprecated.
     Warning: 'term.list.formula' is deprecated.
     Warning: 'ergm.update.formula' is deprecated.
     Warning: 'term.list.formula' is deprecated.
     Warning: 'term.list.formula' is deprecated.
     Warning: 'ergm.update.formula' is deprecated.
     Warning: 'term.list.formula' is deprecated.
     Warning: 'term.list.formula' is deprecated.
     Warning: 'term.list.formula' is deprecated.
     Warning: 'term.list.formula' is deprecated.
     Warning: 'term.list.formula' is deprecated.
     Warning: 'term.list.formula' is deprecated.
     Warning: 'term.list.formula' is deprecated.
     Warning: 'ergm.update.formula' is deprecated.
     Warning: 'term.list.formula' is deprecated.
     Warning: 'term.list.formula' is deprecated.
     Warning: 'ergm.update.formula' is deprecated.
     Warning: 'term.list.formula' is deprecated.
     Warning: 'term.list.formula' is deprecated.
     Warning: 'term.list.formula' is deprecated.
     Warning: 'term.list.formula' is deprecated.
     Warning: 'term.list.formula' is deprecated.
     Warning: 'term.list.formula' is deprecated.
     Warning: 'term.list.formula' is deprecated.
     Warning: 'ergm.update.formula' is deprecated.
     Warning: 'term.list.formula' is deprecated.
     Warning: 'term.list.formula' is deprecated.
     Warning: 'ergm.update.formula' is deprecated.
     Warning: 'term.list.formula' is deprecated.
     Warning: 'term.list.formula' is deprecated.
     Warning: 'term.list.formula' is deprecated.
     Warning: 'term.list.formula' is deprecated.
     Warning: 'term.list.formula' is deprecated.
     Warning: 'term.list.formula' is deprecated.
     Warning: 'term.list.formula' is deprecated.
     Warning: 'ergm.update.formula' is deprecated.
     Warning: 'term.list.formula' is deprecated.
     Warning: 'term.list.formula' is deprecated.
     Warning: 'ergm.update.formula' is deprecated.
     Warning: 'term.list.formula' is deprecated.
     Warning: 'term.list.formula' is deprecated.
     Warning: 'term.list.formula' is deprecated.
     Warning: 'term.list.formula' is deprecated.
     Warning: 'term.list.formula' is deprecated.
     Warning: 'term.list.formula' is deprecated.
     Warning: 'term.list.formula' is deprecated.
     Warning: 'ergm.update.formula' is deprecated.
     Warning: 'term.list.formula' is deprecated.
     Warning: 'term.list.formula' is deprecated.
     Warning: 'ergm.update.formula' is deprecated.
     Warning: 'term.list.formula' is deprecated.
     Warning: 'term.list.formula' is deprecated.
     Warning: 'term.list.formula' is deprecated.
     Warning: 'term.list.formula' is deprecated.
     Warning: 'term.list.formula' is deprecated.
     Warning: 'term.list.formula' is deprecated.
     Warning: 'term.list.formula' is deprecated.
     Warning: 'ergm.update.formula' is deprecated.
     Warning: 'term.list.formula' is deprecated.
     Warning: 'term.list.formula' is deprecated.
     Warning: 'ergm.update.formula' is deprecated.
     Warning: 'term.list.formula' is deprecated.
     Warning: 'term.list.formula' is deprecated.
     Warning: 'term.list.formula' is deprecated.
     Warning: 'term.list.formula' is deprecated.
     Warning: 'term.list.formula' is deprecated.
     Warning: 'term.list.formula' is deprecated.
     Warning: 'term.list.formula' is deprecated.
     Warning: 'ergm.update.formula' is deprecated.
     Warning: 'term.list.formula' is deprecated.
     Warning: 'term.list.formula' is deprecated.
     Warning: 'ergm.update.formula' is deprecated.
     Warning: 'term.list.formula' is deprecated.
     Warning: 'term.list.formula' is deprecated.
     Warning: 'term.list.formula' is deprecated.
     Warning: 'term.list.formula' is deprecated.
     Warning: 'term.list.formula' is deprecated.
     Warning: 'term.list.formula' is deprecated.
     Warning: 'term.list.formula' is deprecated.
     Warning: 'ergm.update.formula' is deprecated.
     Warning: 'term.list.formula' is deprecated.
     Warning: 'term.list.formula' is deprecated.
     Warning: 'ergm.update.formula' is deprecated.
     Warning: 'term.list.formula' is deprecated.
     Warning: 'term.list.formula' is deprecated.
     Warning: 'term.list.formula' is deprecated.
     Warning: 'term.list.formula' is deprecated.
     Warning: 'term.list.formula' is deprecated.
     Warning: 'term.list.formula' is deprecated.
     Warning: 'term.list.formula' is deprecated.
     Warning: 'ergm.update.formula' is deprecated.
     Warning: 'term.list.formula' is deprecated.
     Warning: 'term.list.formula' is deprecated.
     Warning: 'ergm.update.formula' is deprecated.
     Warning: 'term.list.formula' is deprecated.
     Warning: 'term.list.formula' is deprecated.
     Warning: 'term.list.formula' is deprecated.
     Warning: 'term.list.formula' is deprecated.
     Warning: 'term.list.formula' is deprecated.
     Warning: 'term.list.formula' is deprecated.
     Warning: 'term.list.formula' is deprecated.
     Warning: 'ergm.update.formula' is deprecated.
     Warning: 'term.list.formula' is deprecated.
     Warning: 'term.list.formula' is deprecated.
     Warning: 'ergm.update.formula' is deprecated.
     Warning: 'term.list.formula' is deprecated.
     Warning: 'term.list.formula' is deprecated.
     Warning: 'term.list.formula' is deprecated.
     Warning: 'term.list.formula' is deprecated.
     Warning: 'term.list.formula' is deprecated.
     Warning: 'term.list.formula' is deprecated.
     Warning: 'term.list.formula' is deprecated.
     Warning: 'ergm.update.formula' is deprecated.
     Warning: 'term.list.formula' is deprecated.
     Warning: 'term.list.formula' is deprecated.
     Warning: 'ergm.update.formula' is deprecated.
     Warning: 'term.list.formula' is deprecated.
     Warning: 'term.list.formula' is deprecated.
     Warning: 'term.list.formula' is deprecated.
     Warning: 'term.list.formula' is deprecated.
     Warning: 'term.list.formula' is deprecated.
     Warning: 'term.list.formula' is deprecated.
     Warning: 'term.list.formula' is deprecated.
     Warning: 'ergm.update.formula' is deprecated.
     Warning: 'term.list.formula' is deprecated.
     Warning: 'term.list.formula' is deprecated.
     Warning: 'ergm.update.formula' is deprecated.
     Warning: 'term.list.formula' is deprecated.
     Warning: 'term.list.formula' is deprecated.
     Warning: 'term.list.formula' is deprecated.
     Warning: 'term.list.formula' is deprecated.
     Warning: 'term.list.formula' is deprecated.
     Warning: 'term.list.formula' is deprecated.
     Warning: 'term.list.formula' is deprecated.
     Warning: 'ergm.update.formula' is deprecated.
     Warning: 'term.list.formula' is deprecated.
     Warning: 'term.list.formula' is deprecated.
     Warning: 'ergm.update.formula' is deprecated.
     Warning: 'term.list.formula' is deprecated.
     Warning: 'term.list.formula' is deprecated.
     Warning: 'term.list.formula' is deprecated.
     Warning: 'term.list.formula' is deprecated.
     Warning: 'term.list.formula' is deprecated.
     Warning: 'term.list.formula' is deprecated.
     Warning: 'term.list.formula' is deprecated.
     Warning: 'ergm.update.formula' is deprecated.
     Warning: 'term.list.formula' is deprecated.
     Warning: 'term.list.formula' is deprecated.
     Warning: 'ergm.update.formula' is deprecated.
     Warning: 'term.list.formula' is deprecated.
     Warning: 'term.list.formula' is deprecated.
     Warning: 'term.list.formula' is deprecated.
     Warning: 'term.list.formula' is deprecated.
     Warning: 'term.list.formula' is deprecated.
     Warning: 'term.list.formula' is deprecated.
     Warning: 'term.list.formula' is deprecated.
     Warning: 'ergm.update.formula' is deprecated.
     Warning: 'term.list.formula' is deprecated.
     Warning: 'term.list.formula' is deprecated.
     Warning: 'ergm.update.formula' is deprecated.
     Warning: 'term.list.formula' is deprecated.
     Warning: 'term.list.formula' is deprecated.
     Warning: 'term.list.formula' is deprecated.
     Warning: 'term.list.formula' is deprecated.
     Warning: 'term.list.formula' is deprecated.
     Warning: 'term.list.formula' is deprecated.
     Warning: 'term.list.formula' is deprecated.
     Warning: 'ergm.update.formula' is deprecated.
     Warning: 'term.list.formula' is deprecated.
     Warning: 'term.list.formula' is deprecated.
     Warning: 'ergm.update.formula' is deprecated.
     Warning: 'term.list.formula' is deprecated.
     Warning: 'term.list.formula' is deprecated.
     Warning: 'term.list.formula' is deprecated.
     Warning: 'term.list.formula' is deprecated.
     Warning: 'term.list.formula' is deprecated.
     Warning: 'term.list.formula' is deprecated.
     Warning: 'term.list.formula' is deprecated.
     Warning: 'ergm.update.formula' is deprecated.
     Warning: 'term.list.formula' is deprecated.
     Warning: 'term.list.formula' is deprecated.
     Warning: 'ergm.update.formula' is deprecated.
     Warning: 'term.list.formula' is deprecated.
     Warning: 'term.list.formula' is deprecated.
     Warning: 'term.list.formula' is deprecated.
     Warning: 'term.list.formula' is deprecated.
     Warning: 'term.list.formula' is deprecated.
     Warning: 'term.list.formula' is deprecated.
     Warning: 'term.list.formula' is deprecated.
     Warning: 'ergm.update.formula' is deprecated.
     Warning: 'term.list.formula' is deprecated.
     Warning: 'term.list.formula' is deprecated.
     Warning: 'ergm.update.formula' is deprecated.
     Warning: 'term.list.formula' is deprecated.
     Warning: 'term.list.formula' is deprecated.
     Warning: 'term.list.formula' is deprecated.
     Warning: 'term.list.formula' is deprecated.
     Warning: 'term.list.formula' is deprecated.
     Warning: 'term.list.formula' is deprecated.
     Warning: 'term.list.formula' is deprecated.
     Warning: 'ergm.update.formula' is deprecated.
     Warning: 'term.list.formula' is deprecated.
     Warning: 'term.list.formula' is deprecated.
     Warning: 'ergm.update.formula' is deprecated.
     Warning: 'term.list.formula' is deprecated.
     Warning: 'term.list.formula' is deprecated.
     Warning: 'term.list.formula' is deprecated.
     Warning: 'term.list.formula' is deprecated.
     Warning: 'term.list.formula' is deprecated.
     Warning: 'term.list.formula' is deprecated.
     Warning: 'term.list.formula' is deprecated.
     Warning: 'ergm.update.formula' is deprecated.
     Warning: 'term.list.formula' is deprecated.
     Warning: 'term.list.formula' is deprecated.
     Warning: 'ergm.update.formula' is deprecated.
     Warning: 'term.list.formula' is deprecated.
     Warning: 'term.list.formula' is deprecated.
     Warning: 'term.list.formula' is deprecated.
     Warning: 'term.list.formula' is deprecated.
     Warning: 'term.list.formula' is deprecated.
     Warning: 'term.list.formula' is deprecated.
     Warning: 'term.list.formula' is deprecated.
     Warning: 'ergm.update.formula' is deprecated.
     Warning: 'term.list.formula' is deprecated.
     Warning: 'term.list.formula' is deprecated.
     Warning: 'ergm.update.formula' is deprecated.
     Warning: 'term.list.formula' is deprecated.
     Warning: 'term.list.formula' is deprecated.
     Warning: 'term.list.formula' is deprecated.
     Warning: 'term.list.formula' is deprecated.
     Warning: 'term.list.formula' is deprecated.
     Warning: 'term.list.formula' is deprecated.
     Warning: 'term.list.formula' is deprecated.
     Warning: 'ergm.update.formula' is deprecated.
     Warning: 'term.list.formula' is deprecated.
     Warning: 'term.list.formula' is deprecated.
     Warning: 'ergm.update.formula' is deprecated.
     Warning: 'term.list.formula' is deprecated.
     Warning: 'term.list.formula' is deprecated.
     Warning: 'term.list.formula' is deprecated.
     Warning: 'term.list.formula' is deprecated.
     Warning: 'term.list.formula' is deprecated.
     Warning: 'term.list.formula' is deprecated.
     Warning: 'term.list.formula' is deprecated.
     Warning: 'ergm.update.formula' is deprecated.
     Warning: 'term.list.formula' is deprecated.
     Warning: 'term.list.formula' is deprecated.
     Warning: 'ergm.update.formula' is deprecated.
     Warning: 'term.list.formula' is deprecated.
     Warning: 'term.list.formula' is deprecated.
     Warning: 'term.list.formula' is deprecated.
     Warning: 'term.list.formula' is deprecated.
     Warning: 'term.list.formula' is deprecated.
     Warning: 'term.list.formula' is deprecated.
     Warning: 'term.list.formula' is deprecated.
     Warning: 'ergm.update.formula' is deprecated.
     Warning: 'term.list.formula' is deprecated.
     Warning: 'term.list.formula' is deprecated.
     Warning: 'ergm.update.formula' is deprecated.
     Warning: 'term.list.formula' is deprecated.
     Warning: 'term.list.formula' is deprecated.
     Warning: 'term.list.formula' is deprecated.
     Warning: 'term.list.formula' is deprecated.
     Warning: 'term.list.formula' is deprecated.
     Warning: 'term.list.formula' is deprecated.
     Warning: 'term.list.formula' is deprecated.
     Warning: 'ergm.update.formula' is deprecated.
     Warning: 'term.list.formula' is deprecated.
     Warning: 'term.list.formula' is deprecated.
     Warning: 'ergm.update.formula' is deprecated.
     Warning: 'term.list.formula' is deprecated.
     Warning: 'term.list.formula' is deprecated.
     Warning: 'term.list.formula' is deprecated.
     Warning: 'term.list.formula' is deprecated.
     Warning: 'term.list.formula' is deprecated.
     Warning: 'term.list.formula' is deprecated.
     Warning: 'term.list.formula' is deprecated.
     Warning: 'ergm.update.formula' is deprecated.
     Warning: 'term.list.formula' is deprecated.
     Warning: 'term.list.formula' is deprecated.
     Warning: 'ergm.update.formula' is deprecated.
     Warning: 'term.list.formula' is deprecated.
     Warning: 'term.list.formula' is deprecated.
     Warning: 'term.list.formula' is deprecated.
     Warning: 'term.list.formula' is deprecated.
     Warning: 'term.list.formula' is deprecated.
     Warning: 'term.list.formula' is deprecated.
     Warning: 'term.list.formula' is deprecated.
     Warning: 'ergm.update.formula' is deprecated.
     Warning: 'term.list.formula' is deprecated.
     Warning: 'term.list.formula' is deprecated.
     Warning: 'ergm.update.formula' is deprecated.
     Warning: 'term.list.formula' is deprecated.
     Warning: 'term.list.formula' is deprecated.
     Warning: 'term.list.formula' is deprecated.
     Warning: 'term.list.formula' is deprecated.
     Warning: 'term.list.formula' is deprecated.
     Warning: 'term.list.formula' is deprecated.
     Warning: 'term.list.formula' is deprecated.
     Warning: 'ergm.update.formula' is deprecated.
     Warning: 'term.list.formula' is deprecated.
     Warning: 'term.list.formula' is deprecated.
     Warning: 'ergm.update.formula' is deprecated.
     Warning: 'term.list.formula' is deprecated.
     Warning: 'term.list.formula' is deprecated.
     Warning: 'term.list.formula' is deprecated.
     Warning: 'term.list.formula' is deprecated.
     Warning: 'term.list.formula' is deprecated.
     Warning: 'term.list.formula' is deprecated.
     Warning: 'term.list.formula' is deprecated.
     Warning: 'ergm.update.formula' is deprecated.
     Warning: 'term.list.formula' is deprecated.
     Warning: 'term.list.formula' is deprecated.
     Warning: 'ergm.update.formula' is deprecated.
     Warning: 'term.list.formula' is deprecated.
     Warning: 'term.list.formula' is deprecated.
     Warning: 'term.list.formula' is deprecated.
     Warning: 'term.list.formula' is deprecated.
     Warning: 'term.list.formula' is deprecated.
     Warning: 'term.list.formula' is deprecated.
     Warning: 'term.list.formula' is deprecated.
     Warning: 'ergm.update.formula' is deprecated.
     Warning: 'term.list.formula' is deprecated.
     Warning: 'term.list.formula' is deprecated.
     Warning: 'ergm.update.formula' is deprecated.
     Warning: 'term.list.formula' is deprecated.
     Warning: 'term.list.formula' is deprecated.
     Warning: 'term.list.formula' is deprecated.
     Warning: 'term.list.formula' is deprecated.
     Warning: 'term.list.formula' is deprecated.
     Warning: 'term.list.formula' is deprecated.
     Warning: 'term.list.formula' is deprecated.
     Warning: 'ergm.update.formula' is deprecated.
     Warning: 'term.list.formula' is deprecated.
     Warning: 'term.list.formula' is deprecated.
     Warning: 'ergm.update.formula' is deprecated.
     Warning: 'term.list.formula' is deprecated.
     Warning: 'term.list.formula' is deprecated.
     Warning: 'term.list.formula' is deprecated.
     Warning: 'term.list.formula' is deprecated.
     Warning: 'term.list.formula' is deprecated.
     Warning: 'term.list.formula' is deprecated.
     Warning: 'term.list.formula' is deprecated.
     Warning: 'ergm.update.formula' is deprecated.
     Warning: 'term.list.formula' is deprecated.
     Warning: 'term.list.formula' is deprecated.
     Warning: 'ergm.update.formula' is deprecated.
     Warning: 'term.list.formula' is deprecated.
     Warning: 'term.list.formula' is deprecated.
     Warning: 'term.list.formula' is deprecated.
     Warning: 'term.list.formula' is deprecated.
     Warning: 'term.list.formula' is deprecated.
     Warning: 'term.list.formula' is deprecated.
     Warning: 'term.list.formula' is deprecated.
     Warning: 'ergm.update.formula' is deprecated.
     Warning: 'term.list.formula' is deprecated.
     Warning: 'term.list.formula' is deprecated.
     Warning: 'ergm.update.formula' is deprecated.
     Warning: 'term.list.formula' is deprecated.
     Warning: 'term.list.formula' is deprecated.
     Warning: 'term.list.formula' is deprecated.
     Warning: 'term.list.formula' is deprecated.
     Warning: 'term.list.formula' is deprecated.
     Warning: 'term.list.formula' is deprecated.
     Warning: 'term.list.formula' is deprecated.
     Warning: 'ergm.update.formula' is deprecated.
     Warning: 'term.list.formula' is deprecated.
     Warning: 'term.list.formula' is deprecated.
     Warning: 'ergm.update.formula' is deprecated.
     Warning: 'term.list.formula' is deprecated.
     Warning: 'term.list.formula' is deprecated.
     Warning: 'term.list.formula' is deprecated.
     Warning: 'term.list.formula' is deprecated.
     Warning: 'term.list.formula' is deprecated.
     Warning: 'term.list.formula' is deprecated.
     Warning: 'term.list.formula' is deprecated.
     Warning: 'ergm.update.formula' is deprecated.
     Warning: 'term.list.formula' is deprecated.
     Warning: 'term.list.formula' is deprecated.
     Warning: 'ergm.update.formula' is deprecated.
     Warning: 'term.list.formula' is deprecated.
     Warning: 'term.list.formula' is deprecated.
     Warning: 'term.list.formula' is deprecated.
     Warning: 'term.list.formula' is deprecated.
     Warning: 'term.list.formula' is deprecated.
     Warning: 'term.list.formula' is deprecated.
     Warning: 'term.list.formula' is deprecated.
     Warning: 'ergm.update.formula' is deprecated.
     Warning: 'term.list.formula' is deprecated.
     Warning: 'term.list.formula' is deprecated.
     Warning: 'ergm.update.formula' is deprecated.
     Warning: 'term.list.formula' is deprecated.
     Warning: 'term.list.formula' is deprecated.
     Warning: 'term.list.formula' is deprecated.
     Warning: 'term.list.formula' is deprecated.
     Warning: 'term.list.formula' is deprecated.
     Warning: 'term.list.formula' is deprecated.
     Warning: 'term.list.formula' is deprecated.
     Warning: 'ergm.update.formula' is deprecated.
     Warning: 'term.list.formula' is deprecated.
     Warning: 'term.list.formula' is deprecated.
     Warning: 'ergm.update.formula' is deprecated.
     Warning: 'term.list.formula' is deprecated.
     Warning: 'term.list.formula' is deprecated.
     Warning: 'term.list.formula' is deprecated.
     Warning: 'term.list.formula' is deprecated.
     Warning: 'term.list.formula' is deprecated.
     Warning: 'term.list.formula' is deprecated.
     Warning: 'term.list.formula' is deprecated.
     Warning: 'ergm.update.formula' is deprecated.
     Warning: 'term.list.formula' is deprecated.
     Warning: 'term.list.formula' is deprecated.
     Warning: 'ergm.update.formula' is deprecated.
     Warning: 'term.list.formula' is deprecated.
     Warning: 'term.list.formula' is deprecated.
     Warning: 'term.list.formula' is deprecated.
     Warning: 'term.list.formula' is deprecated.
     Warning: 'term.list.formula' is deprecated.
     Warning: 'term.list.formula' is deprecated.
     Warning: 'term.list.formula' is deprecated.
     Warning: 'ergm.update.formula' is deprecated.
     Warning: 'term.list.formula' is deprecated.
     Warning: 'term.list.formula' is deprecated.
     Warning: 'ergm.update.formula' is deprecated.
     Warning: 'term.list.formula' is deprecated.
     Warning: 'term.list.formula' is deprecated.
     Warning: 'term.list.formula' is deprecated.
     Warning: 'term.list.formula' is deprecated.
     Warning: 'term.list.formula' is deprecated.
     Warning: 'term.list.formula' is deprecated.
     Warning: 'term.list.formula' is deprecated.
     Warning: 'ergm.update.formula' is deprecated.
     Warning: 'term.list.formula' is deprecated.
     Warning: 'term.list.formula' is deprecated.
     Warning: 'ergm.update.formula' is deprecated.
     Warning: 'term.list.formula' is deprecated.
     Warning: 'term.list.formula' is deprecated.
     Warning: 'term.list.formula' is deprecated.
     Warning: 'term.list.formula' is deprecated.
     Warning: 'term.list.formula' is deprecated.
     Warning: 'term.list.formula' is deprecated.
     Warning: 'term.list.formula' is deprecated.
     Warning: 'ergm.update.formula' is deprecated.
     Warning: 'term.list.formula' is deprecated.
     Warning: 'term.list.formula' is deprecated.
     Warning: 'ergm.update.formula' is deprecated.
     Warning: 'term.list.formula' is deprecated.
     Warning: 'term.list.formula' is deprecated.
     Warning: 'term.list.formula' is deprecated.
     Warning: 'term.list.formula' is deprecated.
     Warning: 'term.list.formula' is deprecated.
     Warning: 'term.list.formula' is deprecated.
     Warning: 'term.list.formula' is deprecated.
     Warning: 'ergm.update.formula' is deprecated.
     Warning: 'term.list.formula' is deprecated.
     Warning: 'term.list.formula' is deprecated.
     Warning: 'ergm.update.formula' is deprecated.
     Warning: 'term.list.formula' is deprecated.
     Warning: 'term.list.formula' is deprecated.
     Warning: 'term.list.formula' is deprecated.
     Warning: 'term.list.formula' is deprecated.
     Warning: 'term.list.formula' is deprecated.
     Warning: 'term.list.formula' is deprecated.
     Warning: 'term.list.formula' is deprecated.
     Warning: 'ergm.update.formula' is deprecated.
     Warning: 'term.list.formula' is deprecated.
     Warning: 'term.list.formula' is deprecated.
     Warning: 'ergm.update.formula' is deprecated.
     Warning: 'term.list.formula' is deprecated.
     Warning: 'term.list.formula' is deprecated.
     Warning: 'term.list.formula' is deprecated.
     Warning: 'term.list.formula' is deprecated.
     Warning: 'term.list.formula' is deprecated.
     Warning: 'term.list.formula' is deprecated.
     Warning: 'term.list.formula' is deprecated.
     Warning: 'ergm.update.formula' is deprecated.
     Warning: 'term.list.formula' is deprecated.
     Warning: 'term.list.formula' is deprecated.
     Warning: 'ergm.update.formula' is deprecated.
     Warning: 'term.list.formula' is deprecated.
     Warning: 'term.list.formula' is deprecated.
     Warning: 'term.list.formula' is deprecated.
     Warning: 'term.list.formula' is deprecated.
     Warning: 'term.list.formula' is deprecated.
     Warning: 'term.list.formula' is deprecated.
     Warning: 'term.list.formula' is deprecated.
     Warning: 'ergm.update.formula' is deprecated.
     Warning: 'term.list.formula' is deprecated.
     Warning: 'term.list.formula' is deprecated.
     Warning: 'ergm.update.formula' is deprecated.
     Warning: 'term.list.formula' is deprecated.
     Warning: 'term.list.formula' is deprecated.
     Warning: 'term.list.formula' is deprecated.
     Warning: 'term.list.formula' is deprecated.
     Warning: 'term.list.formula' is deprecated.
     Warning: 'term.list.formula' is deprecated.
     Warning: 'term.list.formula' is deprecated.
     Warning: 'ergm.update.formula' is deprecated.
     Warning: 'term.list.formula' is deprecated.
     Warning: 'term.list.formula' is deprecated.
     Warning: 'ergm.update.formula' is deprecated.
     Warning: 'term.list.formula' is deprecated.
     Warning: 'term.list.formula' is deprecated.
     Warning: 'term.list.formula' is deprecated.
     Warning: 'term.list.formula' is deprecated.
     Warning: 'term.list.formula' is deprecated.
     Warning: 'term.list.formula' is deprecated.
     Warning: 'term.list.formula' is deprecated.
     Warning: 'ergm.update.formula' is deprecated.
     Warning: 'term.list.formula' is deprecated.
     Warning: 'term.list.formula' is deprecated.
     Warning: 'ergm.update.formula' is deprecated.
     Warning: 'term.list.formula' is deprecated.
     Warning: 'term.list.formula' is deprecated.
     Warning: 'term.list.formula' is deprecated.
     Warning: 'term.list.formula' is deprecated.
     Warning: 'term.list.formula' is deprecated.
     Warning: 'term.list.formula' is deprecated.
     Warning: 'term.list.formula' is deprecated.
     Warning: 'ergm.update.formula' is deprecated.
     Warning: 'term.list.formula' is deprecated.
     Warning: 'term.list.formula' is deprecated.
     Warning: 'ergm.update.formula' is deprecated.
     Warning: 'term.list.formula' is deprecated.
     Warning: 'term.list.formula' is deprecated.
     Warning: 'term.list.formula' is deprecated.
     Warning: 'term.list.formula' is deprecated.
     Warning: 'term.list.formula' is deprecated.
     Warning: 'term.list.formula' is deprecated.
     Warning: 'term.list.formula' is deprecated.
     Warning: 'ergm.update.formula' is deprecated.
     Warning: 'term.list.formula' is deprecated.
     Warning: 'term.list.formula' is deprecated.
     Warning: 'ergm.update.formula' is deprecated.
     Warning: 'term.list.formula' is deprecated.
     Warning: 'term.list.formula' is deprecated.
     Warning: 'term.list.formula' is deprecated.
     Warning: 'term.list.formula' is deprecated.
     Warning: 'term.list.formula' is deprecated.
     Warning: 'term.list.formula' is deprecated.
     Warning: 'term.list.formula' is deprecated.
     Warning: 'ergm.update.formula' is deprecated.
     Warning: 'term.list.formula' is deprecated.
     Warning: 'term.list.formula' is deprecated.
     Warning: 'ergm.update.formula' is deprecated.
     Warning: 'term.list.formula' is deprecated.
     Warning: 'term.list.formula' is deprecated.
     Warning: 'term.list.formula' is deprecated.
    Deprecated functions may be defunct as soon as of the next release of
    R.
    See ?Deprecated.
    Examples with CPU or elapsed time > 5s
     user system elapsed
    bgof 7.195 0.201 10.001
Flavor: r-release-linux-x86_64