CRAN Package Check Results for Package Bergm

Last updated on 2014-08-30 07:48:35.

Flavor Version Tinstall Tcheck Ttotal Status Flags
r-devel-linux-x86_64-debian-clang 2.9.1 3.59 53.66 57.25 OK
r-devel-linux-x86_64-debian-gcc 2.9.1 3.79 52.88 56.66 OK
r-devel-linux-x86_64-fedora-clang 2.9.1 106.80 OK
r-devel-linux-x86_64-fedora-gcc 2.9.1 103.64 OK
r-devel-osx-x86_64-clang 2.9.1 74.80 OK
r-devel-windows-ix86+x86_64 2.9.1 15.00 108.00 123.00 OK
r-patched-linux-x86_64 2.9 3.96 55.48 59.44 OK
r-patched-solaris-sparc 2.9.1 684.40 OK
r-patched-solaris-x86 2.9.1 142.30 OK
r-release-linux-ix86 2.9 0.37 1.94 2.31 ERROR
r-release-linux-x86_64 2.9.1 4.10 57.46 61.56 OK
r-release-osx-x86_64-mavericks 2.9.1 OK
r-release-osx-x86_64-snowleopard 2.9 OK
r-release-windows-ix86+x86_64 2.9.1 13.00 84.00 97.00 OK
r-oldrel-windows-ix86+x86_64 2.9.1 14.00 88.00 102.00 OK

Check Details

Version: 2.9
Check: whether package can be installed
Result: ERROR
    Installation failed.
Flavor: r-release-linux-ix86