CRAN Package Check Results for Package Bergm

Last updated on 2015-05-22 12:46:20.

Flavor Version Tinstall Tcheck Ttotal Status Flags
r-devel-linux-x86_64-debian-clang 3.0.1 2.93 51.70 54.63 NOTE
r-devel-linux-x86_64-debian-gcc 3.0.1 3.10 48.13 51.23 NOTE
r-devel-linux-x86_64-fedora-clang 3.0.1 108.60 NOTE
r-devel-linux-x86_64-fedora-gcc 3.0.1 103.97 NOTE
r-devel-osx-x86_64-clang 3.0.1 90.57 NOTE
r-devel-windows-ix86+x86_64 3.0.1 12.00 77.00 89.00 NOTE
r-patched-linux-x86_64 3.0.1 2.93 48.16 51.09 NOTE
r-patched-solaris-sparc 3.0.1 650.90 NOTE
r-patched-solaris-x86 3.0.1 140.60 NOTE
r-release-linux-x86_64 3.0.1 2.81 48.71 51.52 NOTE
r-release-osx-x86_64-mavericks 3.0.1 NOTE
r-release-osx-x86_64-snowleopard 3.0.1 NOTE
r-release-windows-ix86+x86_64 3.0.1 8.00 70.00 78.00 NOTE
r-oldrel-windows-ix86+x86_64 3.0.1 12.00 91.00 103.00 OK

Check Details

Version: 3.0.1
Check: DESCRIPTION meta-information
Result: NOTE
    Malformed Description field: should contain one or more complete sentences.
Flavors: r-devel-linux-x86_64-debian-clang, r-devel-linux-x86_64-debian-gcc, r-devel-linux-x86_64-fedora-clang, r-devel-linux-x86_64-fedora-gcc, r-devel-osx-x86_64-clang, r-devel-windows-ix86+x86_64, r-patched-linux-x86_64, r-patched-solaris-sparc, r-patched-solaris-x86, r-release-linux-x86_64, r-release-osx-x86_64-mavericks, r-release-osx-x86_64-snowleopard, r-release-windows-ix86+x86_64