CRAN Package Check Results for Package Bessel

Last updated on 2014-07-31 01:47:43.

Flavor Version Tinstall Tcheck Ttotal Status Flags
r-devel-linux-x86_64-debian-clang 0.5-5 2.91 38.76 41.67 NOTE
r-devel-linux-x86_64-debian-gcc 0.5-5 4.12 37.32 41.44 NOTE
r-devel-linux-x86_64-fedora-clang 0.5-5 87.19 NOTE
r-devel-linux-x86_64-fedora-gcc 0.5-5 85.68 NOTE
r-devel-osx-x86_64-clang 0.5-5 76.43 NOTE
r-devel-windows-ix86+x86_64 0.5-5 13.00 107.00 120.00 NOTE
r-patched-linux-x86_64 0.5-5 4.32 39.08 43.39 NOTE
r-patched-solaris-sparc 0.5-5 350.50 ERROR
r-patched-solaris-x86 0.5-5 107.90 NOTE
r-release-linux-ix86 0.5-5 5.33 48.78 54.11 NOTE
r-release-linux-x86_64 0.5-5 4.28 38.01 42.28 NOTE
r-release-osx-x86_64-mavericks 0.5-5 WARN
r-release-osx-x86_64-snowleopard 0.5-5 OK
r-release-windows-ix86+x86_64 0.5-5 18.00 142.00 160.00 NOTE
r-oldrel-windows-ix86+x86_64 0.5-5 19.00 140.00 159.00 NOTE

Check Details

Version: 0.5-5
Check: dependencies in R code
Result: NOTE
    Package in Depends field not imported from: Rmpfr
     These packages need to be imported from (in the NAMESPACE file)
     for when this namespace is loaded but not attached.
    See the information on DESCRIPTION files in the chapter Creating R
    packages of the Writing R Extensions manual.
Flavors: r-devel-linux-x86_64-debian-clang, r-devel-linux-x86_64-debian-gcc, r-devel-linux-x86_64-fedora-clang, r-devel-linux-x86_64-fedora-gcc, r-devel-osx-x86_64-clang, r-devel-windows-ix86+x86_64, r-patched-linux-x86_64, r-patched-solaris-sparc, r-patched-solaris-x86, r-release-linux-ix86, r-release-linux-x86_64, r-release-osx-x86_64-mavericks, r-release-windows-ix86+x86_64, r-oldrel-windows-ix86+x86_64

Version: 0.5-5
Check: tests
Result: ERROR
    Running the tests in tests/Airy-tsts.R failed.
    Last 13 lines of output:
     + allEQ(dai, z*(BesselJ(zr, -2/3) - BesselJ(zr, 2/3))/3))
     +
     + ## Bi(z) = i* sqrt(-z/3) *( c1* H(1/3,1,zr) - c2* H(1/3,2,zr) )/2
     + ## Bi'(z) = i*(-z)/sqrt(3)*( c2* H(2/3,1,zr) - c1* H(2/3,2,zr) )/2
     +
     + stopifnot(allEQ(bi, 1i*sqrt(-z/3)*
     + (c1*BesselH(1, zr, 1/3) - c2*BesselH(2, zr, 1/3))/2),
     + allEQ(dbi, -1i*z/sqrt(3)*
     + (c2*BesselH(1, zr, 2/3) - c1*BesselH(2, zr, 2/3))/2))
     +
     + }; cat("\n")
     .Error: allEQ(ai * dbi - dai * bi, I.pi) is not TRUE
     Execution halted
Flavor: r-patched-solaris-sparc

Version: 0.5-5
Check: package dependencies
Result: NOTE
    Package suggested but not available for checking: gsl
Flavor: r-release-osx-x86_64-mavericks

Version: 0.5-5
Check: running R code from vignettes
Result: WARNING
    Errors in running code in vignettes:
    when running code in other-Bessels.Rnw
     ...
    The following objects are masked from package:base :
    
     cbind, pmax, pmin, rbind
    
    
    > library(gsl)
    
     When sourcing other-Bessels.R :
    Error: there is no package called gsl
    Execution halted
Flavor: r-release-osx-x86_64-mavericks

Version: 0.5-5
Check: re-building of vignette outputs
Result: NOTE
    Error in re-building vignettes:
     ...
    Loading required package: Rmpfr
    Loading required package: gmp
    
    Attaching package: gmp
    
    The following objects are masked from package:base :
    
     %*%, apply, crossprod, matrix, tcrossprod
    
    
    Attaching package: Rmpfr
    
    The following object is masked from package:stats :
    
     pnorm
    
    The following objects are masked from package:base :
    
     cbind, pmax, pmin, rbind
    
    
    Error: processing vignette 'other-Bessels.Rnw' failed with diagnostics:
     chunk 2 (label = gsl-do)
    Error in library(gsl) : there is no package called gsl
    Execution halted
Flavor: r-release-osx-x86_64-mavericks