CRAN Package Check Results for Package Bessel

Last updated on 2017-11-19 17:48:16.

Flavor Version Tinstall Tcheck Ttotal Status Flags
r-devel-linux-x86_64-debian-clang 0.5-5 3.14 30.54 33.68 NOTE
r-devel-linux-x86_64-debian-gcc 0.5-5 4.11 33.46 37.57 NOTE
r-devel-linux-x86_64-fedora-clang 0.5-5 66.71 NOTE
r-devel-linux-x86_64-fedora-gcc 0.5-5 108.24 NOTE
r-devel-windows-ix86+x86_64 0.5-5 18.00 112.00 130.00 NOTE
r-patched-linux-x86_64 0.5-5 3.65 30.86 34.51 NOTE
r-patched-solaris-x86 0.5-5 89.00 NOTE
r-release-linux-x86_64 0.5-5 3.75 30.85 34.60 NOTE
r-release-windows-ix86+x86_64 0.5-5 14.00 162.00 176.00 NOTE
r-release-osx-x86_64 0.5-5 NOTE
r-oldrel-windows-ix86+x86_64 0.5-5 13.00 139.00 152.00 NOTE
r-oldrel-osx-x86_64 0.5-5 NOTE

Check Details

Version: 0.5-5
Check: dependencies in R code
Result: NOTE
    Package in Depends field not imported from: ‘Rmpfr’
     These packages need to be imported from (in the NAMESPACE file)
     for when this namespace is loaded but not attached.
Flavors: r-devel-linux-x86_64-debian-clang, r-devel-linux-x86_64-debian-gcc, r-devel-linux-x86_64-fedora-clang, r-devel-linux-x86_64-fedora-gcc, r-devel-windows-ix86+x86_64, r-patched-linux-x86_64, r-patched-solaris-x86, r-release-linux-x86_64, r-release-windows-ix86+x86_64, r-release-osx-x86_64, r-oldrel-windows-ix86+x86_64, r-oldrel-osx-x86_64

Version: 0.5-5
Check: R code for possible problems
Result: NOTE
    bI: no visible global function definition for ‘is’
    bI: no visible global function definition for ‘mpfr’
    bI: no visible binding for global variable ‘slot’
    bI: no visible global function definition for ‘as’
    Undefined global functions or variables:
     as is mpfr slot
    Consider adding
     importFrom("methods", "as", "is", "slot")
    to your NAMESPACE file (and ensure that your DESCRIPTION Imports field
    contains 'methods').
Flavors: r-devel-linux-x86_64-debian-clang, r-devel-linux-x86_64-debian-gcc, r-devel-linux-x86_64-fedora-clang, r-devel-linux-x86_64-fedora-gcc, r-devel-windows-ix86+x86_64, r-patched-linux-x86_64, r-patched-solaris-x86, r-release-linux-x86_64, r-release-windows-ix86+x86_64, r-release-osx-x86_64, r-oldrel-windows-ix86+x86_64, r-oldrel-osx-x86_64

Version: 0.5-5
Check: compiled code
Result: NOTE
    File ‘Bessel/libs/Bessel.so’:
     Found no calls to: ‘R_registerRoutines’, ‘R_useDynamicSymbols’
    
    It is good practice to register native routines and to disable symbol
    search.
    
    See ‘Writing portable packages’ in the ‘Writing R Extensions’ manual.
Flavors: r-devel-linux-x86_64-debian-clang, r-devel-linux-x86_64-debian-gcc, r-devel-linux-x86_64-fedora-clang, r-devel-linux-x86_64-fedora-gcc, r-patched-linux-x86_64, r-release-linux-x86_64