CRAN Package Check Results for Package Bessel

Last updated on 2015-08-03 23:47:41.

Flavor Version Tinstall Tcheck Ttotal Status Flags
r-devel-linux-x86_64-debian-clang 0.5-5 2.68 32.77 35.45 NOTE
r-devel-linux-x86_64-debian-gcc 0.5-5 3.55 29.67 33.22 NOTE
r-devel-linux-x86_64-fedora-clang 0.5-5 70.56 NOTE
r-devel-linux-x86_64-fedora-gcc 0.5-5 67.15 NOTE
r-devel-osx-x86_64-clang 0.5-5 59.94 NOTE
r-devel-windows-ix86+x86_64 0.5-5 12.00 107.00 119.00 NOTE
r-patched-linux-x86_64 0.5-5 3.52 30.74 34.25 NOTE
r-patched-solaris-sparc 0.5-5 392.30 ERROR
r-patched-solaris-x86 0.5-5 88.00 NOTE
r-release-linux-x86_64 0.5-5 3.61 30.72 34.33 NOTE
r-release-osx-x86_64-mavericks 0.5-5 NOTE
r-release-windows-ix86+x86_64 0.5-5 17.00 140.00 157.00 NOTE
r-oldrel-windows-ix86+x86_64 0.5-5 20.00 122.00 142.00 NOTE

Check Details

Version: 0.5-5
Check: dependencies in R code
Result: NOTE
    Package in Depends field not imported from: ‘Rmpfr’
     These packages need to be imported from (in the NAMESPACE file)
     for when this namespace is loaded but not attached.
Flavors: r-devel-linux-x86_64-debian-clang, r-devel-linux-x86_64-debian-gcc, r-devel-linux-x86_64-fedora-clang, r-devel-linux-x86_64-fedora-gcc, r-devel-osx-x86_64-clang, r-devel-windows-ix86+x86_64, r-patched-linux-x86_64, r-patched-solaris-sparc, r-patched-solaris-x86, r-release-linux-x86_64, r-release-osx-x86_64-mavericks, r-release-windows-ix86+x86_64, r-oldrel-windows-ix86+x86_64

Version: 0.5-5
Check: R code for possible problems
Result: NOTE
    bI: no visible global function definition for ‘is’
    bI: no visible global function definition for ‘mpfr’
    bI: no visible binding for global variable ‘slot’
    bI: no visible global function definition for ‘as’
    Undefined global functions or variables:
     as is mpfr slot
    Consider adding
     importFrom("methods", "as", "is", "slot")
    to your NAMESPACE.
Flavors: r-devel-linux-x86_64-debian-clang, r-devel-linux-x86_64-debian-gcc, r-devel-linux-x86_64-fedora-clang, r-devel-linux-x86_64-fedora-gcc, r-devel-windows-ix86+x86_64

Version: 0.5-5
Check: R code for possible problems
Result: NOTE
    bI: no visible global function definition for ‘mpfr’
    Undefined global functions or variables:
     mpfr
Flavor: r-devel-osx-x86_64-clang

Version: 0.5-5
Check: R code for possible problems
Result: NOTE
    bI: no visible global function definition for ‘mpfr’
Flavors: r-patched-linux-x86_64, r-patched-solaris-sparc, r-patched-solaris-x86, r-release-linux-x86_64, r-release-osx-x86_64-mavericks, r-release-windows-ix86+x86_64, r-oldrel-windows-ix86+x86_64

Version: 0.5-5
Check: tests
Result: ERROR
    Running the tests in ‘tests/Airy-tsts.R’ failed.
    Last 13 lines of output:
     + allEQ(dai, z*(BesselJ(zr, -2/3) - BesselJ(zr, 2/3))/3))
     +
     + ## Bi(z) = i* sqrt(-z/3) *( c1* H(1/3,1,zr) - c2* H(1/3,2,zr) )/2
     + ## Bi'(z) = i*(-z)/sqrt(3)*( c2* H(2/3,1,zr) - c1* H(2/3,2,zr) )/2
     +
     + stopifnot(allEQ(bi, 1i*sqrt(-z/3)*
     + (c1*BesselH(1, zr, 1/3) - c2*BesselH(2, zr, 1/3))/2),
     + allEQ(dbi, -1i*z/sqrt(3)*
     + (c2*BesselH(1, zr, 2/3) - c1*BesselH(2, zr, 2/3))/2))
     +
     + }; cat("\n")
     .Error: allEQ(ai * dbi - dai * bi, I.pi) is not TRUE
     Execution halted
Flavor: r-patched-solaris-sparc