CRAN Package Check Results for Package Bessel

Last updated on 2014-04-17 20:47:31.

Flavor Version Tinstall Tcheck Ttotal Status Flags
r-devel-linux-x86_64-debian-clang 0.5-5 2.98 39.98 42.96 NOTE
r-devel-linux-x86_64-debian-gcc 0.5-5 4.27 40.18 44.44 NOTE
r-devel-linux-x86_64-fedora-clang 0.5-5 89.54 NOTE
r-devel-linux-x86_64-fedora-gcc 0.5-5 88.93 NOTE
r-devel-macosx-x86_64-clang 0.5-5 79.20 NOTE
r-devel-macosx-x86_64-gcc 0.5-5 NOTE
r-devel-windows-ix86+x86_64 0.5-5 14.00 104.00 118.00 NOTE
r-patched-linux-x86_64 0.5-5 4.12 39.53 43.65 NOTE
r-patched-solaris-sparc 0.5-5 332.40 ERROR
r-patched-solaris-x86 0.5-5 106.60 NOTE
r-release-linux-ix86 0.5-5 9.00 92.00 101.00 NOTE
r-release-linux-x86_64 0.5-5 4.37 39.93 44.30 NOTE
r-release-macosx-x86_64 0.5-5 OK
r-release-windows-ix86+x86_64 0.5-5 13.00 108.00 121.00 NOTE
r-oldrel-windows-ix86+x86_64 0.5-5 14.00 107.00 121.00 NOTE

Check Details

Version: 0.5-5
Check: dependencies in R code
Result: NOTE
    Package in Depends field not imported from: ‘Rmpfr’
     These packages need to be imported from (in the NAMESPACE file)
     for when this namespace is loaded but not attached.
    See the information on DESCRIPTION files in the chapter ‘Creating R
    packages’ of the ‘Writing R Extensions’ manual.
Flavors: r-devel-linux-x86_64-debian-clang, r-devel-linux-x86_64-debian-gcc, r-devel-linux-x86_64-fedora-clang, r-devel-linux-x86_64-fedora-gcc, r-devel-macosx-x86_64-clang, r-devel-macosx-x86_64-gcc, r-devel-windows-ix86+x86_64, r-patched-linux-x86_64, r-patched-solaris-sparc, r-patched-solaris-x86, r-release-linux-ix86, r-release-linux-x86_64, r-release-windows-ix86+x86_64, r-oldrel-windows-ix86+x86_64

Version: 0.5-5
Check: tests
Result: ERROR
    Running the tests in ‘tests/Airy-tsts.R’ failed.
    Last 13 lines of output:
     + allEQ(dai, z*(BesselJ(zr, -2/3) - BesselJ(zr, 2/3))/3))
     +
     + ## Bi(z) = i* sqrt(-z/3) *( c1* H(1/3,1,zr) - c2* H(1/3,2,zr) )/2
     + ## Bi'(z) = i*(-z)/sqrt(3)*( c2* H(2/3,1,zr) - c1* H(2/3,2,zr) )/2
     +
     + stopifnot(allEQ(bi, 1i*sqrt(-z/3)*
     + (c1*BesselH(1, zr, 1/3) - c2*BesselH(2, zr, 1/3))/2),
     + allEQ(dbi, -1i*z/sqrt(3)*
     + (c2*BesselH(1, zr, 2/3) - c1*BesselH(2, zr, 2/3))/2))
     +
     + }; cat("\n")
     .Error: allEQ(ai * dbi - dai * bi, I.pi) is not TRUE
     Execution halted
Flavor: r-patched-solaris-sparc