CRAN Package Check Results for Package Bessel

Last updated on 2017-03-30 19:47:32.

Flavor Version Tinstall Tcheck Ttotal Status Flags
r-devel-linux-x86_64-debian-clang 0.5-5 3.04 31.67 34.71 NOTE
r-devel-linux-x86_64-debian-gcc 0.5-5 3.77 29.48 33.25 NOTE
r-devel-linux-x86_64-fedora-clang 0.5-5 64.88 NOTE --no-stop-on-test-error
r-devel-linux-x86_64-fedora-gcc 0.5-5 75.17 NOTE --no-stop-on-test-error
r-devel-macos-x86_64-clang 0.5-5 52.04 NOTE --no-stop-on-test-error
r-devel-windows-ix86+x86_64 0.5-5 13.00 111.00 124.00 NOTE
r-patched-linux-x86_64 0.5-5 3.44 29.65 33.09 NOTE
r-patched-solaris-sparc 0.5-5 425.40 NOTE
r-patched-solaris-x86 0.5-5 89.20 NOTE
r-release-linux-x86_64 0.5-5 3.63 27.90 31.52 NOTE
r-release-osx-x86_64-mavericks 0.5-5 NOTE
r-release-windows-ix86+x86_64 0.5-5 25.00 139.00 164.00 NOTE
r-oldrel-windows-ix86+x86_64 0.5-5 16.00 124.00 140.00 NOTE

Check Details

Version: 0.5-5
Check: dependencies in R code
Result: NOTE
    Package in Depends field not imported from: ‘Rmpfr’
     These packages need to be imported from (in the NAMESPACE file)
     for when this namespace is loaded but not attached.
Flavors: r-devel-linux-x86_64-debian-clang, r-devel-linux-x86_64-debian-gcc, r-devel-windows-ix86+x86_64, r-patched-linux-x86_64, r-patched-solaris-sparc, r-patched-solaris-x86, r-release-linux-x86_64, r-release-osx-x86_64-mavericks, r-release-windows-ix86+x86_64, r-oldrel-windows-ix86+x86_64

Version: 0.5-5
Check: R code for possible problems
Result: NOTE
    bI: no visible global function definition for ‘is’
    bI: no visible global function definition for ‘mpfr’
    bI: no visible binding for global variable ‘slot’
    bI: no visible global function definition for ‘as’
    Undefined global functions or variables:
     as is mpfr slot
    Consider adding
     importFrom("methods", "as", "is", "slot")
    to your NAMESPACE file (and ensure that your DESCRIPTION Imports field
    contains 'methods').
Flavors: r-devel-linux-x86_64-debian-clang, r-devel-linux-x86_64-debian-gcc, r-devel-windows-ix86+x86_64, r-patched-linux-x86_64, r-patched-solaris-sparc, r-patched-solaris-x86, r-release-linux-x86_64, r-release-osx-x86_64-mavericks, r-release-windows-ix86+x86_64

Version: 0.5-5
Check: compiled code
Result: NOTE
    File ‘Bessel/libs/Bessel.so’:
     Found no calls to: ‘R_registerRoutines’, ‘R_useDynamicSymbols’
    
    It is good practice to register native routines and to disable symbol
    search.
    
    See ‘Writing portable packages’ in the ‘Writing R Extensions’ manual.
Flavors: r-devel-linux-x86_64-debian-clang, r-devel-linux-x86_64-debian-gcc, r-patched-linux-x86_64

Version: 0.5-5
Flags: --no-stop-on-test-error
Check: dependencies in R code
Result: NOTE
    Package in Depends field not imported from: ‘Rmpfr’
     These packages need to be imported from (in the NAMESPACE file)
     for when this namespace is loaded but not attached.
Flavors: r-devel-linux-x86_64-fedora-clang, r-devel-linux-x86_64-fedora-gcc, r-devel-macos-x86_64-clang

Version: 0.5-5
Flags: --no-stop-on-test-error
Check: R code for possible problems
Result: NOTE
    bI: no visible global function definition for ‘is’
    bI: no visible global function definition for ‘mpfr’
    bI: no visible binding for global variable ‘slot’
    bI: no visible global function definition for ‘as’
    Undefined global functions or variables:
     as is mpfr slot
    Consider adding
     importFrom("methods", "as", "is", "slot")
    to your NAMESPACE file (and ensure that your DESCRIPTION Imports field
    contains 'methods').
Flavors: r-devel-linux-x86_64-fedora-clang, r-devel-linux-x86_64-fedora-gcc, r-devel-macos-x86_64-clang

Version: 0.5-5
Flags: --no-stop-on-test-error
Check: compiled code
Result: NOTE
    File ‘Bessel/libs/Bessel.so’:
     Found no calls to: ‘R_registerRoutines’, ‘R_useDynamicSymbols’
    
    It is good practice to register native routines and to disable symbol
    search.
    
    See ‘Writing portable packages’ in the ‘Writing R Extensions’ manual.
Flavors: r-devel-linux-x86_64-fedora-clang, r-devel-linux-x86_64-fedora-gcc, r-devel-macos-x86_64-clang

Version: 0.5-5
Check: R code for possible problems
Result: NOTE
    bI: no visible global function definition for 'mpfr'
Flavor: r-oldrel-windows-ix86+x86_64