CRAN Package Check Results for Package Bessel

Last updated on 2018-01-18 22:47:15 CET.

Flavor Version Tinstall Tcheck Ttotal Status Flags
r-devel-linux-x86_64-debian-clang 0.5-5 4.44 45.36 49.80 WARN
r-devel-linux-x86_64-debian-gcc 0.5-5 4.64 38.94 43.58 NOTE
r-devel-linux-x86_64-fedora-clang 0.5-5 65.54 WARN
r-devel-linux-x86_64-fedora-gcc 0.5-5 72.12 NOTE
r-devel-windows-ix86+x86_64 0.5-5 19.00 153.00 172.00 NOTE
r-patched-linux-x86_64 0.5-5 5.12 50.58 55.70 NOTE
r-patched-solaris-x86 0.5-5 93.70 NOTE
r-release-linux-x86_64 0.5-5 5.39 49.81 55.20 NOTE
r-release-windows-ix86+x86_64 0.5-5 13.00 150.00 163.00 NOTE
r-release-osx-x86_64 0.5-5 NOTE
r-oldrel-windows-ix86+x86_64 0.5-5 19.00 139.00 158.00 NOTE
r-oldrel-osx-x86_64 0.5-5 NOTE

Check Details

Version: 0.5-5
Check: whether package can be installed
Result: WARN
    Found the following significant warnings:
     zbsubs.c:258:15: warning: using floating point absolute value function 'fabs' when argument is of integer type [-Wabsolute-value]
     zbsubs.c:258:25: warning: using floating point absolute value function 'fabs' when argument is of integer type [-Wabsolute-value]
     zbsubs.c:664:15: warning: using floating point absolute value function 'fabs' when argument is of integer type [-Wabsolute-value]
     zbsubs.c:664:25: warning: using floating point absolute value function 'fabs' when argument is of integer type [-Wabsolute-value]
     zbsubs.c:981:15: warning: using floating point absolute value function 'fabs' when argument is of integer type [-Wabsolute-value]
     zbsubs.c:981:25: warning: using floating point absolute value function 'fabs' when argument is of integer type [-Wabsolute-value]
     zbsubs.c:1299:15: warning: using floating point absolute value function 'fabs' when argument is of integer type [-Wabsolute-value]
     zbsubs.c:1299:25: warning: using floating point absolute value function 'fabs' when argument is of integer type [-Wabsolute-value]
     zbsubs.c:1700:15: warning: using floating point absolute value function 'fabs' when argument is of integer type [-Wabsolute-value]
     zbsubs.c:1700:25: warning: using floating point absolute value function 'fabs' when argument is of integer type [-Wabsolute-value]
     zbsubs.c:2051:15: warning: using floating point absolute value function 'fabs' when argument is of integer type [-Wabsolute-value]
     zbsubs.c:2051:25: warning: using floating point absolute value function 'fabs' when argument is of integer type [-Wabsolute-value]
     zbsubs.c:2516:15: warning: using floating point absolute value function 'fabs' when argument is of integer type [-Wabsolute-value]
     zbsubs.c:2516:25: warning: using floating point absolute value function 'fabs' when argument is of integer type [-Wabsolute-value]
     zbsubs.c:5493:11: warning: using floating point absolute value function 'fabs' when argument is of integer type [-Wabsolute-value]
Flavors: r-devel-linux-x86_64-debian-clang, r-devel-linux-x86_64-fedora-clang

Version: 0.5-5
Check: dependencies in R code
Result: NOTE
    Package in Depends field not imported from: ‘Rmpfr’
     These packages need to be imported from (in the NAMESPACE file)
     for when this namespace is loaded but not attached.
Flavors: r-devel-linux-x86_64-debian-clang, r-devel-linux-x86_64-debian-gcc, r-devel-linux-x86_64-fedora-clang, r-devel-linux-x86_64-fedora-gcc, r-devel-windows-ix86+x86_64, r-patched-linux-x86_64, r-patched-solaris-x86, r-release-linux-x86_64, r-release-windows-ix86+x86_64, r-release-osx-x86_64, r-oldrel-windows-ix86+x86_64, r-oldrel-osx-x86_64

Version: 0.5-5
Check: R code for possible problems
Result: NOTE
    bI: no visible global function definition for ‘is’
    bI: no visible global function definition for ‘mpfr’
    bI: no visible binding for global variable ‘slot’
    bI: no visible global function definition for ‘as’
    Undefined global functions or variables:
     as is mpfr slot
    Consider adding
     importFrom("methods", "as", "is", "slot")
    to your NAMESPACE file (and ensure that your DESCRIPTION Imports field
    contains 'methods').
Flavors: r-devel-linux-x86_64-debian-clang, r-devel-linux-x86_64-debian-gcc, r-devel-linux-x86_64-fedora-clang, r-devel-linux-x86_64-fedora-gcc, r-devel-windows-ix86+x86_64, r-patched-linux-x86_64, r-patched-solaris-x86, r-release-linux-x86_64, r-release-windows-ix86+x86_64, r-release-osx-x86_64, r-oldrel-windows-ix86+x86_64, r-oldrel-osx-x86_64

Version: 0.5-5
Check: compiled code
Result: NOTE
    File ‘Bessel/libs/Bessel.so’:
     Found no calls to: ‘R_registerRoutines’, ‘R_useDynamicSymbols’
    
    It is good practice to register native routines and to disable symbol
    search.
    
    See ‘Writing portable packages’ in the ‘Writing R Extensions’ manual.
Flavors: r-devel-linux-x86_64-debian-clang, r-devel-linux-x86_64-debian-gcc, r-devel-linux-x86_64-fedora-clang, r-devel-linux-x86_64-fedora-gcc, r-patched-linux-x86_64, r-release-linux-x86_64