CRAN Package Check Results for Package Bessel

Last updated on 2017-09-25 02:46:58.

Flavor Version Tinstall Tcheck Ttotal Status Flags
r-devel-linux-x86_64-debian-clang 0.5-5 3.77 30.43 34.20 NOTE
r-devel-linux-x86_64-debian-gcc 0.5-5 3.75 30.46 34.21 NOTE
r-devel-linux-x86_64-fedora-clang 0.5-5 70.40 NOTE
r-devel-linux-x86_64-fedora-gcc 0.5-5 67.42 NOTE
r-devel-windows-ix86+x86_64 0.5-5 14.00 109.00 123.00 NOTE
r-patched-linux-x86_64 0.5-5 3.69 30.47 34.15 NOTE
r-patched-solaris-x86 0.5-5 89.80 NOTE
r-release-linux-x86_64 0.5-5 3.66 30.09 33.75 NOTE
r-release-windows-ix86+x86_64 0.5-5 15.00 159.00 174.00 NOTE
r-release-osx-x86_64 0.5-5 NOTE
r-oldrel-windows-ix86+x86_64 0.5-5 13.00 111.00 124.00 NOTE
r-oldrel-osx-x86_64 0.5-5 NOTE

Check Details

Version: 0.5-5
Check: dependencies in R code
Result: NOTE
    Package in Depends field not imported from: ‘Rmpfr’
     These packages need to be imported from (in the NAMESPACE file)
     for when this namespace is loaded but not attached.
Flavors: r-devel-linux-x86_64-debian-clang, r-devel-linux-x86_64-debian-gcc, r-devel-linux-x86_64-fedora-clang, r-devel-linux-x86_64-fedora-gcc, r-devel-windows-ix86+x86_64, r-patched-linux-x86_64, r-patched-solaris-x86, r-release-linux-x86_64, r-release-windows-ix86+x86_64, r-release-osx-x86_64, r-oldrel-windows-ix86+x86_64, r-oldrel-osx-x86_64

Version: 0.5-5
Check: R code for possible problems
Result: NOTE
    bI: no visible global function definition for ‘is’
    bI: no visible global function definition for ‘mpfr’
    bI: no visible binding for global variable ‘slot’
    bI: no visible global function definition for ‘as’
    Undefined global functions or variables:
     as is mpfr slot
    Consider adding
     importFrom("methods", "as", "is", "slot")
    to your NAMESPACE file (and ensure that your DESCRIPTION Imports field
    contains 'methods').
Flavors: r-devel-linux-x86_64-debian-clang, r-devel-linux-x86_64-debian-gcc, r-devel-linux-x86_64-fedora-clang, r-devel-linux-x86_64-fedora-gcc, r-devel-windows-ix86+x86_64, r-patched-linux-x86_64, r-patched-solaris-x86, r-release-linux-x86_64, r-release-windows-ix86+x86_64, r-release-osx-x86_64, r-oldrel-windows-ix86+x86_64, r-oldrel-osx-x86_64

Version: 0.5-5
Check: compiled code
Result: NOTE
    File ‘Bessel/libs/Bessel.so’:
     Found no calls to: ‘R_registerRoutines’, ‘R_useDynamicSymbols’
    
    It is good practice to register native routines and to disable symbol
    search.
    
    See ‘Writing portable packages’ in the ‘Writing R Extensions’ manual.
Flavors: r-devel-linux-x86_64-debian-clang, r-devel-linux-x86_64-debian-gcc, r-devel-linux-x86_64-fedora-clang, r-devel-linux-x86_64-fedora-gcc, r-patched-linux-x86_64, r-release-linux-x86_64