CRAN Package Check Results for Package Bessel

Last updated on 2017-07-21 18:46:40.

Flavor Version Tinstall Tcheck Ttotal Status Flags
r-devel-linux-x86_64-debian-clang 0.5-5 3.06 37.05 40.11 NOTE
r-devel-linux-x86_64-debian-gcc 0.5-5 3.76 37.07 40.83 NOTE
r-devel-linux-x86_64-fedora-clang 0.5-5 74.95 NOTE
r-devel-linux-x86_64-fedora-gcc 0.5-5 72.17 NOTE
r-devel-windows-ix86+x86_64 0.5-5 18.00 117.00 135.00 NOTE
r-patched-linux-x86_64 0.5-5 3.77 36.59 40.35 NOTE
r-patched-solaris-x86 0.5-5 93.70 NOTE
r-release-linux-x86_64 0.5-5 3.76 36.35 40.11 NOTE
r-release-windows-ix86+x86_64 0.5-5 14.00 140.00 154.00 NOTE
r-release-osx-x86_64 0.5-5 NOTE
r-oldrel-windows-ix86+x86_64 0.5-5 19.00 141.00 160.00 NOTE
r-oldrel-osx-x86_64 0.5-5 NOTE

Check Details

Version: 0.5-5
Check: dependencies in R code
Result: NOTE
    Package in Depends field not imported from: ‘Rmpfr’
     These packages need to be imported from (in the NAMESPACE file)
     for when this namespace is loaded but not attached.
Flavors: r-devel-linux-x86_64-debian-clang, r-devel-linux-x86_64-debian-gcc, r-devel-linux-x86_64-fedora-clang, r-devel-linux-x86_64-fedora-gcc, r-devel-windows-ix86+x86_64, r-patched-linux-x86_64, r-patched-solaris-x86, r-release-linux-x86_64, r-release-windows-ix86+x86_64, r-release-osx-x86_64, r-oldrel-windows-ix86+x86_64, r-oldrel-osx-x86_64

Version: 0.5-5
Check: R code for possible problems
Result: NOTE
    bI: no visible global function definition for ‘is’
    bI: no visible global function definition for ‘mpfr’
    bI: no visible binding for global variable ‘slot’
    bI: no visible global function definition for ‘as’
    Undefined global functions or variables:
     as is mpfr slot
    Consider adding
     importFrom("methods", "as", "is", "slot")
    to your NAMESPACE file (and ensure that your DESCRIPTION Imports field
    contains 'methods').
Flavors: r-devel-linux-x86_64-debian-clang, r-devel-linux-x86_64-debian-gcc, r-devel-linux-x86_64-fedora-clang, r-devel-linux-x86_64-fedora-gcc, r-devel-windows-ix86+x86_64, r-patched-linux-x86_64, r-patched-solaris-x86, r-release-linux-x86_64, r-release-windows-ix86+x86_64, r-release-osx-x86_64, r-oldrel-windows-ix86+x86_64, r-oldrel-osx-x86_64

Version: 0.5-5
Check: compiled code
Result: NOTE
    File ‘Bessel/libs/Bessel.so’:
     Found no calls to: ‘R_registerRoutines’, ‘R_useDynamicSymbols’
    
    It is good practice to register native routines and to disable symbol
    search.
    
    See ‘Writing portable packages’ in the ‘Writing R Extensions’ manual.
Flavors: r-devel-linux-x86_64-debian-clang, r-devel-linux-x86_64-debian-gcc, r-devel-linux-x86_64-fedora-clang, r-devel-linux-x86_64-fedora-gcc, r-patched-linux-x86_64, r-release-linux-x86_64