CRAN Package Check Results for Package Bessel

Last updated on 2014-12-21 23:46:56.

Flavor Version Tinstall Tcheck Ttotal Status Flags
r-devel-linux-x86_64-debian-clang 0.5-5 3.16 37.16 40.32 NOTE
r-devel-linux-x86_64-debian-gcc 0.5-5 3.90 37.62 41.52 NOTE
r-devel-linux-x86_64-fedora-clang 0.5-5 88.42 NOTE
r-devel-linux-x86_64-fedora-gcc 0.5-5 85.71 NOTE
r-devel-osx-x86_64-clang 0.5-5 81.28 NOTE
r-devel-windows-ix86+x86_64 0.5-5 13.00 103.00 116.00 NOTE
r-patched-linux-x86_64 0.5-5 4.07 38.36 42.43 NOTE
r-patched-solaris-sparc 0.5-5 337.80 ERROR
r-patched-solaris-x86 0.5-5 108.00 NOTE
r-release-linux-ix86 0.5-5 4.91 47.01 51.92 NOTE
r-release-linux-x86_64 0.5-5 4.76 38.44 43.21 NOTE
r-release-osx-x86_64-mavericks 0.5-5 WARN
r-release-osx-x86_64-snowleopard 0.5-5 OK
r-release-windows-ix86+x86_64 0.5-5 13.00 108.00 121.00 NOTE
r-oldrel-windows-ix86+x86_64 0.5-5 14.00 110.00 124.00 NOTE

Check Details

Version: 0.5-5
Check: dependencies in R code
Result: NOTE
    Package in Depends field not imported from: ‘Rmpfr’
     These packages need to be imported from (in the NAMESPACE file)
     for when this namespace is loaded but not attached.
    See the information on DESCRIPTION files in the chapter ‘Creating R
    packages’ of the ‘Writing R Extensions’ manual.
Flavors: r-devel-linux-x86_64-debian-clang, r-devel-linux-x86_64-debian-gcc, r-devel-linux-x86_64-fedora-clang, r-devel-linux-x86_64-fedora-gcc, r-devel-osx-x86_64-clang, r-devel-windows-ix86+x86_64, r-patched-linux-x86_64, r-patched-solaris-sparc, r-patched-solaris-x86, r-release-linux-ix86, r-release-linux-x86_64, r-release-osx-x86_64-mavericks, r-release-windows-ix86+x86_64, r-oldrel-windows-ix86+x86_64

Version: 0.5-5
Check: R code for possible problems
Result: NOTE
    bI: no visible global function definition for ‘mpfr’
Flavors: r-devel-linux-x86_64-debian-clang, r-devel-linux-x86_64-debian-gcc, r-devel-linux-x86_64-fedora-clang, r-devel-linux-x86_64-fedora-gcc, r-devel-osx-x86_64-clang, r-devel-windows-ix86+x86_64, r-patched-linux-x86_64, r-patched-solaris-sparc, r-patched-solaris-x86, r-release-linux-ix86, r-release-linux-x86_64, r-release-windows-ix86+x86_64

Version: 0.5-5
Check: tests
Result: ERROR
    Running the tests in ‘tests/Airy-tsts.R’ failed.
    Last 13 lines of output:
     + allEQ(dai, z*(BesselJ(zr, -2/3) - BesselJ(zr, 2/3))/3))
     +
     + ## Bi(z) = i* sqrt(-z/3) *( c1* H(1/3,1,zr) - c2* H(1/3,2,zr) )/2
     + ## Bi'(z) = i*(-z)/sqrt(3)*( c2* H(2/3,1,zr) - c1* H(2/3,2,zr) )/2
     +
     + stopifnot(allEQ(bi, 1i*sqrt(-z/3)*
     + (c1*BesselH(1, zr, 1/3) - c2*BesselH(2, zr, 1/3))/2),
     + allEQ(dbi, -1i*z/sqrt(3)*
     + (c2*BesselH(1, zr, 2/3) - c1*BesselH(2, zr, 2/3))/2))
     +
     + }; cat("\n")
     .Error: allEQ(ai * dbi - dai * bi, I.pi) is not TRUE
     Execution halted
Flavor: r-patched-solaris-sparc

Version: 0.5-5
Check: package dependencies
Result: NOTE
    Package suggested but not available for checking: ‘gsl’
Flavor: r-release-osx-x86_64-mavericks

Version: 0.5-5
Check: running R code from vignettes
Result: WARN
    Errors in running code in vignettes:
    when running code in ‘other-Bessels.Rnw’
     ...
    The following objects are masked from ‘package:base’:
    
     cbind, pmax, pmin, rbind
    
    
    > library(gsl)
    
     When sourcing ‘other-Bessels.R’:
    Error: there is no package called ‘gsl’
    Execution halted
Flavor: r-release-osx-x86_64-mavericks

Version: 0.5-5
Check: re-building of vignette outputs
Result: NOTE
    Error in re-building vignettes:
     ...
    Loading required package: Rmpfr
    Loading required package: gmp
    
    Attaching package: ‘gmp’
    
    The following objects are masked from ‘package:base’:
    
     %*%, apply, crossprod, matrix, tcrossprod
    
    
    Attaching package: ‘Rmpfr’
    
    The following object is masked from ‘package:stats’:
    
     pnorm
    
    The following objects are masked from ‘package:base’:
    
     cbind, pmax, pmin, rbind
    
    
    Error: processing vignette 'other-Bessels.Rnw' failed with diagnostics:
     chunk 2 (label = gsl-do)
    Error in library(gsl) : there is no package called ‘gsl’
    Execution halted
Flavor: r-release-osx-x86_64-mavericks