CRAN Package Check Results for Package BetaBit

Last updated on 2019-07-23 15:47:50 CEST.

Flavor Version Tinstall Tcheck Ttotal Status Flags
r-devel-linux-x86_64-debian-clang 1.3 3.03 21.35 24.38 OK
r-devel-linux-x86_64-debian-gcc 1.3 2.94 17.53 20.47 OK
r-devel-linux-x86_64-fedora-clang 1.3 30.56 NOTE
r-devel-linux-x86_64-fedora-gcc 1.3 29.45 NOTE
r-devel-windows-ix86+x86_64 1.3 7.00 48.00 55.00 OK
r-patched-linux-x86_64 1.3 3.30 21.44 24.74 OK
r-patched-solaris-x86 1.3 49.60 NOTE
r-release-linux-x86_64 1.3 2.99 21.68 24.67 OK
r-release-windows-ix86+x86_64 1.3 7.00 33.00 40.00 OK
r-release-osx-x86_64 1.3 NOTE
r-oldrel-windows-ix86+x86_64 1.3 7.00 47.00 54.00 OK
r-oldrel-osx-x86_64 1.3 NOTE

Check Details

Version: 1.3
Check: data for non-ASCII characters
Result: NOTE
     Note: found 20 marked UTF-8 strings
Flavors: r-devel-linux-x86_64-fedora-clang, r-devel-linux-x86_64-fedora-gcc, r-patched-solaris-x86, r-release-osx-x86_64, r-oldrel-osx-x86_64