CRAN Package Check Results for Package BetaBit

Last updated on 2020-06-04 02:02:38 CEST.

Flavor Version Tinstall Tcheck Ttotal Status Flags
r-devel-linux-x86_64-debian-clang 1.3 3.64 22.98 26.62 OK
r-devel-linux-x86_64-debian-gcc 1.3 3.30 18.39 21.69 OK
r-devel-linux-x86_64-fedora-clang 1.3 42.82 NOTE
r-devel-linux-x86_64-fedora-gcc 1.3 32.85 NOTE
r-devel-windows-ix86+x86_64 1.3 11.00 41.00 52.00 OK
r-patched-linux-x86_64 1.3 4.09 22.99 27.08 OK
r-patched-solaris-x86 1.3 50.00 NOTE
r-release-linux-x86_64 1.3 3.64 22.86 26.50 OK
r-release-osx-x86_64 1.3 NOTE
r-release-windows-ix86+x86_64 1.3 9.00 49.00 58.00 OK
r-oldrel-osx-x86_64 1.3 NOTE
r-oldrel-windows-ix86+x86_64 1.3 10.00 35.00 45.00 OK

Check Details

Version: 1.3
Check: data for non-ASCII characters
Result: NOTE
     Note: found 20 marked UTF-8 strings
Flavors: r-devel-linux-x86_64-fedora-clang, r-devel-linux-x86_64-fedora-gcc, r-patched-solaris-x86, r-release-osx-x86_64, r-oldrel-osx-x86_64