CRAN Package Check Results for Package BetaBit

Last updated on 2019-05-19 18:50:11 CEST.

Flavor Version Tinstall Tcheck Ttotal Status Flags
r-devel-linux-x86_64-debian-clang 1.3 3.56 21.06 24.62 OK
r-devel-linux-x86_64-debian-gcc 1.3 2.95 17.21 20.16 OK
r-devel-linux-x86_64-fedora-clang 1.3 31.91 NOTE
r-devel-linux-x86_64-fedora-gcc 1.3 28.53 NOTE
r-devel-windows-ix86+x86_64 1.3 9.00 48.00 57.00 OK
r-patched-linux-x86_64 1.3 3.33 21.34 24.67 OK
r-patched-solaris-x86 1.3 46.20 NOTE
r-release-linux-x86_64 1.3 3.23 21.59 24.82 OK
r-release-windows-ix86+x86_64 1.3 7.00 45.00 52.00 OK
r-release-osx-x86_64 1.3 NOTE
r-oldrel-windows-ix86+x86_64 1.3 6.00 46.00 52.00 OK
r-oldrel-osx-x86_64 1.3 NOTE

Check Details

Version: 1.3
Check: data for non-ASCII characters
Result: NOTE
     Note: found 20 marked UTF-8 strings
Flavors: r-devel-linux-x86_64-fedora-clang, r-devel-linux-x86_64-fedora-gcc, r-patched-solaris-x86, r-release-osx-x86_64, r-oldrel-osx-x86_64