CRAN Package Check Results for Package BetaPASS

Last updated on 2022-01-26 08:51:10 CET.

Flavor Version Tinstall Tcheck Ttotal Status Flags
r-devel-linux-x86_64-debian-clang 1.1-1 2.79 77.00 79.79 NOTE
r-devel-linux-x86_64-debian-gcc 1.1-1 1.72 56.62 58.34 NOTE
r-devel-linux-x86_64-fedora-clang 1.1-1 95.98 NOTE
r-devel-linux-x86_64-fedora-gcc 1.1-1 87.15 NOTE
r-devel-windows-x86_64-new-UL 1.1-1 19.00 95.00 114.00 NOTE
r-devel-windows-x86_64-new-TK 1.1-1 NOTE
r-patched-linux-x86_64 1.1-1 2.37 72.95 75.32 NOTE
r-release-linux-x86_64 1.1-1 2.38 70.72 73.10 NOTE
r-release-macos-arm64 1.1-1 NOTE
r-release-macos-x86_64 1.1-1 NOTE
r-release-windows-ix86+x86_64 1.1-1 6.00 91.00 97.00 NOTE
r-oldrel-macos-x86_64 1.1-1 OK
r-oldrel-windows-ix86+x86_64 1.1-1 6.00 90.00 96.00 OK

Check Details

Version: 1.1-1
Check: LazyData
Result: NOTE
     'LazyData' is specified without a 'data' directory
Flavors: r-devel-linux-x86_64-debian-clang, r-devel-linux-x86_64-debian-gcc, r-devel-linux-x86_64-fedora-clang, r-devel-linux-x86_64-fedora-gcc, r-devel-windows-x86_64-new-UL, r-devel-windows-x86_64-new-TK, r-patched-linux-x86_64, r-release-linux-x86_64, r-release-macos-arm64, r-release-macos-x86_64, r-release-windows-ix86+x86_64