CRAN Package Check Results for Package Bhat

Last updated on 2020-06-04 03:49:12 CEST.

Flavor Version Tinstall Tcheck Ttotal Status Flags
r-devel-linux-x86_64-debian-clang 0.9-10 4.00 25.60 29.60 NOTE
r-devel-linux-x86_64-debian-gcc 0.9-10 2.96 20.23 23.19 NOTE
r-devel-linux-x86_64-fedora-clang 0.9-10 46.20 NOTE
r-devel-linux-x86_64-fedora-gcc 0.9-10 35.94 NOTE
r-devel-windows-ix86+x86_64 0.9-10 9.00 38.00 47.00 NOTE
r-patched-linux-x86_64 0.9-10 4.35 25.70 30.05 NOTE
r-patched-solaris-x86 0.9-10 50.90 NOTE
r-release-linux-x86_64 0.9-10 3.40 26.18 29.58 NOTE
r-release-osx-x86_64 0.9-10 NOTE
r-release-windows-ix86+x86_64 0.9-10 6.00 32.00 38.00 NOTE
r-oldrel-osx-x86_64 0.9-10 NOTE
r-oldrel-windows-ix86+x86_64 0.9-10 5.00 46.00 51.00 NOTE

Check Details

Version: 0.9-10
Check: DESCRIPTION meta-information
Result: NOTE
    Malformed Description field: should contain one or more complete sentences.
Flavors: r-devel-linux-x86_64-debian-clang, r-devel-linux-x86_64-debian-gcc, r-devel-linux-x86_64-fedora-clang, r-devel-linux-x86_64-fedora-gcc, r-devel-windows-ix86+x86_64, r-patched-linux-x86_64, r-patched-solaris-x86, r-release-linux-x86_64, r-release-osx-x86_64, r-release-windows-ix86+x86_64, r-oldrel-osx-x86_64, r-oldrel-windows-ix86+x86_64

Version: 0.9-10
Check: R code for possible problems
Result: NOTE
    global: no visible global function definition for 'par'
    global: no visible global function definition for 'runif'
    global: no visible global function definition for 'cov'
    mymcmc: no visible global function definition for 'par'
    mymcmc: no visible global function definition for 'rnorm'
    mymcmc: no visible global function definition for 'runif'
    mymcmc: no visible global function definition for 'cov'
    mymcmc: no visible global function definition for 'lines'
    plkhci: no visible global function definition for 'qchisq'
    Undefined global functions or variables:
     cov lines par qchisq rnorm runif
    Consider adding
     importFrom("graphics", "lines", "par")
     importFrom("stats", "cov", "qchisq", "rnorm", "runif")
    to your NAMESPACE file.
Flavors: r-devel-linux-x86_64-debian-clang, r-devel-linux-x86_64-debian-gcc, r-devel-linux-x86_64-fedora-clang, r-devel-linux-x86_64-fedora-gcc, r-devel-windows-ix86+x86_64, r-patched-linux-x86_64, r-patched-solaris-x86, r-release-linux-x86_64, r-release-osx-x86_64, r-release-windows-ix86+x86_64, r-oldrel-osx-x86_64, r-oldrel-windows-ix86+x86_64