Last updated on 2023-01-30 17:54:04 CET.
Flavor | Version | Tinstall | Tcheck | Ttotal | Status | Flags |
---|---|---|---|---|---|---|
r-devel-linux-x86_64-debian-clang | 2.1.2 | 46.81 | 192.71 | 239.52 | OK | |
r-devel-linux-x86_64-debian-gcc | 2.1.3 | 35.35 | 140.67 | 176.02 | OK | |
r-devel-linux-x86_64-fedora-clang | 2.1.3 | 299.20 | NOTE | |||
r-devel-linux-x86_64-fedora-gcc | 2.1.3 | 326.53 | NOTE | |||
r-devel-windows-x86_64 | 2.1.3 | 82.00 | 235.00 | 317.00 | OK | |
r-patched-linux-x86_64 | 2.1.3 | 36.74 | 183.04 | 219.78 | OK | |
r-release-linux-x86_64 | 2.1.3 | 34.43 | 183.74 | 218.17 | OK | |
r-release-macos-arm64 | 2.1.3 | 67.00 | OK | |||
r-release-macos-x86_64 | 2.1.3 | 99.00 | OK | |||
r-release-windows-x86_64 | 2.1.3 | 75.00 | 229.00 | 304.00 | OK | |
r-oldrel-macos-arm64 | 2.1.3 | 55.00 | OK | |||
r-oldrel-macos-x86_64 | 2.1.3 | 95.00 | OK | |||
r-oldrel-windows-ix86+x86_64 | 2.1.3 | 88.00 | 268.00 | 356.00 | OK |
Version: 2.1.3
Check: dependencies in R code
Result: NOTE
Namespace in Imports field not imported from: ‘RBGL’
All declared Imports should be used.
Flavors: r-devel-linux-x86_64-fedora-clang, r-devel-linux-x86_64-fedora-gcc