CRAN Package Check Results for Package BiDimRegression

Last updated on 2015-02-02 01:47:41.

Flavor Version Tinstall Tcheck Ttotal Status Flags
r-devel-linux-x86_64-debian-clang 1.0.6 0.74 11.69 12.43 NOTE
r-devel-linux-x86_64-debian-gcc 1.0.6 0.70 11.05 11.75 NOTE
r-devel-linux-x86_64-fedora-clang 1.0.6 24.32 NOTE
r-devel-linux-x86_64-fedora-gcc 1.0.6 23.61 NOTE
r-devel-osx-x86_64-clang 1.0.6 32.33 NOTE
r-devel-windows-ix86+x86_64 1.0.6 4.00 18.00 22.00 OK
r-patched-linux-x86_64 1.0.6 1.06 13.34 14.41 OK
r-patched-solaris-sparc 1.0.6 160.60 OK
r-patched-solaris-x86 1.0.6 39.60 OK
r-release-linux-ix86 1.0.6 1.06 19.19 20.25 OK
r-release-linux-x86_64 1.0.6 0.84 12.92 13.76 OK
r-release-osx-x86_64-mavericks 1.0.6 OK
r-release-osx-x86_64-snowleopard 1.0.6 OK
r-release-windows-ix86+x86_64 1.0.6 3.00 21.00 24.00 OK
r-oldrel-windows-ix86+x86_64 1.0.6 4.00 23.00 27.00 OK

Check Details

Version: 1.0.6
Check: S3 generic/method consistency
Result: NOTE
    Found the following apparent S3 methods exported but not registered:
     print.BiDimRegression print.summary.BiDimRegression
     summary.BiDimRegression
    See section ‘Registering S3 methods’ in the ‘Writing R Extensions’
    manual.
Flavors: r-devel-linux-x86_64-debian-clang, r-devel-linux-x86_64-debian-gcc, r-devel-linux-x86_64-fedora-clang, r-devel-linux-x86_64-fedora-gcc, r-devel-osx-x86_64-clang