CRAN Package Check Results for Package BiDimRegression

Last updated on 2016-07-25 15:48:22.

Flavor Version Tinstall Tcheck Ttotal Status Flags
r-devel-linux-x86_64-debian-clang 1.0.6 0.95 13.64 14.59 NOTE
r-devel-linux-x86_64-debian-gcc 1.0.6 1.01 13.59 14.60 NOTE
r-devel-linux-x86_64-fedora-clang 1.0.6 24.57 NOTE
r-devel-linux-x86_64-fedora-gcc 1.0.6 19.20 NOTE
r-devel-osx-x86_64-clang 1.0.6 18.83 NOTE
r-devel-windows-ix86+x86_64 1.0.6 3.00 29.00 32.00 NOTE
r-patched-linux-x86_64 1.0.6 1.02 14.33 15.35 NOTE
r-patched-solaris-sparc 1.0.6 135.20 NOTE
r-patched-solaris-x86 1.0.6 29.10 NOTE
r-release-linux-x86_64 1.0.6 0.91 13.77 14.68 NOTE
r-release-osx-x86_64-mavericks 1.0.6 NOTE
r-release-windows-ix86+x86_64 1.0.6 3.00 30.00 33.00 NOTE
r-oldrel-windows-ix86+x86_64 1.0.6 6.00 30.00 36.00 OK

Check Details

Version: 1.0.6
Check: S3 generic/method consistency
Result: NOTE
    Found the following apparent S3 methods exported but not registered:
     print.BiDimRegression print.summary.BiDimRegression
     summary.BiDimRegression
    See section ‘Registering S3 methods’ in the ‘Writing R Extensions’
    manual.
Flavors: r-devel-linux-x86_64-debian-clang, r-devel-linux-x86_64-debian-gcc, r-devel-linux-x86_64-fedora-clang, r-devel-linux-x86_64-fedora-gcc, r-devel-osx-x86_64-clang, r-patched-linux-x86_64, r-patched-solaris-sparc, r-patched-solaris-x86, r-release-linux-x86_64

Version: 1.0.6
Check: R code for possible problems
Result: NOTE
    BiDimRegression: no visible global function definition for ‘lm’
    BiDimRegression: no visible global function definition for ‘pf’
    print.BiDimRegression: no visible global function definition for
     ‘printCoefmat’
    print.summary.BiDimRegression: no visible global function definition
     for ‘printCoefmat’
    Undefined global functions or variables:
     lm pf printCoefmat
    Consider adding
     importFrom("stats", "lm", "pf", "printCoefmat")
    to your NAMESPACE file.
Flavors: r-devel-linux-x86_64-debian-clang, r-devel-linux-x86_64-debian-gcc, r-devel-linux-x86_64-fedora-clang, r-devel-linux-x86_64-fedora-gcc, r-devel-osx-x86_64-clang, r-devel-windows-ix86+x86_64, r-patched-linux-x86_64, r-patched-solaris-sparc, r-patched-solaris-x86, r-release-linux-x86_64, r-release-osx-x86_64-mavericks, r-release-windows-ix86+x86_64