CRAN Package Check Results for Package BiDimRegression

Last updated on 2015-05-24 17:47:19.

Flavor Version Tinstall Tcheck Ttotal Status Flags
r-devel-linux-x86_64-debian-clang 1.0.6 0.71 12.52 13.24 NOTE
r-devel-linux-x86_64-debian-gcc 1.0.6 0.72 11.32 12.04 NOTE
r-devel-linux-x86_64-fedora-clang 1.0.6 25.55 NOTE
r-devel-linux-x86_64-fedora-gcc 1.0.6 22.88 NOTE
r-devel-osx-x86_64-clang 1.0.6 27.24 NOTE
r-devel-windows-ix86+x86_64 1.0.6 3.00 21.00 24.00 OK
r-patched-linux-x86_64 1.0.6 0.86 11.24 12.09 NOTE
r-patched-solaris-sparc 1.0.6 153.60 NOTE
r-patched-solaris-x86 1.0.6 35.60 NOTE
r-release-linux-x86_64 1.0.6 0.70 11.32 12.02 NOTE
r-release-osx-x86_64-mavericks 1.0.6 OK
r-release-osx-x86_64-snowleopard 1.0.6 OK
r-release-windows-ix86+x86_64 1.0.6 3.00 20.00 23.00 OK
r-oldrel-windows-ix86+x86_64 1.0.6 4.00 23.00 27.00 OK

Check Details

Version: 1.0.6
Check: S3 generic/method consistency
Result: NOTE
    Found the following apparent S3 methods exported but not registered:
     print.BiDimRegression print.summary.BiDimRegression
     summary.BiDimRegression
    See section ‘Registering S3 methods’ in the ‘Writing R Extensions’
    manual.
Flavors: r-devel-linux-x86_64-debian-clang, r-devel-linux-x86_64-debian-gcc, r-devel-linux-x86_64-fedora-clang, r-devel-linux-x86_64-fedora-gcc, r-devel-osx-x86_64-clang, r-patched-linux-x86_64, r-patched-solaris-sparc, r-patched-solaris-x86, r-release-linux-x86_64