CRAN Package Check Results for Package BiDimRegression

Last updated on 2017-03-27 06:47:57.

Flavor Version Tinstall Tcheck Ttotal Status Flags
r-devel-linux-x86_64-debian-clang 1.0.6 0.85 14.32 15.17 NOTE
r-devel-linux-x86_64-debian-gcc 1.0.6 0.87 13.86 14.73 NOTE
r-devel-linux-x86_64-fedora-clang 1.0.6 23.94 NOTE --no-stop-on-test-error
r-devel-linux-x86_64-fedora-gcc 1.0.6 28.14 NOTE --no-stop-on-test-error
r-devel-macos-x86_64-clang 1.0.6 20.97 NOTE --no-stop-on-test-error
r-devel-windows-ix86+x86_64 1.0.6 3.00 49.00 52.00 NOTE
r-patched-linux-x86_64 1.0.6 0.98 14.01 14.99 NOTE
r-patched-solaris-sparc 1.0.6 147.70 NOTE
r-patched-solaris-x86 1.0.6 35.60 NOTE
r-release-linux-x86_64 1.0.6 0.78 11.55 12.33 NOTE
r-release-osx-x86_64-mavericks 1.0.6 NOTE
r-release-windows-ix86+x86_64 1.0.6 5.00 30.00 35.00 NOTE
r-oldrel-windows-ix86+x86_64 1.0.6 3.00 24.00 27.00 OK

Check Details

Version: 1.0.6
Check: S3 generic/method consistency
Result: NOTE
    Found the following apparent S3 methods exported but not registered:
     print.BiDimRegression print.summary.BiDimRegression
     summary.BiDimRegression
    See section ‘Registering S3 methods’ in the ‘Writing R Extensions’
    manual.
Flavors: r-devel-linux-x86_64-debian-clang, r-devel-linux-x86_64-debian-gcc, r-patched-linux-x86_64, r-patched-solaris-sparc, r-patched-solaris-x86, r-release-linux-x86_64

Version: 1.0.6
Check: R code for possible problems
Result: NOTE
    BiDimRegression: no visible global function definition for ‘lm’
    BiDimRegression: no visible global function definition for ‘pf’
    print.BiDimRegression: no visible global function definition for
     ‘printCoefmat’
    print.summary.BiDimRegression: no visible global function definition
     for ‘printCoefmat’
    Undefined global functions or variables:
     lm pf printCoefmat
    Consider adding
     importFrom("stats", "lm", "pf", "printCoefmat")
    to your NAMESPACE file.
Flavors: r-devel-linux-x86_64-debian-clang, r-devel-linux-x86_64-debian-gcc, r-devel-windows-ix86+x86_64, r-patched-linux-x86_64, r-patched-solaris-sparc, r-patched-solaris-x86, r-release-linux-x86_64, r-release-osx-x86_64-mavericks, r-release-windows-ix86+x86_64

Version: 1.0.6
Flags: --no-stop-on-test-error
Check: S3 generic/method consistency
Result: NOTE
    Found the following apparent S3 methods exported but not registered:
     print.BiDimRegression print.summary.BiDimRegression
     summary.BiDimRegression
    See section ‘Registering S3 methods’ in the ‘Writing R Extensions’
    manual.
Flavors: r-devel-linux-x86_64-fedora-clang, r-devel-linux-x86_64-fedora-gcc, r-devel-macos-x86_64-clang

Version: 1.0.6
Flags: --no-stop-on-test-error
Check: R code for possible problems
Result: NOTE
    BiDimRegression: no visible global function definition for ‘lm’
    BiDimRegression: no visible global function definition for ‘pf’
    print.BiDimRegression: no visible global function definition for
     ‘printCoefmat’
    print.summary.BiDimRegression: no visible global function definition
     for ‘printCoefmat’
    Undefined global functions or variables:
     lm pf printCoefmat
    Consider adding
     importFrom("stats", "lm", "pf", "printCoefmat")
    to your NAMESPACE file.
Flavors: r-devel-linux-x86_64-fedora-clang, r-devel-linux-x86_64-fedora-gcc, r-devel-macos-x86_64-clang