CRAN Package Check Results for Package BiDimRegression

Last updated on 2018-05-22 01:46:20 CEST.

Flavor Version Tinstall Tcheck Ttotal Status Flags
r-devel-linux-x86_64-debian-clang 2.0.0 2.15 24.98 27.13 OK
r-devel-linux-x86_64-debian-gcc 2.0.0 1.96 23.51 25.47 OK
r-devel-linux-x86_64-fedora-clang 2.0.0 31.86 OK
r-devel-linux-x86_64-fedora-gcc 2.0.0 26.63 OK
r-devel-windows-ix86+x86_64 2.0.0 7.00 38.00 45.00 OK
r-patched-linux-x86_64 2.0.0 2.54 28.39 30.93 OK
r-patched-solaris-x86 2.0.0 53.80 OK
r-release-linux-x86_64 2.0.0 2.29 27.93 30.22 OK
r-release-windows-ix86+x86_64 2.0.0 6.00 36.00 42.00 OK
r-release-osx-x86_64 2.0.0 OK
r-oldrel-windows-ix86+x86_64 2.0.0 5.00 55.00 60.00 OK
r-oldrel-osx-x86_64 1.0.6 NOTE

Check Details

Version: 1.0.6
Check: R code for possible problems
Result: NOTE
    BiDimRegression: no visible global function definition for ‘lm’
    BiDimRegression: no visible global function definition for ‘pf’
    print.BiDimRegression: no visible global function definition for
     ‘printCoefmat’
    print.summary.BiDimRegression: no visible global function definition
     for ‘printCoefmat’
    Undefined global functions or variables:
     lm pf printCoefmat
    Consider adding
     importFrom("stats", "lm", "pf", "printCoefmat")
    to your NAMESPACE file.
Flavor: r-oldrel-osx-x86_64