CRAN Package Check Results for Package BiDimRegression

Last updated on 2015-04-19 11:51:01.

Flavor Version Tinstall Tcheck Ttotal Status Flags
r-devel-linux-x86_64-debian-clang 1.0.6 0.70 11.58 12.27 NOTE
r-devel-linux-x86_64-debian-gcc 1.0.6 0.74 11.63 12.37 NOTE
r-devel-linux-x86_64-fedora-clang 1.0.6 24.11 NOTE
r-devel-linux-x86_64-fedora-gcc 1.0.6 25.99 NOTE
r-devel-osx-x86_64-clang 1.0.6 26.62 NOTE
r-devel-windows-ix86+x86_64 1.0.6 5.00 20.00 25.00 OK
r-patched-linux-x86_64 1.0.6 0.78 11.70 12.48 NOTE
r-patched-solaris-sparc 1.0.6 160.10 OK
r-patched-solaris-x86 1.0.6 34.30 OK
r-release-linux-x86_64 1.0.6 0.68 11.37 12.05 NOTE
r-release-osx-x86_64-mavericks 1.0.6 OK
r-release-osx-x86_64-snowleopard 1.0.6 OK
r-release-windows-ix86+x86_64 1.0.6 2.00 18.00 20.00 OK
r-oldrel-windows-ix86+x86_64 1.0.6 4.00 29.00 33.00 OK

Check Details

Version: 1.0.6
Check: S3 generic/method consistency
Result: NOTE
    Found the following apparent S3 methods exported but not registered:
     print.BiDimRegression print.summary.BiDimRegression
     summary.BiDimRegression
    See section ‘Registering S3 methods’ in the ‘Writing R Extensions’
    manual.
Flavors: r-devel-linux-x86_64-debian-clang, r-devel-linux-x86_64-debian-gcc, r-devel-linux-x86_64-fedora-clang, r-devel-linux-x86_64-fedora-gcc, r-devel-osx-x86_64-clang, r-patched-linux-x86_64, r-release-linux-x86_64