CRAN Package Check Results for Package BiDimRegression

Last updated on 2017-04-29 23:50:11.

Flavor Version Tinstall Tcheck Ttotal Status Flags
r-devel-linux-x86_64-debian-clang 1.0.6 1.03 13.87 14.90 NOTE
r-devel-linux-x86_64-debian-gcc 1.0.6 0.98 14.03 15.01 NOTE
r-devel-linux-x86_64-fedora-clang 1.0.6 24.11 NOTE --no-stop-on-test-error
r-devel-linux-x86_64-fedora-gcc 1.0.6 24.68 NOTE --no-stop-on-test-error
r-devel-windows-ix86+x86_64 1.0.6 5.00 45.00 50.00 NOTE
r-patched-linux-x86_64 1.0.6 0.90 14.02 14.93 NOTE
r-patched-solaris-sparc 1.0.6 147.70 NOTE
r-patched-solaris-x86 1.0.6 33.50 NOTE
r-release-linux-x86_64 1.0.6 0.91 13.80 14.71 NOTE
r-release-windows-ix86+x86_64 1.0.6 7.00 44.00 51.00 NOTE
r-release-osx-x86_64 1.0.6 NOTE
r-oldrel-windows-ix86+x86_64 1.0.6 5.00 39.00 44.00 NOTE
r-oldrel-osx-x86_64 1.0.6 NOTE

Check Details

Version: 1.0.6
Check: S3 generic/method consistency
Result: NOTE
    Found the following apparent S3 methods exported but not registered:
     print.BiDimRegression print.summary.BiDimRegression
     summary.BiDimRegression
    See section ‘Registering S3 methods’ in the ‘Writing R Extensions’
    manual.
Flavors: r-devel-linux-x86_64-debian-clang, r-devel-linux-x86_64-debian-gcc, r-patched-linux-x86_64, r-patched-solaris-sparc, r-patched-solaris-x86, r-release-linux-x86_64

Version: 1.0.6
Check: R code for possible problems
Result: NOTE
    BiDimRegression: no visible global function definition for ‘lm’
    BiDimRegression: no visible global function definition for ‘pf’
    print.BiDimRegression: no visible global function definition for
     ‘printCoefmat’
    print.summary.BiDimRegression: no visible global function definition
     for ‘printCoefmat’
    Undefined global functions or variables:
     lm pf printCoefmat
    Consider adding
     importFrom("stats", "lm", "pf", "printCoefmat")
    to your NAMESPACE file.
Flavors: r-devel-linux-x86_64-debian-clang, r-devel-linux-x86_64-debian-gcc, r-devel-windows-ix86+x86_64, r-patched-linux-x86_64, r-patched-solaris-sparc, r-patched-solaris-x86, r-release-linux-x86_64, r-release-windows-ix86+x86_64, r-release-osx-x86_64, r-oldrel-windows-ix86+x86_64, r-oldrel-osx-x86_64

Version: 1.0.6
Flags: --no-stop-on-test-error
Check: S3 generic/method consistency
Result: NOTE
    Found the following apparent S3 methods exported but not registered:
     print.BiDimRegression print.summary.BiDimRegression
     summary.BiDimRegression
    See section ‘Registering S3 methods’ in the ‘Writing R Extensions’
    manual.
Flavors: r-devel-linux-x86_64-fedora-clang, r-devel-linux-x86_64-fedora-gcc

Version: 1.0.6
Flags: --no-stop-on-test-error
Check: R code for possible problems
Result: NOTE
    BiDimRegression: no visible global function definition for ‘lm’
    BiDimRegression: no visible global function definition for ‘pf’
    print.BiDimRegression: no visible global function definition for
     ‘printCoefmat’
    print.summary.BiDimRegression: no visible global function definition
     for ‘printCoefmat’
    Undefined global functions or variables:
     lm pf printCoefmat
    Consider adding
     importFrom("stats", "lm", "pf", "printCoefmat")
    to your NAMESPACE file.
Flavors: r-devel-linux-x86_64-fedora-clang, r-devel-linux-x86_64-fedora-gcc