CRAN Package Check Results for Package BiDimRegression

Last updated on 2015-09-02 05:46:59.

Flavor Version Tinstall Tcheck Ttotal Status Flags
r-devel-linux-x86_64-debian-clang 1.0.6 0.84 11.10 11.95 NOTE
r-devel-linux-x86_64-debian-gcc 1.0.6 0.64 11.20 11.84 NOTE
r-devel-linux-x86_64-fedora-clang 1.0.6 22.87 NOTE
r-devel-linux-x86_64-fedora-gcc 1.0.6 21.20 NOTE
r-devel-osx-x86_64-clang 1.0.6 22.17 NOTE
r-devel-windows-ix86+x86_64 1.0.6 5.00 26.00 31.00 NOTE
r-patched-linux-x86_64 1.0.6 0.74 11.66 12.40 NOTE
r-patched-solaris-sparc 1.0.6 156.50 NOTE
r-patched-solaris-x86 1.0.6 34.90 NOTE
r-release-linux-x86_64 1.0.6 0.70 11.82 12.52 NOTE
r-release-osx-x86_64-mavericks 1.0.6 OK
r-release-windows-ix86+x86_64 1.0.6 5.00 20.00 25.00 OK
r-oldrel-windows-ix86+x86_64 1.0.6 5.00 38.00 43.00 OK

Check Details

Version: 1.0.6
Check: S3 generic/method consistency
Result: NOTE
    Found the following apparent S3 methods exported but not registered:
     print.BiDimRegression print.summary.BiDimRegression
     summary.BiDimRegression
    See section ‘Registering S3 methods’ in the ‘Writing R Extensions’
    manual.
Flavors: r-devel-linux-x86_64-debian-clang, r-devel-linux-x86_64-debian-gcc, r-devel-linux-x86_64-fedora-clang, r-devel-linux-x86_64-fedora-gcc, r-devel-osx-x86_64-clang, r-patched-linux-x86_64, r-patched-solaris-sparc, r-patched-solaris-x86, r-release-linux-x86_64

Version: 1.0.6
Check: R code for possible problems
Result: NOTE
    BiDimRegression: no visible global function definition for ‘lm’
    BiDimRegression: no visible global function definition for ‘pf’
    print.BiDimRegression: no visible global function definition for
     ‘printCoefmat’
    print.summary.BiDimRegression: no visible global function definition
     for ‘printCoefmat’
    Undefined global functions or variables:
     lm pf printCoefmat
    Consider adding
     importFrom("stats", "lm", "pf", "printCoefmat")
    to your NAMESPACE.
Flavors: r-devel-linux-x86_64-debian-clang, r-devel-linux-x86_64-debian-gcc, r-devel-linux-x86_64-fedora-clang, r-devel-linux-x86_64-fedora-gcc, r-devel-windows-ix86+x86_64