CRAN Package Check Results for Package BiDimRegression

Last updated on 2015-03-30 08:49:52.

Flavor Version Tinstall Tcheck Ttotal Status Flags
r-devel-linux-x86_64-debian-clang 1.0.6 0.69 12.19 12.88 NOTE
r-devel-linux-x86_64-debian-gcc 1.0.6 0.81 11.84 12.65 NOTE
r-devel-linux-x86_64-fedora-clang 1.0.6 25.15 NOTE
r-devel-linux-x86_64-fedora-gcc 1.0.6 22.72 NOTE
r-devel-osx-x86_64-clang 1.0.6 29.62 NOTE
r-prerel-windows-ix86+x86_64 1.0.6 3.00 19.00 22.00 OK
r-prerel-linux-x86_64 1.0.6 0.85 11.73 12.58 NOTE
r-prerel-solaris-sparc 1.0.6 160.10 OK
r-prerel-solaris-x86 1.0.6 34.60 OK
r-release-linux-x86_64 1.0.6 1.06 13.50 14.56 OK
r-release-osx-x86_64-mavericks 1.0.6 OK
r-release-osx-x86_64-snowleopard 1.0.6 OK
r-release-windows-ix86+x86_64 1.0.6 4.00 23.00 27.00 OK
r-oldrel-windows-ix86+x86_64 1.0.6 3.00 25.00 28.00 OK

Check Details

Version: 1.0.6
Check: S3 generic/method consistency
Result: NOTE
    Found the following apparent S3 methods exported but not registered:
     print.BiDimRegression print.summary.BiDimRegression
     summary.BiDimRegression
    See section ‘Registering S3 methods’ in the ‘Writing R Extensions’
    manual.
Flavors: r-devel-linux-x86_64-debian-clang, r-devel-linux-x86_64-debian-gcc, r-devel-linux-x86_64-fedora-clang, r-devel-linux-x86_64-fedora-gcc, r-devel-osx-x86_64-clang, r-prerel-linux-x86_64