CRAN Package Check Results for Package BiDimRegression

Last updated on 2015-08-01 11:48:49.

Flavor Version Tinstall Tcheck Ttotal Status Flags
r-devel-linux-x86_64-debian-clang 1.0.6 0.93 11.76 12.69 NOTE
r-devel-linux-x86_64-debian-gcc 1.0.6 0.90 11.49 12.38 NOTE
r-devel-linux-x86_64-fedora-clang 1.0.6 23.46 NOTE
r-devel-linux-x86_64-fedora-gcc 1.0.6 22.54 NOTE
r-devel-osx-x86_64-clang 1.0.6 23.07 NOTE
r-devel-windows-ix86+x86_64 1.0.6 4.00 21.00 25.00 NOTE
r-patched-linux-x86_64 1.0.6 0.87 11.47 12.34 NOTE
r-patched-solaris-sparc 1.0.6 156.50 NOTE
r-patched-solaris-x86 1.0.6 34.70 NOTE
r-release-linux-x86_64 1.0.6 0.69 11.72 12.40 NOTE
r-release-osx-x86_64-mavericks 1.0.6 OK
r-release-windows-ix86+x86_64 1.0.6 5.00 22.00 27.00 OK
r-oldrel-windows-ix86+x86_64 1.0.6 5.00 25.00 30.00 OK

Check Details

Version: 1.0.6
Check: S3 generic/method consistency
Result: NOTE
    Found the following apparent S3 methods exported but not registered:
     print.BiDimRegression print.summary.BiDimRegression
     summary.BiDimRegression
    See section ‘Registering S3 methods’ in the ‘Writing R Extensions’
    manual.
Flavors: r-devel-linux-x86_64-debian-clang, r-devel-linux-x86_64-debian-gcc, r-devel-linux-x86_64-fedora-clang, r-devel-linux-x86_64-fedora-gcc, r-devel-osx-x86_64-clang, r-patched-linux-x86_64, r-patched-solaris-sparc, r-patched-solaris-x86, r-release-linux-x86_64

Version: 1.0.6
Check: R code for possible problems
Result: NOTE
    BiDimRegression: no visible global function definition for ‘lm’
    BiDimRegression: no visible global function definition for ‘pf’
    print.BiDimRegression: no visible global function definition for
     ‘printCoefmat’
    print.summary.BiDimRegression: no visible global function definition
     for ‘printCoefmat’
    Undefined global functions or variables:
     lm pf printCoefmat
    Consider adding
     importFrom("stats", "lm", "pf", "printCoefmat")
    to your NAMESPACE.
Flavors: r-devel-linux-x86_64-debian-clang, r-devel-linux-x86_64-debian-gcc, r-devel-linux-x86_64-fedora-clang, r-devel-linux-x86_64-fedora-gcc, r-devel-windows-ix86+x86_64