CRAN Package Check Results for Package BiDimRegression

Last updated on 2015-07-02 19:46:57.

Flavor Version Tinstall Tcheck Ttotal Status Flags
r-devel-linux-x86_64-debian-clang 1.0.6 0.67 11.66 12.33 NOTE
r-devel-linux-x86_64-debian-gcc 1.0.6 0.67 11.22 11.90 NOTE
r-devel-linux-x86_64-fedora-clang 1.0.6 23.10 NOTE
r-devel-linux-x86_64-fedora-gcc 1.0.6 21.52 NOTE
r-devel-osx-x86_64-clang 1.0.6 24.09 NOTE
r-devel-windows-ix86+x86_64 1.0.6 3.00 20.00 23.00 NOTE
r-patched-linux-x86_64 1.0.6 0.69 11.46 12.15 NOTE
r-patched-solaris-sparc 1.0.6 153.60 NOTE
r-patched-solaris-x86 1.0.6 35.20 NOTE
r-release-linux-x86_64 1.0.6 0.68 11.57 12.25 NOTE
r-release-osx-x86_64-mavericks 1.0.6 OK
r-release-windows-ix86+x86_64 1.0.6 3.00 21.00 24.00 OK
r-oldrel-windows-ix86+x86_64 1.0.6 5.00 23.00 28.00 OK

Check Details

Version: 1.0.6
Check: S3 generic/method consistency
Result: NOTE
    Found the following apparent S3 methods exported but not registered:
     print.BiDimRegression print.summary.BiDimRegression
     summary.BiDimRegression
    See section ‘Registering S3 methods’ in the ‘Writing R Extensions’
    manual.
Flavors: r-devel-linux-x86_64-debian-clang, r-devel-linux-x86_64-debian-gcc, r-devel-linux-x86_64-fedora-clang, r-devel-linux-x86_64-fedora-gcc, r-devel-osx-x86_64-clang, r-patched-linux-x86_64, r-patched-solaris-sparc, r-patched-solaris-x86, r-release-linux-x86_64

Version: 1.0.6
Check: R code for possible problems
Result: NOTE
    BiDimRegression: no visible global function definition for ‘lm’
    BiDimRegression: no visible global function definition for ‘pf’
    print.BiDimRegression: no visible global function definition for
     ‘printCoefmat’
    print.summary.BiDimRegression: no visible global function definition
     for ‘printCoefmat’
    Undefined global functions or variables:
     lm pf printCoefmat
Flavors: r-devel-linux-x86_64-debian-clang, r-devel-linux-x86_64-fedora-clang, r-devel-linux-x86_64-fedora-gcc

Version: 1.0.6
Check: R code for possible problems
Result: NOTE
    BiDimRegression: no visible global function definition for ‘lm’
    BiDimRegression: no visible global function definition for ‘pf’
    print.BiDimRegression: no visible global function definition for
     ‘printCoefmat’
    print.summary.BiDimRegression: no visible global function definition
     for ‘printCoefmat’
Flavors: r-devel-linux-x86_64-debian-gcc, r-devel-windows-ix86+x86_64