CRAN Package Check Results for Package BiDimRegression

Last updated on 2014-04-24 11:48:42.

Flavor Version Tinstall Tcheck Ttotal Status Flags
r-devel-linux-x86_64-debian-clang 1.0.6 0.92 12.88 13.80 OK
r-devel-linux-x86_64-debian-gcc 1.0.6 0.85 13.04 13.89 OK
r-devel-linux-x86_64-fedora-clang 1.0.6 26.92 OK
r-devel-linux-x86_64-fedora-gcc 1.0.6 25.99 OK
r-devel-osx-x86_64-clang 1.0.6 29.43 OK
r-devel-osx-x86_64-gcc 1.0.6 OK
r-devel-windows-ix86+x86_64 1.0.6 3.00 20.00 23.00 OK
r-patched-linux-x86_64 1.0.6 0.91 13.28 14.19 OK
r-patched-solaris-sparc 1.0.6 139.00 OK
r-patched-solaris-x86 1.0.6 37.00 OK
r-release-linux-ix86 1.0.6 1.00 27.00 28.00 OK
r-release-linux-x86_64 1.0.6 0.90 12.92 13.82 OK
r-release-osx-x86_64-mavericks 1.0.6 WARN
r-release-osx-x86_64-snowleopard 1.0.6 OK
r-release-windows-ix86+x86_64 1.0.6 3.00 21.00 24.00 OK
r-oldrel-windows-ix86+x86_64 1.0.6 3.00 23.00 26.00 OK

Check Details

Version: 1.0.6
Check: PDF version of manual
Result: WARNING
    LaTeX errors when creating PDF version.
    This typically indicates Rd problems.
    LaTeX errors found:
    ! LaTeX Error: File `upquote.sty' not found.
    
    Type X to quit or <RETURN> to proceed,
    or enter new name. (Default extension: sty)
    
    1dacfd5/Rd2.tex:8: ==> Fatal error occurred, no output PDF file produced!
Flavor: r-release-osx-x86_64-mavericks