CRAN Package Check Results for Package BiSEp

Last updated on 2019-06-27 08:48:57 CEST.

Flavor Version Tinstall Tcheck Ttotal Status Flags
r-devel-linux-x86_64-debian-clang 2.2 10.17 182.11 192.28 OK
r-devel-linux-x86_64-debian-gcc 2.2 11.00 141.21 152.21 OK
r-devel-linux-x86_64-fedora-clang 2.2 227.95 OK
r-devel-linux-x86_64-fedora-gcc 2.2 217.63 OK
r-devel-windows-ix86+x86_64 2.2 30.00 185.00 215.00 OK
r-patched-linux-x86_64 2.2 11.95 174.61 186.56 OK
r-patched-solaris-x86 2.2 401.90 OK
r-release-linux-x86_64 2.2 10.90 175.28 186.18 OK
r-release-windows-ix86+x86_64 2.2 22.00 249.00 271.00 OK
r-release-osx-x86_64 2.2 ERROR
r-oldrel-windows-ix86+x86_64 2.2 11.00 184.00 195.00 OK
r-oldrel-osx-x86_64 2.2 OK

Check Details

Version: 2.2
Check: package dependencies
Result: ERROR
    Packages required but not available: 'GOSemSim', 'AnnotationDbi'
    
    Packages suggested but not available for checking: 'GO.db', 'org.Hs.eg.db'
    
    See section ‘The DESCRIPTION file’ in the ‘Writing R Extensions’
    manual.
Flavor: r-release-osx-x86_64