CRAN Package Check Results for Package BiasedUrn

Last updated on 2017-02-26 19:53:33.

Flavor Version Tinstall Tcheck Ttotal Status Flags
r-devel-linux-x86_64-debian-clang 1.07 4.01 12.79 16.80 NOTE
r-devel-linux-x86_64-debian-gcc 1.07 4.08 12.86 16.95 NOTE
r-devel-linux-x86_64-fedora-clang 1.07 29.03 NOTE --no-stop-on-test-error
r-devel-linux-x86_64-fedora-gcc 1.07 32.48 NOTE --no-stop-on-test-error
r-devel-macos-x86_64-clang 1.07 26.22 NOTE --no-stop-on-test-error
r-devel-windows-ix86+x86_64 1.07 18.00 44.00 62.00 OK
r-patched-linux-x86_64 1.07 3.48 10.76 14.24 OK
r-patched-solaris-sparc 1.07 137.30 OK
r-patched-solaris-x86 1.07 37.40 OK
r-release-linux-x86_64 1.07 3.72 10.56 14.28 OK
r-release-osx-x86_64-mavericks 1.07 OK
r-release-windows-ix86+x86_64 1.07 13.00 30.00 43.00 OK
r-oldrel-windows-ix86+x86_64 1.07 14.00 28.00 42.00 OK

Check Details

Version: 1.07
Check: compiled code
Result: NOTE
    File ‘BiasedUrn/libs/BiasedUrn.so’:
     Found no calls to: ‘R_registerRoutines’, ‘R_useDynamicSymbols’
    
    It is good practice to register native routines and to disable symbol
    search.
    
    See ‘Writing portable packages’ in the ‘Writing R Extensions’ manual.
Flavors: r-devel-linux-x86_64-debian-clang, r-devel-linux-x86_64-debian-gcc

Version: 1.07
Flags: --no-stop-on-test-error
Check: compiled code
Result: NOTE
    File ‘BiasedUrn/libs/BiasedUrn.so’:
     Found no calls to: ‘R_registerRoutines’, ‘R_useDynamicSymbols’
    
    It is good practice to register native routines and to disable symbol
    search.
    
    See ‘Writing portable packages’ in the ‘Writing R Extensions’ manual.
Flavors: r-devel-linux-x86_64-fedora-clang, r-devel-linux-x86_64-fedora-gcc, r-devel-macos-x86_64-clang