CRAN Package Check Results for Package BiasedUrn

Last updated on 2018-02-24 08:48:52 CET.

Flavor Version Tinstall Tcheck Ttotal Status Flags
r-devel-linux-x86_64-debian-clang 1.07 5.95 20.07 26.02 NOTE
r-devel-linux-x86_64-debian-gcc 1.07 4.53 16.09 20.62 NOTE
r-devel-linux-x86_64-fedora-clang 1.07 33.22 NOTE
r-devel-linux-x86_64-fedora-gcc 1.07 32.85 NOTE
r-devel-windows-ix86+x86_64 1.07 25.00 49.00 74.00 OK
r-patched-linux-x86_64 1.07 5.40 18.95 24.35 NOTE
r-patched-solaris-x86 1.07 48.10 OK
r-release-linux-x86_64 1.07 6.06 18.97 25.03 NOTE
r-release-windows-ix86+x86_64 1.07 18.00 33.00 51.00 OK
r-release-osx-x86_64 1.07 OK
r-oldrel-windows-ix86+x86_64 1.07 13.00 30.00 43.00 OK
r-oldrel-osx-x86_64 1.07 OK

Check Details

Version: 1.07
Check: compiled code
Result: NOTE
    File ‘BiasedUrn/libs/BiasedUrn.so’:
     Found no calls to: ‘R_registerRoutines’, ‘R_useDynamicSymbols’
    
    It is good practice to register native routines and to disable symbol
    search.
    
    See ‘Writing portable packages’ in the ‘Writing R Extensions’ manual.
Flavors: r-devel-linux-x86_64-debian-clang, r-devel-linux-x86_64-debian-gcc, r-devel-linux-x86_64-fedora-clang, r-devel-linux-x86_64-fedora-gcc, r-patched-linux-x86_64, r-release-linux-x86_64