CRAN Package Check Results for Package BiasedUrn

Last updated on 2017-07-23 04:48:17.

Flavor Version Tinstall Tcheck Ttotal Status Flags
r-devel-linux-x86_64-debian-clang 1.07 4.05 23.90 27.95 NOTE
r-devel-linux-x86_64-debian-gcc 1.07 3.92 23.66 27.58 NOTE
r-devel-linux-x86_64-fedora-clang 1.07 31.96 NOTE
r-devel-linux-x86_64-fedora-gcc 1.07 32.74 NOTE
r-devel-windows-ix86+x86_64 1.07 19.00 31.00 50.00 OK
r-patched-linux-x86_64 1.07 4.05 23.50 27.55 NOTE
r-patched-solaris-x86 1.07 47.50 OK
r-release-linux-x86_64 1.07 4.07 23.55 27.62 NOTE
r-release-windows-ix86+x86_64 1.07 19.00 30.00 49.00 OK
r-release-osx-x86_64 1.07 OK
r-oldrel-windows-ix86+x86_64 1.07 13.00 30.00 43.00 OK
r-oldrel-osx-x86_64 1.07 OK

Check Details

Version: 1.07
Check: compiled code
Result: NOTE
    File ‘BiasedUrn/libs/BiasedUrn.so’:
     Found no calls to: ‘R_registerRoutines’, ‘R_useDynamicSymbols’
    
    It is good practice to register native routines and to disable symbol
    search.
    
    See ‘Writing portable packages’ in the ‘Writing R Extensions’ manual.
Flavors: r-devel-linux-x86_64-debian-clang, r-devel-linux-x86_64-debian-gcc, r-devel-linux-x86_64-fedora-clang, r-devel-linux-x86_64-fedora-gcc, r-patched-linux-x86_64, r-release-linux-x86_64