CRAN Package Check Results for Package BiasedUrn

Last updated on 2018-04-25 02:46:37 CEST.

Flavor Version Tinstall Tcheck Ttotal Status Flags
r-devel-linux-x86_64-debian-clang 1.07 6.86 20.40 27.26 NOTE
r-devel-linux-x86_64-debian-gcc 1.07 4.80 16.18 20.98 NOTE
r-devel-linux-x86_64-fedora-clang 1.07 33.77 NOTE
r-devel-linux-x86_64-fedora-gcc 1.07 31.12 NOTE
r-devel-windows-ix86+x86_64 1.07 24.00 46.00 70.00 OK
r-patched-linux-x86_64 1.07 5.72 19.75 25.47 NOTE
r-patched-solaris-x86 1.07 54.40 OK
r-release-linux-x86_64 1.07 6.25 19.88 26.13 NOTE
r-release-windows-ix86+x86_64 1.07 24.00 46.00 70.00 OK
r-release-osx-x86_64 1.07 OK
r-oldrel-windows-ix86+x86_64 1.07 18.00 33.00 51.00 OK
r-oldrel-osx-x86_64 1.07 OK

Check Details

Version: 1.07
Check: compiled code
Result: NOTE
    File ‘BiasedUrn/libs/BiasedUrn.so’:
     Found no calls to: ‘R_registerRoutines’, ‘R_useDynamicSymbols’
    
    It is good practice to register native routines and to disable symbol
    search.
    
    See ‘Writing portable packages’ in the ‘Writing R Extensions’ manual.
Flavors: r-devel-linux-x86_64-debian-clang, r-devel-linux-x86_64-debian-gcc, r-devel-linux-x86_64-fedora-clang, r-devel-linux-x86_64-fedora-gcc, r-patched-linux-x86_64, r-release-linux-x86_64