CRAN Package Check Results for Package BiasedUrn

Last updated on 2017-03-28 06:47:37.

Flavor Version Tinstall Tcheck Ttotal Status Flags
r-devel-linux-x86_64-debian-clang 1.07 4.19 12.73 16.92 NOTE
r-devel-linux-x86_64-debian-gcc 1.07 4.05 12.74 16.79 NOTE
r-devel-linux-x86_64-fedora-clang 1.07 29.61 NOTE --no-stop-on-test-error
r-devel-linux-x86_64-fedora-gcc 1.07 32.72 NOTE --no-stop-on-test-error
r-devel-macos-x86_64-clang 1.07 25.35 NOTE --no-stop-on-test-error
r-devel-windows-ix86+x86_64 1.07 18.00 31.00 49.00 OK
r-patched-linux-x86_64 1.07 3.72 12.95 16.67 NOTE
r-patched-solaris-sparc 1.07 183.10 OK
r-patched-solaris-x86 1.07 45.80 OK
r-release-linux-x86_64 1.07 3.75 10.85 14.60 OK
r-release-osx-x86_64-mavericks 1.07 OK
r-release-windows-ix86+x86_64 1.07 13.00 30.00 43.00 OK
r-oldrel-windows-ix86+x86_64 1.07 14.00 28.00 42.00 OK

Check Details

Version: 1.07
Check: compiled code
Result: NOTE
    File ‘BiasedUrn/libs/BiasedUrn.so’:
     Found no calls to: ‘R_registerRoutines’, ‘R_useDynamicSymbols’
    
    It is good practice to register native routines and to disable symbol
    search.
    
    See ‘Writing portable packages’ in the ‘Writing R Extensions’ manual.
Flavors: r-devel-linux-x86_64-debian-clang, r-devel-linux-x86_64-debian-gcc, r-patched-linux-x86_64

Version: 1.07
Flags: --no-stop-on-test-error
Check: compiled code
Result: NOTE
    File ‘BiasedUrn/libs/BiasedUrn.so’:
     Found no calls to: ‘R_registerRoutines’, ‘R_useDynamicSymbols’
    
    It is good practice to register native routines and to disable symbol
    search.
    
    See ‘Writing portable packages’ in the ‘Writing R Extensions’ manual.
Flavors: r-devel-linux-x86_64-fedora-clang, r-devel-linux-x86_64-fedora-gcc, r-devel-macos-x86_64-clang