CRAN Package Check Results for Package BiasedUrn

Last updated on 2017-11-22 05:48:41 CET.

Flavor Version Tinstall Tcheck Ttotal Status Flags
r-devel-linux-x86_64-debian-clang 1.07 3.90 12.57 16.47 NOTE
r-devel-linux-x86_64-debian-gcc 1.07 5.12 38.69 43.81 NOTE
r-devel-linux-x86_64-fedora-clang 1.07 28.56 NOTE
r-devel-linux-x86_64-fedora-gcc 1.07 29.35 NOTE
r-devel-windows-ix86+x86_64 1.07 25.00 33.00 58.00 OK
r-patched-linux-x86_64 1.07 4.03 13.09 17.12 NOTE
r-patched-solaris-x86 1.07 48.00 OK
r-release-linux-x86_64 1.07 3.96 13.02 16.97 NOTE
r-release-windows-ix86+x86_64 1.07 18.00 33.00 51.00 OK
r-release-osx-x86_64 1.07 OK
r-oldrel-windows-ix86+x86_64 1.07 13.00 30.00 43.00 OK
r-oldrel-osx-x86_64 1.07 OK

Check Details

Version: 1.07
Check: compiled code
Result: NOTE
    File ‘BiasedUrn/libs/BiasedUrn.so’:
     Found no calls to: ‘R_registerRoutines’, ‘R_useDynamicSymbols’
    
    It is good practice to register native routines and to disable symbol
    search.
    
    See ‘Writing portable packages’ in the ‘Writing R Extensions’ manual.
Flavors: r-devel-linux-x86_64-debian-clang, r-devel-linux-x86_64-debian-gcc, r-devel-linux-x86_64-fedora-clang, r-devel-linux-x86_64-fedora-gcc, r-patched-linux-x86_64, r-release-linux-x86_64