CRAN Package Check Results for Package BigTSP

Last updated on 2014-11-22 03:49:24.

Flavor Version Tinstall Tcheck Ttotal Status Flags
r-devel-linux-x86_64-debian-clang 1.0 3.38 38.26 41.64 NOTE
r-devel-linux-x86_64-debian-gcc 1.0 3.27 36.92 40.18 NOTE
r-devel-linux-x86_64-fedora-clang 1.0 103.77 NOTE
r-devel-linux-x86_64-fedora-gcc 1.0 92.37 NOTE
r-devel-osx-x86_64-clang 1.0 81.22 NOTE
r-devel-windows-ix86+x86_64 1.0 11.00 57.00 68.00 NOTE
r-patched-linux-x86_64 1.0 3.56 38.42 41.98 NOTE
r-patched-solaris-sparc 1.0 513.60 NOTE
r-patched-solaris-x86 1.0 128.00 NOTE
r-release-linux-ix86 1.0 4.04 46.19 50.24 NOTE
r-release-linux-x86_64 1.0 3.43 38.36 41.78 NOTE
r-release-osx-x86_64-mavericks 1.0 NOTE
r-release-windows-ix86+x86_64 1.0 14.00 58.00 72.00 NOTE
r-oldrel-windows-ix86+x86_64 1.0 11.00 62.00 73.00 NOTE

Check Details

Version: 1.0
Check: dependencies in R code
Result: NOTE
    Packages in Depends field not imported from:
     ‘gbm’ ‘glmnet’ ‘randomForest’ ‘tree’
     These packages need to be imported from (in the NAMESPACE file)
     for when this namespace is loaded but not attached.
    See the information on DESCRIPTION files in the chapter ‘Creating R
    packages’ of the ‘Writing R Extensions’ manual.
Flavors: r-devel-linux-x86_64-debian-clang, r-devel-linux-x86_64-debian-gcc, r-devel-linux-x86_64-fedora-clang, r-devel-linux-x86_64-fedora-gcc, r-devel-osx-x86_64-clang, r-devel-windows-ix86+x86_64, r-patched-linux-x86_64, r-patched-solaris-sparc, r-patched-solaris-x86, r-release-linux-ix86, r-release-linux-x86_64, r-release-osx-x86_64-mavericks, r-release-windows-ix86+x86_64, r-oldrel-windows-ix86+x86_64

Version: 1.0
Check: R code for possible problems
Result: NOTE
    LDCAEst: no visible global function definition for ‘glmnet’
    cv.LDCA: no visible global function definition for ‘cv.glmnet’
    tsp.gbm: no visible global function definition for ‘gbm.fit’
    tsp.randomForest: no visible global function definition for
     ‘randomForest’
    tsp.tree: no visible global function definition for ‘tree.control’
    tsp.tree: no visible global function definition for ‘tree’
Flavors: r-devel-linux-x86_64-debian-clang, r-devel-linux-x86_64-debian-gcc, r-devel-linux-x86_64-fedora-clang, r-devel-linux-x86_64-fedora-gcc, r-devel-osx-x86_64-clang, r-devel-windows-ix86+x86_64, r-patched-linux-x86_64, r-patched-solaris-sparc, r-patched-solaris-x86, r-release-linux-ix86, r-release-linux-x86_64, r-release-windows-ix86+x86_64

Version: 1.0
Check: Rd line widths
Result: NOTE
    Rd file 'predict.LDCA.Rd':
     \usage lines wider than 90 characters:
     predict(object, newx, s = NULL, type = c("link", "response", "coefficients", "nonzero", "class"), exact = FALSE, offset, ...)
    
    Rd file 'predict.tsp.randomForest.Rd':
     \usage lines wider than 90 characters:
     predict(object, newdata, type = "response", norm.votes = TRUE, predict.all = FALSE, proximity = FALSE, nodes = FALSE, cutoff, ...)
    
    Rd file 'predict.tsp.tree.Rd':
     \usage lines wider than 90 characters:
     predict(object, newdata, type = c("vector", "tree", "class", "where"), split = FALSE, nwts, eps = 0.001, ...)
    
    Rd file 'tsp.gbm.Rd':
     \usage lines wider than 90 characters:
     tsp.gbm(x, y, offset = NULL, misc = NULL, distribution = "bernoulli", w = NULL, var.monotone = NULL, n.trees = 100, interaction.depth = ... [TRUNCATED]
    
    Rd file 'tsp.randomForest.Rd':
     \usage lines wider than 90 characters:
     tsp.randomForest(x, y = NULL, xtest = NULL, ytest = NULL, ntree = 500, type = "classification", mtry = if (!is.null(y) && !is.factor(y) ... [TRUNCATED]
    
    Rd file 'tsp.tree.Rd':
     \usage lines wider than 90 characters:
     tsp.tree(X, response, control = tree.control(dim(X)[1], ...), method = "recursive.partition", split = c("deviance", "gini"), x = FALSE, ... [TRUNCATED]
    
    These lines will be truncated in the PDF manual.
Flavors: r-devel-linux-x86_64-debian-clang, r-devel-linux-x86_64-debian-gcc, r-devel-linux-x86_64-fedora-clang, r-devel-linux-x86_64-fedora-gcc, r-patched-linux-x86_64, r-release-linux-x86_64