Last updated on 2022-05-25 14:52:47 CEST.
Flavor | Version | Tinstall | Tcheck | Ttotal | Status | Flags |
---|---|---|---|---|---|---|
r-devel-linux-x86_64-debian-clang | 1.1.0 | 112.72 | 356.00 | 468.72 | OK | |
r-devel-linux-x86_64-debian-gcc | 1.1.0 | 87.27 | 249.94 | 337.21 | OK | |
r-devel-linux-x86_64-fedora-clang | 1.1.0 | 574.28 | NOTE | |||
r-devel-linux-x86_64-fedora-gcc | 1.1.0 | 577.32 | OK | |||
r-devel-windows-x86_64 | 1.1.0 | 87.00 | 390.00 | 477.00 | OK | |
r-patched-linux-x86_64 | 1.1.0 | 91.54 | 337.19 | 428.73 | OK | |
r-release-linux-x86_64 | 1.1.0 | OK | ||||
r-release-macos-arm64 | 1.1.0 | 175.00 | NOTE | |||
r-release-macos-x86_64 | 1.1.0 | 181.00 | NOTE | |||
r-release-windows-x86_64 | 1.1.0 | 89.00 | 380.00 | 469.00 | OK | |
r-oldrel-macos-arm64 | 1.1.0 | 161.00 | NOTE | |||
r-oldrel-macos-x86_64 | 1.1.0 | 176.00 | NOTE | |||
r-oldrel-windows-ix86+x86_64 | 1.1.0 | 211.00 | 405.00 | 616.00 | OK |
Version: 1.1.0
Check: installed package size
Result: NOTE
installed size is 16.1Mb
sub-directories of 1Mb or more:
doc 1.2Mb
libs 14.3Mb
Flavors: r-devel-linux-x86_64-fedora-clang, r-release-macos-arm64, r-release-macos-x86_64, r-oldrel-macos-arm64, r-oldrel-macos-x86_64