CRAN Package Check Results for Package BinNonNor

Last updated on 2020-10-01 03:48:28 CEST.

Flavor Version Tinstall Tcheck Ttotal Status Flags
r-devel-linux-x86_64-debian-clang 1.5.2 7.93 63.90 71.83 OK
r-devel-linux-x86_64-debian-gcc 1.5.2 0.28 1.90 2.18 ERROR
r-devel-linux-x86_64-fedora-clang 1.5.2 94.27 OK
r-devel-linux-x86_64-fedora-gcc 1.5.2 89.51 OK
r-devel-windows-ix86+x86_64 1.5.2 17.00 82.00 99.00 OK
r-patched-linux-x86_64 1.5.2 8.21 59.49 67.70 OK
r-patched-solaris-x86 1.5.2 129.30 OK
r-release-linux-x86_64 1.5.2 7.70 60.28 67.98 OK
r-release-macos-x86_64 1.5.2 OK
r-release-windows-ix86+x86_64 1.5.2 25.00 84.00 109.00 OK
r-oldrel-macos-x86_64 1.5.2 OK
r-oldrel-windows-ix86+x86_64 1.5.2 15.00 83.00 98.00 OK

Check Details

Version: 1.5.2
Check: whether package can be installed
Result: ERROR
    Installation failed.
Flavor: r-devel-linux-x86_64-debian-gcc