CRAN Package Check Results for Package BinNor

Last updated on 2015-07-31 08:49:49.

Flavor Version Tinstall Tcheck Ttotal Status Flags
r-devel-linux-x86_64-debian-clang 2.0 2.64 31.98 34.62 NOTE
r-devel-linux-x86_64-debian-gcc 2.0 3.51 30.64 34.15 NOTE
r-devel-linux-x86_64-fedora-clang 2.0 70.87 NOTE
r-devel-linux-x86_64-fedora-gcc 2.0 68.50 NOTE
r-devel-osx-x86_64-clang 2.0 58.72 NOTE
r-devel-windows-ix86+x86_64 2.0 10.00 49.00 59.00 NOTE
r-patched-linux-x86_64 2.0 2.57 31.34 33.91 NOTE
r-patched-solaris-sparc 2.0 437.80 NOTE
r-patched-solaris-x86 2.0 95.20 NOTE
r-release-linux-x86_64 2.0 2.84 31.62 34.46 NOTE
r-release-osx-x86_64-mavericks 2.0 NOTE
r-release-windows-ix86+x86_64 2.0 10.00 47.00 57.00 NOTE
r-oldrel-windows-ix86+x86_64 2.0 11.00 70.00 81.00 OK

Check Details

Version: 2.0
Check: DESCRIPTION meta-information
Result: NOTE
    Malformed Title field: should not end in a period.
Flavors: r-devel-linux-x86_64-debian-clang, r-devel-linux-x86_64-debian-gcc, r-devel-linux-x86_64-fedora-clang, r-devel-linux-x86_64-fedora-gcc, r-devel-osx-x86_64-clang, r-devel-windows-ix86+x86_64, r-patched-linux-x86_64, r-patched-solaris-sparc, r-patched-solaris-x86, r-release-linux-x86_64, r-release-osx-x86_64-mavericks, r-release-windows-ix86+x86_64

Version: 2.0
Check: R code for possible problems
Result: NOTE
    compute.sigma.star: no visible global function definition for ‘dnorm’
    compute.sigma.star: no visible global function definition for ‘qnorm’
    jointly.generate.binary.normal: no visible global function definition
     for ‘qnorm’
    simulation: no visible global function definition for ‘runif’
    simulation: no visible binding for global variable ‘var’
    simulation: no visible global function definition for ‘cor’
    validation.range: no visible global function definition for ‘dnorm’
    validation.range: no visible global function definition for ‘qnorm’
    Undefined global functions or variables:
     cor dnorm qnorm runif var
    Consider adding
     importFrom("stats", "cor", "dnorm", "qnorm", "runif", "var")
    to your NAMESPACE.
Flavors: r-devel-linux-x86_64-debian-clang, r-devel-linux-x86_64-debian-gcc, r-devel-linux-x86_64-fedora-clang, r-devel-linux-x86_64-fedora-gcc, r-devel-windows-ix86+x86_64