CRAN Package Check Results for Package BinNor

Last updated on 2015-09-02 19:47:25.

Flavor Version Tinstall Tcheck Ttotal Status Flags
r-devel-linux-x86_64-debian-clang 2.0 2.60 29.72 32.32 NOTE
r-devel-linux-x86_64-debian-gcc 2.0 2.42 29.32 31.74 NOTE
r-devel-linux-x86_64-fedora-clang 2.0 67.85 NOTE
r-devel-linux-x86_64-fedora-gcc 2.0 64.81 NOTE
r-devel-osx-x86_64-clang 2.0 56.12 NOTE
r-devel-windows-ix86+x86_64 2.0 11.00 59.00 70.00 NOTE
r-patched-linux-x86_64 2.0 2.73 31.76 34.49 NOTE
r-patched-solaris-sparc 2.0 437.80 NOTE
r-patched-solaris-x86 2.0 96.40 NOTE
r-release-linux-x86_64 2.0 3.02 31.30 34.32 NOTE
r-release-osx-x86_64-mavericks 2.0 NOTE
r-release-windows-ix86+x86_64 2.0 10.00 73.00 83.00 NOTE
r-oldrel-windows-ix86+x86_64 2.0 14.00 88.00 102.00 OK

Check Details

Version: 2.0
Check: DESCRIPTION meta-information
Result: NOTE
    Malformed Title field: should not end in a period.
Flavors: r-devel-linux-x86_64-debian-clang, r-devel-linux-x86_64-debian-gcc, r-devel-linux-x86_64-fedora-clang, r-devel-linux-x86_64-fedora-gcc, r-devel-osx-x86_64-clang, r-devel-windows-ix86+x86_64, r-patched-linux-x86_64, r-patched-solaris-sparc, r-patched-solaris-x86, r-release-linux-x86_64, r-release-osx-x86_64-mavericks, r-release-windows-ix86+x86_64

Version: 2.0
Check: R code for possible problems
Result: NOTE
    compute.sigma.star: no visible global function definition for ‘dnorm’
    compute.sigma.star: no visible global function definition for ‘qnorm’
    jointly.generate.binary.normal: no visible global function definition
     for ‘qnorm’
    simulation: no visible global function definition for ‘runif’
    simulation: no visible binding for global variable ‘var’
    simulation: no visible global function definition for ‘cor’
    validation.range: no visible global function definition for ‘dnorm’
    validation.range: no visible global function definition for ‘qnorm’
    Undefined global functions or variables:
     cor dnorm qnorm runif var
    Consider adding
     importFrom("stats", "cor", "dnorm", "qnorm", "runif", "var")
    to your NAMESPACE.
Flavors: r-devel-linux-x86_64-debian-clang, r-devel-linux-x86_64-debian-gcc, r-devel-linux-x86_64-fedora-clang, r-devel-linux-x86_64-fedora-gcc, r-devel-windows-ix86+x86_64