CRAN Package Check Results for Package BinNor

Last updated on 2016-06-01 06:48:50.

Flavor Version Tinstall Tcheck Ttotal Status Flags
r-devel-linux-x86_64-debian-gcc 2.1 2.89 31.81 34.70 OK
r-devel-linux-x86_64-fedora-clang 2.1 40.49 OK
r-devel-linux-x86_64-fedora-gcc 2.1 43.66 OK
r-devel-osx-x86_64-clang 2.1 72.34 OK
r-devel-windows-ix86+x86_64 2.1 9.00 72.00 81.00 OK
r-patched-linux-x86_64 2.1 2.83 30.37 33.20 OK
r-patched-solaris-sparc 2.1 367.10 OK
r-patched-solaris-x86 2.1 77.80 OK
r-release-linux-x86_64 2.0 2.57 29.64 32.21 NOTE
r-release-osx-x86_64-mavericks 2.1 OK
r-release-windows-ix86+x86_64 2.1 9.00 59.00 68.00 OK
r-oldrel-windows-ix86+x86_64 2.1 8.00 57.00 65.00 OK

Check Details

Version: 2.0
Check: DESCRIPTION meta-information
Result: NOTE
    Malformed Title field: should not end in a period.
Flavor: r-release-linux-x86_64

Version: 2.0
Check: R code for possible problems
Result: NOTE
    compute.sigma.star: no visible global function definition for ‘dnorm’
    compute.sigma.star: no visible global function definition for ‘qnorm’
    jointly.generate.binary.normal: no visible global function definition
     for ‘qnorm’
    simulation: no visible global function definition for ‘runif’
    simulation: no visible binding for global variable ‘var’
    simulation: no visible global function definition for ‘cor’
    validation.range: no visible global function definition for ‘dnorm’
    validation.range: no visible global function definition for ‘qnorm’
    Undefined global functions or variables:
     cor dnorm qnorm runif var
    Consider adding
     importFrom("stats", "cor", "dnorm", "qnorm", "runif", "var")
    to your NAMESPACE file.
Flavor: r-release-linux-x86_64