CRAN Package Check Results for Package BinNor

Last updated on 2015-05-25 18:46:50.

Flavor Version Tinstall Tcheck Ttotal Status Flags
r-devel-linux-x86_64-debian-clang 2.0 2.63 31.83 34.46 NOTE
r-devel-linux-x86_64-debian-gcc 2.0 2.60 31.14 33.74 NOTE
r-devel-linux-x86_64-fedora-clang 2.0 73.46 NOTE
r-devel-linux-x86_64-fedora-gcc 2.0 70.93 NOTE
r-devel-osx-x86_64-clang 2.0 64.01 NOTE
r-devel-windows-ix86+x86_64 2.0 6.00 50.00 56.00 NOTE
r-patched-linux-x86_64 2.0 2.54 30.85 33.39 NOTE
r-patched-solaris-sparc 2.0 422.80 NOTE
r-patched-solaris-x86 2.0 97.40 NOTE
r-release-linux-x86_64 2.0 2.56 32.07 34.63 NOTE
r-release-osx-x86_64-mavericks 2.0 NOTE
r-release-osx-x86_64-snowleopard 2.0 NOTE
r-release-windows-ix86+x86_64 2.0 8.00 47.00 55.00 NOTE
r-oldrel-windows-ix86+x86_64 2.0 12.00 57.00 69.00 OK

Check Details

Version: 2.0
Check: DESCRIPTION meta-information
Result: NOTE
    Malformed Title field: should not end in a period.
Flavors: r-devel-linux-x86_64-debian-clang, r-devel-linux-x86_64-debian-gcc, r-devel-linux-x86_64-fedora-clang, r-devel-linux-x86_64-fedora-gcc, r-devel-osx-x86_64-clang, r-devel-windows-ix86+x86_64, r-patched-linux-x86_64, r-patched-solaris-sparc, r-patched-solaris-x86, r-release-linux-x86_64, r-release-osx-x86_64-mavericks, r-release-osx-x86_64-snowleopard, r-release-windows-ix86+x86_64