CRAN Package Check Results for Package BinNor

Last updated on 2015-03-04 23:47:13.

Flavor Version Tinstall Tcheck Ttotal Status Flags
r-devel-linux-x86_64-debian-clang 2.0 2.64 32.32 34.96 NOTE
r-devel-linux-x86_64-debian-gcc 2.0 2.51 30.74 33.25 NOTE
r-devel-linux-x86_64-fedora-clang 2.0 72.37 NOTE
r-devel-linux-x86_64-fedora-gcc 2.0 68.15 NOTE
r-devel-osx-x86_64-clang 2.0 63.01 NOTE
r-devel-windows-ix86+x86_64 2.0 8.00 47.00 55.00 NOTE
r-patched-linux-x86_64 2.0 3.40 40.50 43.90 OK
r-patched-solaris-sparc 2.0 566.60 OK
r-patched-solaris-x86 2.0 133.00 OK
r-release-linux-ix86 2.0 4.10 47.67 51.77 OK
r-release-linux-x86_64 2.0 3.53 39.94 43.47 OK
r-release-osx-x86_64-mavericks 2.0 OK
r-release-windows-ix86+x86_64 2.0 11.00 59.00 70.00 OK
r-oldrel-windows-ix86+x86_64 2.0 9.00 56.00 65.00 OK

Check Details

Version: 2.0
Check: DESCRIPTION meta-information
Result: NOTE
    Malformed Title field: should not end in a period.
Flavors: r-devel-linux-x86_64-debian-clang, r-devel-linux-x86_64-debian-gcc, r-devel-linux-x86_64-fedora-clang, r-devel-linux-x86_64-fedora-gcc, r-devel-osx-x86_64-clang, r-devel-windows-ix86+x86_64