CRAN Package Check Results for Package BinNor

Last updated on 2016-02-09 06:49:39.

Flavor Version Tinstall Tcheck Ttotal Status Flags
r-devel-linux-x86_64-debian-gcc 2.0 4.59 29.36 33.95 NOTE
r-devel-linux-x86_64-fedora-clang 2.0 64.47 NOTE
r-devel-linux-x86_64-fedora-gcc 2.0 61.21 NOTE
r-devel-osx-x86_64-clang 2.0 66.64 NOTE
r-devel-windows-ix86+x86_64 2.0 9.00 69.00 78.00 NOTE
r-patched-linux-x86_64 2.0 2.82 31.56 34.38 NOTE
r-patched-solaris-sparc 2.0 411.40 NOTE
r-patched-solaris-x86 2.0 87.60 NOTE
r-release-linux-x86_64 2.0 3.26 32.78 36.03 NOTE
r-release-osx-x86_64-mavericks 2.0 NOTE
r-release-windows-ix86+x86_64 2.0 9.00 76.00 85.00 NOTE
r-oldrel-windows-ix86+x86_64 2.0 15.00 79.00 94.00 OK

Check Details

Version: 2.0
Check: DESCRIPTION meta-information
Result: NOTE
    Malformed Title field: should not end in a period.
Flavors: r-devel-linux-x86_64-debian-gcc, r-devel-linux-x86_64-fedora-clang, r-devel-linux-x86_64-fedora-gcc, r-devel-osx-x86_64-clang, r-devel-windows-ix86+x86_64, r-patched-linux-x86_64, r-patched-solaris-sparc, r-patched-solaris-x86, r-release-linux-x86_64, r-release-osx-x86_64-mavericks, r-release-windows-ix86+x86_64

Version: 2.0
Check: R code for possible problems
Result: NOTE
    compute.sigma.star: no visible global function definition for ‘dnorm’
    compute.sigma.star: no visible global function definition for ‘qnorm’
    jointly.generate.binary.normal: no visible global function definition
     for ‘qnorm’
    simulation: no visible global function definition for ‘runif’
    simulation: no visible binding for global variable ‘var’
    simulation: no visible global function definition for ‘cor’
    validation.range: no visible global function definition for ‘dnorm’
    validation.range: no visible global function definition for ‘qnorm’
    Undefined global functions or variables:
     cor dnorm qnorm runif var
    Consider adding
     importFrom("stats", "cor", "dnorm", "qnorm", "runif", "var")
    to your NAMESPACE file.
Flavors: r-devel-linux-x86_64-debian-gcc, r-devel-linux-x86_64-fedora-clang, r-devel-linux-x86_64-fedora-gcc, r-devel-osx-x86_64-clang, r-devel-windows-ix86+x86_64