CRAN Package Check Results for Package BinNor

Last updated on 2016-05-02 11:47:40.

Flavor Version Tinstall Tcheck Ttotal Status Flags
r-devel-linux-x86_64-debian-gcc 2.0 2.44 29.79 32.23 NOTE
r-devel-linux-x86_64-fedora-clang 2.0 65.01 NOTE
r-devel-linux-x86_64-fedora-gcc 2.0 60.16 NOTE
r-devel-osx-x86_64-clang 2.0 67.76 NOTE
r-devel-windows-ix86+x86_64 2.0 8.00 57.00 65.00 NOTE
r-patched-linux-x86_64 2.0 2.62 29.70 32.33 NOTE
r-patched-solaris-sparc 2.0 382.70 NOTE
r-patched-solaris-x86 2.0 85.30 NOTE
r-release-linux-x86_64 2.0 2.99 32.50 35.49 NOTE
r-release-osx-x86_64-mavericks 2.0 NOTE
r-release-windows-ix86+x86_64 2.0 12.00 73.00 85.00 NOTE
r-oldrel-windows-ix86+x86_64 2.0 15.00 89.00 104.00 OK

Check Details

Version: 2.0
Check: DESCRIPTION meta-information
Result: NOTE
    Malformed Title field: should not end in a period.
Flavors: r-devel-linux-x86_64-debian-gcc, r-devel-linux-x86_64-fedora-clang, r-devel-linux-x86_64-fedora-gcc, r-devel-osx-x86_64-clang, r-devel-windows-ix86+x86_64, r-patched-linux-x86_64, r-patched-solaris-sparc, r-patched-solaris-x86, r-release-linux-x86_64, r-release-osx-x86_64-mavericks, r-release-windows-ix86+x86_64

Version: 2.0
Check: R code for possible problems
Result: NOTE
    compute.sigma.star: no visible global function definition for ‘dnorm’
    compute.sigma.star: no visible global function definition for ‘qnorm’
    jointly.generate.binary.normal: no visible global function definition
     for ‘qnorm’
    simulation: no visible global function definition for ‘runif’
    simulation: no visible binding for global variable ‘var’
    simulation: no visible global function definition for ‘cor’
    validation.range: no visible global function definition for ‘dnorm’
    validation.range: no visible global function definition for ‘qnorm’
    Undefined global functions or variables:
     cor dnorm qnorm runif var
    Consider adding
     importFrom("stats", "cor", "dnorm", "qnorm", "runif", "var")
    to your NAMESPACE file.
Flavors: r-devel-linux-x86_64-debian-gcc, r-devel-linux-x86_64-fedora-clang, r-devel-linux-x86_64-fedora-gcc, r-devel-osx-x86_64-clang, r-devel-windows-ix86+x86_64, r-patched-linux-x86_64, r-patched-solaris-sparc, r-patched-solaris-x86