CRAN Package Check Results for Package BinNor

Last updated on 2014-04-24 15:50:34.

Flavor Version Tinstall Tcheck Ttotal Status Flags
r-devel-linux-x86_64-debian-clang 2.0 3.51 41.49 45.00 OK
r-devel-linux-x86_64-debian-gcc 2.0 3.50 40.20 43.69 OK
r-devel-linux-x86_64-fedora-clang 2.0 100.73 OK
r-devel-linux-x86_64-fedora-gcc 2.0 97.41 OK
r-devel-osx-x86_64-clang 2.0 81.99 OK
r-devel-osx-x86_64-gcc 2.0 OK
r-devel-windows-ix86+x86_64 2.0 9.00 53.00 62.00 OK
r-patched-linux-x86_64 2.0 3.53 39.80 43.33 OK
r-patched-solaris-sparc 2.0 523.00 OK
r-patched-solaris-x86 2.0 128.00 OK
r-release-linux-ix86 2.0 5.00 65.00 70.00 OK
r-release-linux-x86_64 2.0 3.48 39.92 43.40 OK
r-release-osx-x86_64-mavericks 2.0 WARN
r-release-windows-ix86+x86_64 2.0 9.00 60.00 69.00 OK
r-oldrel-windows-ix86+x86_64 2.0 10.00 52.00 62.00 OK

Check Details

Version: 2.0
Check: PDF version of manual
Result: WARNING
    LaTeX errors when creating PDF version.
    This typically indicates Rd problems.
    LaTeX errors found:
    ! LaTeX Error: File `upquote.sty' not found.
    
    Type X to quit or <RETURN> to proceed,
    or enter new name. (Default extension: sty)
    
    ee221b/Rd2.tex:8: ==> Fatal error occurred, no output PDF file produced!
Flavor: r-release-osx-x86_64-mavericks