CRAN Package Check Results for Package BinaryEMVS

Last updated on 2022-08-08 17:52:46 CEST.

Flavor Version Tinstall Tcheck Ttotal Status Flags
r-devel-linux-x86_64-debian-clang 0.1 2.20 43.73 45.93 NOTE
r-devel-linux-x86_64-debian-gcc 0.1 1.75 33.86 35.61 NOTE
r-devel-linux-x86_64-fedora-clang 0.1 68.89 NOTE
r-devel-linux-x86_64-fedora-gcc 0.1 67.91 NOTE
r-devel-windows-x86_64 0.1 10.00 72.00 82.00 NOTE
r-patched-linux-x86_64 0.1 2.32 44.79 47.11 NOTE
r-release-linux-x86_64 0.1 NOTE
r-release-macos-arm64 0.1 24.00 NOTE
r-release-macos-x86_64 0.1 36.00 NOTE
r-release-windows-x86_64 0.1 5.00 137.00 142.00 NOTE
r-oldrel-macos-arm64 0.1 27.00 NOTE
r-oldrel-macos-x86_64 0.1 49.00 NOTE
r-oldrel-windows-ix86+x86_64 0.1 5.00 66.00 71.00 NOTE

Check Details

Version: 0.1
Check: LazyData
Result: NOTE
     'LazyData' is specified without a 'data' directory
Flavors: r-devel-linux-x86_64-debian-clang, r-devel-linux-x86_64-debian-gcc, r-devel-linux-x86_64-fedora-clang, r-devel-linux-x86_64-fedora-gcc, r-devel-windows-x86_64, r-patched-linux-x86_64, r-release-linux-x86_64, r-release-macos-arm64, r-release-macos-x86_64, r-release-windows-x86_64, r-oldrel-macos-arm64, r-oldrel-macos-x86_64, r-oldrel-windows-ix86+x86_64