CRAN Package Check Results for Package BioCircos

Last updated on 2019-07-18 15:47:20 CEST.

Flavor Version Tinstall Tcheck Ttotal Status Flags
r-devel-linux-x86_64-debian-clang 0.3.4 2.78 32.68 35.46 OK
r-devel-linux-x86_64-debian-gcc 0.3.4 2.13 26.70 28.83 OK
r-devel-linux-x86_64-fedora-clang 0.3.4 42.21 OK
r-devel-linux-x86_64-fedora-gcc 0.3.4 40.47 OK
r-devel-windows-ix86+x86_64 0.3.4 10.00 68.00 78.00 OK
r-patched-linux-x86_64 0.3.4 2.76 32.76 35.52 OK
r-patched-solaris-x86 0.3.4 58.50 WARN
r-release-linux-x86_64 0.3.4 2.20 32.27 34.47 OK
r-release-windows-ix86+x86_64 0.3.4 7.00 48.00 55.00 OK
r-release-osx-x86_64 0.3.4 WARN
r-oldrel-windows-ix86+x86_64 0.3.4 4.00 46.00 50.00 OK
r-oldrel-osx-x86_64 0.3.4 WARN

Check Details

Version: 0.3.4
Check: re-building of vignette outputs
Result: WARN
    Error(s) in re-building vignettes:
     ...
    --- re-building ‘BioCircos.Rmd’ using rmarkdown
    Warning in engine$weave(file, quiet = quiet, encoding = enc) :
     Pandoc (>= 1.12.3) and/or pandoc-citeproc not available. Falling back to R Markdown v1.
    Quitting from lines 64-67 (BioCircos.Rmd)
    Error: processing vignette 'BioCircos.Rmd' failed with diagnostics:
    there is no package called 'webshot'
    --- failed re-building ‘BioCircos.Rmd’
    
    SUMMARY: processing the following file failed:
     ‘BioCircos.Rmd’
    
    Error: Vignette re-building failed.
    Execution halted
Flavor: r-patched-solaris-x86

Version: 0.3.4
Check: re-building of vignette outputs
Result: WARN
    Error(s) in re-building vignettes:
     ...
    --- re-building ‘BioCircos.Rmd’ using rmarkdown
    Warning in engine$weave(file, quiet = quiet, encoding = enc) :
     Pandoc (>= 1.12.3) and/or pandoc-citeproc not available. Falling back to R Markdown v1.
    Quitting from lines 64-67 (BioCircos.Rmd)
    Error: processing vignette 'BioCircos.Rmd' failed with diagnostics:
    cannot open the connection
    --- failed re-building ‘BioCircos.Rmd’
    
    SUMMARY: processing the following file failed:
     ‘BioCircos.Rmd’
    
    Error: Vignette re-building failed.
    Execution halted
Flavor: r-release-osx-x86_64

Version: 0.3.4
Check: re-building of vignette outputs
Result: WARN
    Error in re-building vignettes:
     ...
    Warning in engine$weave(file, quiet = quiet, encoding = enc) :
     Pandoc (>= 1.12.3) and/or pandoc-citeproc not available. Falling back to R Markdown v1.
    Quitting from lines 64-67 (BioCircos.Rmd)
    Error: processing vignette 'BioCircos.Rmd' failed with diagnostics:
    cannot open the connection
    Execution halted
Flavor: r-oldrel-osx-x86_64