CRAN Package Check Results for Package BioCircos

Last updated on 2020-05-28 17:50:01 CEST.

Flavor Version Tinstall Tcheck Ttotal Status Flags
r-devel-linux-x86_64-debian-clang 0.3.4 3.55 35.88 39.43 OK
r-devel-linux-x86_64-debian-gcc 0.3.4 2.68 28.32 31.00 OK
r-devel-linux-x86_64-fedora-clang 0.3.4 50.39 OK
r-devel-linux-x86_64-fedora-gcc 0.3.4 46.67 OK
r-devel-windows-ix86+x86_64 0.3.4 11.00 68.00 79.00 OK
r-patched-linux-x86_64 0.3.4 3.52 35.55 39.07 OK
r-patched-solaris-x86 0.3.4 66.00 WARN
r-release-linux-x86_64 0.3.4 3.61 35.74 39.35 OK
r-release-osx-x86_64 0.3.4 OK
r-release-windows-ix86+x86_64 0.3.4 9.00 55.00 64.00 OK
r-oldrel-osx-x86_64 0.3.4 WARN
r-oldrel-windows-ix86+x86_64 0.3.4 10.00 54.00 64.00 OK

Check Details

Version: 0.3.4
Check: re-building of vignette outputs
Result: WARN
    Error(s) in re-building vignettes:
     ...
    --- re-building ‘BioCircos.Rmd’ using rmarkdown
    Warning in engine$weave(file, quiet = quiet, encoding = enc) :
     Pandoc (>= 1.12.3) and/or pandoc-citeproc not available. Falling back to R Markdown v1.
    Quitting from lines 64-67 (BioCircos.Rmd)
    Error: processing vignette 'BioCircos.Rmd' failed with diagnostics:
    there is no package called 'webshot'
    --- failed re-building ‘BioCircos.Rmd’
    
    SUMMARY: processing the following file failed:
     ‘BioCircos.Rmd’
    
    Error: Vignette re-building failed.
    Execution halted
Flavor: r-patched-solaris-x86

Version: 0.3.4
Check: re-building of vignette outputs
Result: WARN
    Error(s) in re-building vignettes:
     ...
    --- re-building ‘BioCircos.Rmd’ using rmarkdown
    Warning in engine$weave(file, quiet = quiet, encoding = enc) :
     Pandoc (>= 1.12.3) and/or pandoc-citeproc not available. Falling back to R Markdown v1.
    Quitting from lines 64-67 (BioCircos.Rmd)
    Error: processing vignette 'BioCircos.Rmd' failed with diagnostics:
    cannot open the connection
    --- failed re-building ‘BioCircos.Rmd’
    
    SUMMARY: processing the following file failed:
     ‘BioCircos.Rmd’
    
    Error: Vignette re-building failed.
    Execution halted
Flavor: r-oldrel-osx-x86_64