CRAN Package Check Results for Package BioFTF

Last updated on 2019-08-21 22:48:35 CEST.

Flavor Version Tinstall Tcheck Ttotal Status Flags
r-devel-linux-x86_64-debian-clang 1.2-0 3.60 22.68 26.28 NOTE
r-devel-linux-x86_64-debian-gcc 1.2-0 NOTE
r-devel-linux-x86_64-fedora-clang 1.2-0 31.86 NOTE
r-devel-linux-x86_64-fedora-gcc 1.2-0 31.00 NOTE
r-devel-windows-ix86+x86_64 1.2-0 9.00 45.00 54.00 NOTE
r-patched-linux-x86_64 1.2-0 2.56 22.76 25.32 NOTE
r-patched-solaris-x86 1.2-0 45.00 NOTE
r-release-linux-x86_64 1.2-0 3.23 22.63 25.86 NOTE
r-release-windows-ix86+x86_64 1.2-0 5.00 32.00 37.00 NOTE
r-release-osx-x86_64 1.2-0 NOTE
r-oldrel-windows-ix86+x86_64 1.2-0 7.00 48.00 55.00 NOTE
r-oldrel-osx-x86_64 1.2-0 NOTE

Check Details

Version: 1.2-0
Check: DESCRIPTION meta-information
Result: NOTE
    BugReports field is not a suitable URL but appears to contain an email address
     not specified by mailto: nor contained in < >
Flavors: r-devel-linux-x86_64-debian-clang, r-devel-linux-x86_64-debian-gcc, r-devel-linux-x86_64-fedora-clang, r-devel-linux-x86_64-fedora-gcc, r-devel-windows-ix86+x86_64, r-patched-linux-x86_64, r-patched-solaris-x86, r-release-linux-x86_64, r-release-windows-ix86+x86_64, r-release-osx-x86_64, r-oldrel-windows-ix86+x86_64, r-oldrel-osx-x86_64

Version: 1.2-0
Check: for non-standard things in the check directory
Result: NOTE
    Found the following files/directories:
     'Plots.pdf'
Flavors: r-devel-linux-x86_64-debian-clang, r-devel-linux-x86_64-debian-gcc, r-devel-linux-x86_64-fedora-clang, r-devel-linux-x86_64-fedora-gcc