CRAN Package Check Results for Package BioFTF

Last updated on 2019-05-25 13:46:47 CEST.

Flavor Version Tinstall Tcheck Ttotal Status Flags
r-devel-linux-x86_64-debian-clang 1.2-0 2.82 22.52 25.34 NOTE
r-devel-linux-x86_64-debian-gcc 1.2-0 2.40 17.88 20.28 NOTE
r-devel-linux-x86_64-fedora-clang 1.2-0 33.20 NOTE
r-devel-linux-x86_64-fedora-gcc 1.2-0 30.91 NOTE
r-devel-windows-ix86+x86_64 1.2-0 5.00 49.00 54.00 NOTE
r-patched-linux-x86_64 1.2-0 NOTE
r-patched-solaris-x86 1.2-0 43.40 NOTE
r-release-linux-x86_64 1.2-0 3.17 22.48 25.65 NOTE
r-release-windows-ix86+x86_64 1.2-0 9.00 33.00 42.00 NOTE
r-release-osx-x86_64 1.2-0 NOTE
r-oldrel-windows-ix86+x86_64 1.2-0 5.00 31.00 36.00 NOTE
r-oldrel-osx-x86_64 1.2-0 NOTE

Check Details

Version: 1.2-0
Check: DESCRIPTION meta-information
Result: NOTE
    BugReports field is not a suitable URL but appears to contain an email address
     not specified by mailto: nor contained in < >
Flavors: r-devel-linux-x86_64-debian-clang, r-devel-linux-x86_64-debian-gcc, r-devel-linux-x86_64-fedora-clang, r-devel-linux-x86_64-fedora-gcc, r-devel-windows-ix86+x86_64, r-patched-linux-x86_64, r-patched-solaris-x86, r-release-linux-x86_64, r-release-windows-ix86+x86_64, r-release-osx-x86_64, r-oldrel-windows-ix86+x86_64, r-oldrel-osx-x86_64