CRAN Package Check Results for Package BioGeoBEARS

Last updated on 2014-08-02 03:50:50.

Flavor Version Tinstall Tcheck Ttotal Status Flags
r-devel-linux-x86_64-debian-clang 0.2.1 13.45 79.78 93.22 NOTE
r-devel-linux-x86_64-debian-gcc 0.2.1 13.15 79.30 92.45 NOTE
r-devel-linux-x86_64-fedora-clang 0.2.1 196.24 NOTE
r-devel-linux-x86_64-fedora-gcc 0.2.1 185.49 NOTE
r-devel-osx-x86_64-clang 0.2.1 159.17 NOTE
r-devel-windows-ix86+x86_64 0.2.1 28.00 121.00 149.00 NOTE
r-patched-linux-x86_64 0.2.1 14.24 78.63 92.87 NOTE
r-patched-solaris-sparc 0.2.1 1099.50 NOTE
r-patched-solaris-x86 0.2.1 223.10 NOTE
r-release-linux-ix86 0.2.1 15.22 94.80 110.02 NOTE
r-release-linux-x86_64 0.2.1 14.51 82.56 97.07 NOTE
r-release-osx-x86_64-mavericks 0.2.1 NOTE
r-release-osx-x86_64-snowleopard 0.2.1 ERROR
r-release-windows-ix86+x86_64 0.2.1 42.00 161.00 203.00 NOTE
r-oldrel-windows-ix86+x86_64 0.2.1 31.00 163.00 194.00 NOTE

Check Details

Version: 0.2.1
Check: dependencies in R code
Result: NOTE
    'library' or 'require' calls to packages already attached by Depends:
     ape cladoRcpp phylobase rexpokit
     Please remove these calls from your code.
    Packages in Depends field not imported from:
     ape cladoRcpp methods phylobase rexpokit
     These packages need to be imported from (in the NAMESPACE file)
     for when this namespace is loaded but not attached.
    ':::' calls which should be '::':
     ape:::floating.pie.asp cladoRcpp:::areas_list_to_states_list_old
     See the note in ?`:::` about the use of this operator.
    See the information on DESCRIPTION files in the chapter Creating R
    packages of the Writing R Extensions manual.
Flavors: r-devel-linux-x86_64-debian-clang, r-devel-linux-x86_64-debian-gcc, r-devel-linux-x86_64-fedora-clang, r-devel-linux-x86_64-fedora-gcc, r-devel-osx-x86_64-clang, r-devel-windows-ix86+x86_64, r-patched-linux-x86_64, r-patched-solaris-sparc, r-patched-solaris-x86, r-release-linux-ix86, r-release-linux-x86_64, r-release-osx-x86_64-mavericks, r-release-windows-ix86+x86_64, r-oldrel-windows-ix86+x86_64

Version: 0.2.1
Check: package dependencies
Result: ERROR
    Package required but not available: phylobase
    
    See the information on DESCRIPTION files in the chapter Creating R
    packages of the Writing R Extensions manual.
Flavor: r-release-osx-x86_64-snowleopard