CRAN Package Check Results for Package BioMark

Last updated on 2015-05-23 09:48:18.

Flavor Version Tinstall Tcheck Ttotal Status Flags
r-devel-linux-x86_64-debian-clang 0.4.2 2.92 41.21 44.13 NOTE
r-devel-linux-x86_64-debian-gcc 0.4.2 2.81 41.23 44.04 NOTE
r-devel-linux-x86_64-fedora-clang 0.4.2 93.74 NOTE
r-devel-linux-x86_64-fedora-gcc 0.4.2 87.68 NOTE
r-devel-osx-x86_64-clang 0.4.2 78.21 NOTE
r-devel-windows-ix86+x86_64 0.4.2 8.00 58.00 66.00 OK
r-patched-linux-x86_64 0.4.2 2.81 39.91 42.72 NOTE
r-patched-solaris-sparc 0.4.2 541.20 NOTE
r-patched-solaris-x86 0.4.2 120.90 NOTE
r-release-linux-x86_64 0.4.2 2.84 40.48 43.32 NOTE
r-release-osx-x86_64-mavericks 0.4.2 OK
r-release-osx-x86_64-snowleopard 0.4.2 OK
r-release-windows-ix86+x86_64 0.4.2 8.00 64.00 72.00 OK
r-oldrel-windows-ix86+x86_64 0.4.2 13.00 79.00 92.00 OK

Check Details

Version: 0.4.2
Check: S3 generic/method consistency
Result: NOTE
    Found the following apparent S3 methods exported but not registered:
     ROC.default
    See section ‘Registering S3 methods’ in the ‘Writing R Extensions’
    manual.
Flavors: r-devel-linux-x86_64-debian-clang, r-devel-linux-x86_64-debian-gcc, r-devel-linux-x86_64-fedora-clang, r-devel-linux-x86_64-fedora-gcc, r-devel-osx-x86_64-clang, r-patched-linux-x86_64, r-patched-solaris-sparc, r-patched-solaris-x86, r-release-linux-x86_64