CRAN Package Check Results for Package BioMark

Last updated on 2015-04-27 14:46:39.

Flavor Version Tinstall Tcheck Ttotal Status Flags
r-devel-linux-x86_64-debian-clang 0.4.2 3.90 41.76 45.66 NOTE
r-devel-linux-x86_64-debian-gcc 0.4.2 2.81 40.20 43.01 NOTE
r-devel-linux-x86_64-fedora-clang 0.4.2 93.89 NOTE
r-devel-linux-x86_64-fedora-gcc 0.4.2 91.20 NOTE
r-devel-osx-x86_64-clang 0.4.2 75.16 NOTE
r-devel-windows-ix86+x86_64 0.4.2 8.00 65.00 73.00 OK
r-patched-linux-x86_64 0.4.2 3.48 40.04 43.51 NOTE
r-patched-solaris-sparc 0.4.2 543.80 OK
r-patched-solaris-x86 0.4.2 121.30 NOTE
r-release-linux-x86_64 0.4.2 2.84 41.04 43.89 NOTE
r-release-osx-x86_64-mavericks 0.4.2 OK
r-release-osx-x86_64-snowleopard 0.4.2 OK
r-release-windows-ix86+x86_64 0.4.2 11.00 83.00 94.00 OK
r-oldrel-windows-ix86+x86_64 0.4.2 11.00 76.00 87.00 OK

Check Details

Version: 0.4.2
Check: S3 generic/method consistency
Result: NOTE
    Found the following apparent S3 methods exported but not registered:
     ROC.default
    See section ‘Registering S3 methods’ in the ‘Writing R Extensions’
    manual.
Flavors: r-devel-linux-x86_64-debian-clang, r-devel-linux-x86_64-debian-gcc, r-devel-linux-x86_64-fedora-clang, r-devel-linux-x86_64-fedora-gcc, r-devel-osx-x86_64-clang, r-patched-solaris-x86, r-release-linux-x86_64