CRAN Package Check Results for Package BioMark

Last updated on 2015-03-03 11:49:12.

Flavor Version Tinstall Tcheck Ttotal Status Flags
r-devel-linux-x86_64-debian-clang 0.4.2 2.88 40.68 43.56 NOTE
r-devel-linux-x86_64-debian-gcc 0.4.2 2.94 40.63 43.58 NOTE
r-devel-linux-x86_64-fedora-clang 0.4.2 89.49 NOTE
r-devel-linux-x86_64-fedora-gcc 0.4.2 87.93 NOTE
r-devel-osx-x86_64-clang 0.4.2 76.25 NOTE
r-devel-windows-ix86+x86_64 0.4.2 13.00 79.00 92.00 OK
r-patched-linux-x86_64 0.4.2 3.95 54.43 58.38 OK
r-patched-solaris-sparc 0.4.2 715.50 OK
r-patched-solaris-x86 0.4.2 159.60 OK
r-release-linux-ix86 0.4.2 4.46 60.06 64.52 OK
r-release-linux-x86_64 0.4.2 4.00 52.56 56.56 OK
r-release-osx-x86_64-mavericks 0.4.2 OK
r-release-osx-x86_64-snowleopard 0.4.2 OK
r-release-windows-ix86+x86_64 0.4.2 18.00 109.00 127.00 OK
r-oldrel-windows-ix86+x86_64 0.4.2 13.00 76.00 89.00 OK

Check Details

Version: 0.4.2
Check: S3 generic/method consistency
Result: NOTE
    Found the following apparent S3 methods exported but not registered:
     ROC.default
    See section ‘Registering S3 methods’ in the ‘Writing R Extensions’
    manual.
Flavors: r-devel-linux-x86_64-debian-clang, r-devel-linux-x86_64-debian-gcc, r-devel-linux-x86_64-fedora-clang, r-devel-linux-x86_64-fedora-gcc, r-devel-osx-x86_64-clang