CRAN Package Check Results for Package BioMark

Last updated on 2015-01-31 13:48:18.

Flavor Version Tinstall Tcheck Ttotal Status Flags
r-devel-linux-x86_64-debian-clang 0.4.2 2.90 40.42 43.32 NOTE
r-devel-linux-x86_64-debian-gcc 0.4.2 2.78 39.16 41.94 NOTE
r-devel-linux-x86_64-fedora-clang 0.4.2 120.36 NOTE
r-devel-linux-x86_64-fedora-gcc 0.4.2 111.95 NOTE
r-devel-osx-x86_64-clang 0.4.2 102.74 NOTE
r-devel-windows-ix86+x86_64 0.4.2 12.00 57.00 69.00 OK
r-patched-linux-x86_64 0.4.2 3.79 52.16 55.95 OK
r-patched-solaris-sparc 0.4.2 694.90 OK
r-patched-solaris-x86 0.4.2 159.10 OK
r-release-linux-ix86 0.4.2 4.46 60.20 64.66 OK
r-release-linux-x86_64 0.4.2 3.62 50.99 54.62 OK
r-release-osx-x86_64-mavericks 0.4.2 OK
r-release-osx-x86_64-snowleopard 0.4.2 OK
r-release-windows-ix86+x86_64 0.4.2 12.00 78.00 90.00 OK
r-oldrel-windows-ix86+x86_64 0.4.2 11.00 70.00 81.00 OK

Check Details

Version: 0.4.2
Check: S3 generic/method consistency
Result: NOTE
    Found the following apparent S3 methods exported but not registered:
     ROC.default
    See section ‘Registering S3 methods’ in the ‘Writing R Extensions’
    manual.
Flavors: r-devel-linux-x86_64-debian-clang, r-devel-linux-x86_64-debian-gcc, r-devel-linux-x86_64-fedora-clang, r-devel-linux-x86_64-fedora-gcc, r-devel-osx-x86_64-clang