CRAN Package Check Results for Package BioPhysConnectoR

Last updated on 2014-10-02 15:48:55.

Flavor Version Tinstall Tcheck Ttotal Status Flags
r-devel-linux-x86_64-debian-clang 1.6-10 1.45 18.72 20.17 NOTE
r-devel-linux-x86_64-debian-gcc 1.6-10 1.54 17.80 19.35 NOTE
r-devel-linux-x86_64-fedora-clang 1.6-10 39.00 OK
r-devel-linux-x86_64-fedora-gcc 1.6-10 40.96 OK
r-devel-osx-x86_64-clang 1.6-10 37.05 NOTE
r-devel-windows-ix86+x86_64 1.6-10 7.00 37.00 44.00 NOTE
r-patched-linux-x86_64 1.6-10 1.61 18.34 19.95 OK
r-patched-solaris-sparc 1.6-10 239.00 OK
r-patched-solaris-x86 1.6-10 54.60 OK
r-release-linux-ix86 1.6-10 2.09 25.39 27.48 OK
r-release-linux-x86_64 1.6-10 1.61 19.01 20.62 OK
r-release-osx-x86_64-mavericks 1.6-10 OK
r-release-windows-ix86+x86_64 1.6-10 10.00 36.00 46.00 OK
r-oldrel-windows-ix86+x86_64 1.6-10 9.00 37.00 46.00 OK

Check Details

Version: 1.6-10
Check: R code for possible problems
Result: NOTE
    Warning in initDefaultClusterOptions(libname) :
     NAs introduced by coercion
Flavors: r-devel-linux-x86_64-debian-clang, r-devel-linux-x86_64-debian-gcc, r-devel-osx-x86_64-clang, r-devel-windows-ix86+x86_64