CRAN Package Check Results for Package BioPhysConnectoR

Last updated on 2014-09-23 01:48:22.

Flavor Version Tinstall Tcheck Ttotal Status Flags
r-devel-linux-x86_64-debian-clang 1.6-10 1.39 18.10 19.48 NOTE
r-devel-linux-x86_64-debian-gcc 1.6-10 1.60 18.47 20.07 NOTE
r-devel-linux-x86_64-fedora-clang 1.6-10 41.43 OK
r-devel-linux-x86_64-fedora-gcc 1.6-10 33.83 OK
r-devel-osx-x86_64-clang 1.6-10 38.44 NOTE
r-devel-windows-ix86+x86_64 1.6-10 8.00 34.00 42.00 NOTE
r-patched-linux-x86_64 1.6-10 1.53 18.76 20.29 OK
r-patched-solaris-sparc 1.6-10 239.00 OK
r-patched-solaris-x86 1.6-10 53.30 OK
r-release-linux-ix86 1.6-10 2.15 25.16 27.31 OK
r-release-linux-x86_64 1.6-10 1.58 18.48 20.06 OK
r-release-osx-x86_64-mavericks 1.6-10 OK
r-release-windows-ix86+x86_64 1.6-10 10.00 36.00 46.00 OK
r-oldrel-windows-ix86+x86_64 1.6-10 9.00 37.00 46.00 OK

Check Details

Version: 1.6-10
Check: R code for possible problems
Result: NOTE
    Warning in initDefaultClusterOptions(libname) :
     NAs introduced by coercion
Flavors: r-devel-linux-x86_64-debian-clang, r-devel-linux-x86_64-debian-gcc, r-devel-osx-x86_64-clang, r-devel-windows-ix86+x86_64