CRAN Package Check Results for Package BioPhysConnectoR

Last updated on 2016-12-08 12:47:52.

Flavor Version Tinstall Tcheck Ttotal Status Flags
r-devel-linux-x86_64-debian-clang 1.6-10 1.83 19.82 21.65 NOTE
r-devel-linux-x86_64-debian-gcc 1.6-10 1.73 19.49 21.22 NOTE
r-devel-linux-x86_64-fedora-clang 1.6-10 37.26 NOTE --no-stop-on-test-error
r-devel-linux-x86_64-fedora-gcc 1.6-10 37.96 NOTE --no-stop-on-test-error
r-devel-macos-x86_64-clang 1.6-10 31.14 NOTE
r-devel-windows-ix86+x86_64 1.6-10 14.00 70.00 84.00 NOTE
r-patched-linux-x86_64 1.6-10 1.56 17.16 18.72 NOTE
r-patched-solaris-sparc 1.6-10 209.90 NOTE
r-patched-solaris-x86 1.6-10 41.30 NOTE
r-release-linux-x86_64 1.6-10 1.85 17.54 19.39 NOTE
r-release-osx-x86_64-mavericks 1.6-10 NOTE
r-release-windows-ix86+x86_64 1.6-10 18.00 50.00 68.00 NOTE
r-oldrel-windows-ix86+x86_64 1.6-10 24.00 45.00 69.00 OK

Check Details

Version: 1.6-10
Check: R code for possible problems
Result: NOTE
    extractPDB : atom.select : sel.txt2nums: no visible global function
     definition for ‘na.omit’
    extractPDB : read.pdb: no visible global function definition for
     ‘na.omit’
    mat.read: no visible global function definition for ‘read.table’
    mat.write: no visible global function definition for ‘write.table’
    scpcp: no visible global function definition for ‘pgamma’
    sim : sim.func: no visible global function definition for ‘write.table’
    simc: no visible global function definition for ‘write.table’
    simc : simc.func: no visible global function definition for
     ‘write.table’
    sims: no visible global function definition for ‘write.table’
    sims : sims.func: no visible global function definition for
     ‘write.table’
    Undefined global functions or variables:
     na.omit pgamma read.table write.table
    Consider adding
     importFrom("stats", "na.omit", "pgamma")
     importFrom("utils", "read.table", "write.table")
    to your NAMESPACE file.
Flavors: r-devel-linux-x86_64-debian-clang, r-devel-linux-x86_64-debian-gcc, r-devel-macos-x86_64-clang, r-devel-windows-ix86+x86_64, r-patched-linux-x86_64, r-patched-solaris-sparc, r-patched-solaris-x86, r-release-linux-x86_64, r-release-osx-x86_64-mavericks, r-release-windows-ix86+x86_64

Version: 1.6-10
Flags: --no-stop-on-test-error
Check: R code for possible problems
Result: NOTE
    extractPDB : atom.select : sel.txt2nums: no visible global function
     definition for ‘na.omit’
    extractPDB : read.pdb: no visible global function definition for
     ‘na.omit’
    mat.read: no visible global function definition for ‘read.table’
    mat.write: no visible global function definition for ‘write.table’
    scpcp: no visible global function definition for ‘pgamma’
    sim : sim.func: no visible global function definition for ‘write.table’
    simc: no visible global function definition for ‘write.table’
    simc : simc.func: no visible global function definition for
     ‘write.table’
    sims: no visible global function definition for ‘write.table’
    sims : sims.func: no visible global function definition for
     ‘write.table’
    Undefined global functions or variables:
     na.omit pgamma read.table write.table
    Consider adding
     importFrom("stats", "na.omit", "pgamma")
     importFrom("utils", "read.table", "write.table")
    to your NAMESPACE file.
Flavors: r-devel-linux-x86_64-fedora-clang, r-devel-linux-x86_64-fedora-gcc