CRAN Package Check Results for Package BioPhysConnectoR

Last updated on 2018-05-22 13:46:14 CEST.

Flavor Version Tinstall Tcheck Ttotal Status Flags
r-release-osx-x86_64 1.6-10 WARN
r-oldrel-osx-x86_64 1.6-10 NOTE

Check Details

Version: 1.6-10
Check: whether package can be installed
Result: WARN
    Found the following significant warnings:
     Note: break used in wrong context: no loop is visible
    See ‘/Volumes/SSD-Data/Builds/R-dev-web/QA/Simon/packages/el-capitan-x86_64/results/3.5/BioPhysConnectoR.Rcheck/00install.out’ for details.
    Information on the location(s) of code generating the ‘Note’s can be
    obtained by re-running with environment variable R_KEEP_PKG_SOURCE set
    to ‘yes’.
Flavor: r-release-osx-x86_64

Version: 1.6-10
Check: R code for possible problems
Result: NOTE
    extractPDB : atom.select : sel.txt2nums: no visible global function
     definition for ‘na.omit’
    extractPDB : read.pdb: no visible global function definition for
     ‘na.omit’
    mat.read: no visible global function definition for ‘read.table’
    mat.write: no visible global function definition for ‘write.table’
    scpcp: no visible global function definition for ‘pgamma’
    sim : sim.func: no visible global function definition for ‘write.table’
    simc: no visible global function definition for ‘write.table’
    simc : simc.func: no visible global function definition for
     ‘write.table’
    sims: no visible global function definition for ‘write.table’
    sims : sims.func: no visible global function definition for
     ‘write.table’
    Undefined global functions or variables:
     na.omit pgamma read.table write.table
    Consider adding
     importFrom("stats", "na.omit", "pgamma")
     importFrom("utils", "read.table", "write.table")
    to your NAMESPACE file.
Flavors: r-release-osx-x86_64, r-oldrel-osx-x86_64