CRAN Package Check Results for Package BioPhysConnectoR

Last updated on 2017-12-17 09:48:35 CET.

Flavor Version Tinstall Tcheck Ttotal Status Flags
r-devel-linux-x86_64-debian-clang 1.6-10 2.01 30.17 32.18 NOTE
r-devel-linux-x86_64-debian-gcc 1.6-10 1.80 23.13 24.93 NOTE
r-devel-linux-x86_64-fedora-clang 1.6-10 36.84 NOTE
r-devel-linux-x86_64-fedora-gcc 1.6-10 35.68 NOTE
r-devel-windows-ix86+x86_64 1.6-10 9.00 51.00 60.00 NOTE
r-patched-linux-x86_64 1.6-10 2.21 28.94 31.15 NOTE
r-patched-solaris-x86 1.6-10 49.30 NOTE
r-release-linux-x86_64 1.6-10 1.87 29.11 30.98 NOTE
r-release-windows-ix86+x86_64 1.6-10 9.00 49.00 58.00 NOTE
r-release-osx-x86_64 1.6-10 NOTE
r-oldrel-windows-ix86+x86_64 1.6-10 18.00 50.00 68.00 NOTE
r-oldrel-osx-x86_64 1.6-10 NOTE

Check Details

Version: 1.6-10
Check: R code for possible problems
Result: NOTE
    extractPDB : atom.select : sel.txt2nums: no visible global function
     definition for ‘na.omit’
    extractPDB : read.pdb: no visible global function definition for
     ‘na.omit’
    mat.read: no visible global function definition for ‘read.table’
    mat.write: no visible global function definition for ‘write.table’
    scpcp: no visible global function definition for ‘pgamma’
    sim : sim.func: no visible global function definition for ‘write.table’
    simc: no visible global function definition for ‘write.table’
    simc : simc.func: no visible global function definition for
     ‘write.table’
    sims: no visible global function definition for ‘write.table’
    sims : sims.func: no visible global function definition for
     ‘write.table’
    Undefined global functions or variables:
     na.omit pgamma read.table write.table
    Consider adding
     importFrom("stats", "na.omit", "pgamma")
     importFrom("utils", "read.table", "write.table")
    to your NAMESPACE file.
Flavors: r-devel-linux-x86_64-debian-clang, r-devel-linux-x86_64-debian-gcc, r-devel-linux-x86_64-fedora-clang, r-devel-linux-x86_64-fedora-gcc, r-devel-windows-ix86+x86_64, r-patched-linux-x86_64, r-patched-solaris-x86, r-release-linux-x86_64, r-release-windows-ix86+x86_64, r-release-osx-x86_64, r-oldrel-windows-ix86+x86_64, r-oldrel-osx-x86_64

Version: 1.6-10
Check: compiled code
Result: NOTE
    File ‘BioPhysConnectoR/libs/BioPhysConnectoR.so’:
     Found no calls to: ‘R_registerRoutines’, ‘R_useDynamicSymbols’
    
    It is good practice to register native routines and to disable symbol
    search.
    
    See ‘Writing portable packages’ in the ‘Writing R Extensions’ manual.
Flavors: r-devel-linux-x86_64-debian-clang, r-devel-linux-x86_64-debian-gcc, r-devel-linux-x86_64-fedora-clang, r-devel-linux-x86_64-fedora-gcc, r-patched-linux-x86_64, r-release-linux-x86_64