CRAN Package Check Results for Package BioPhysConnectoR

Last updated on 2016-06-29 12:46:49.

Flavor Version Tinstall Tcheck Ttotal Status Flags
r-devel-linux-x86_64-debian-gcc 1.6-10 1.80 19.09 20.89 NOTE
r-devel-linux-x86_64-fedora-clang 1.6-10 32.35 NOTE
r-devel-linux-x86_64-fedora-gcc 1.6-10 29.96 NOTE
r-devel-osx-x86_64-clang 1.6-10 27.71 NOTE
r-devel-windows-ix86+x86_64 1.6-10 12.00 52.00 64.00 NOTE
r-patched-linux-x86_64 1.6-10 1.74 17.46 19.20 NOTE
r-patched-solaris-sparc 1.6-10 209.90 NOTE
r-patched-solaris-x86 1.6-10 42.30 NOTE
r-release-linux-x86_64 1.6-10 1.58 16.84 18.42 NOTE
r-release-osx-x86_64-mavericks 1.6-10 NOTE
r-release-windows-ix86+x86_64 1.6-10 6.00 46.00 52.00 NOTE
r-oldrel-windows-ix86+x86_64 1.6-10 8.00 37.00 45.00 OK

Check Details

Version: 1.6-10
Check: R code for possible problems
Result: NOTE
    extractPDB : atom.select : sel.txt2nums: no visible global function
     definition for ‘na.omit’
    extractPDB : read.pdb: no visible global function definition for
     ‘na.omit’
    mat.read: no visible global function definition for ‘read.table’
    mat.write: no visible global function definition for ‘write.table’
    scpcp: no visible global function definition for ‘pgamma’
    sim : sim.func: no visible global function definition for ‘write.table’
    simc: no visible global function definition for ‘write.table’
    simc : simc.func: no visible global function definition for
     ‘write.table’
    sims: no visible global function definition for ‘write.table’
    sims : sims.func: no visible global function definition for
     ‘write.table’
    Undefined global functions or variables:
     na.omit pgamma read.table write.table
    Consider adding
     importFrom("stats", "na.omit", "pgamma")
     importFrom("utils", "read.table", "write.table")
    to your NAMESPACE file.
Flavors: r-devel-linux-x86_64-debian-gcc, r-devel-linux-x86_64-fedora-clang, r-devel-linux-x86_64-fedora-gcc, r-devel-osx-x86_64-clang, r-devel-windows-ix86+x86_64, r-patched-linux-x86_64, r-patched-solaris-sparc, r-patched-solaris-x86, r-release-linux-x86_64, r-release-osx-x86_64-mavericks, r-release-windows-ix86+x86_64