CRAN Package Check Results for Package BioPhysConnectoR

Last updated on 2014-08-20 15:50:10.

Flavor Version Tinstall Tcheck Ttotal Status Flags
r-devel-linux-x86_64-debian-clang 1.6-10 1.30 17.53 18.84 OK
r-devel-linux-x86_64-debian-gcc 1.6-10 1.54 17.52 19.06 OK
r-devel-linux-x86_64-fedora-clang 1.6-10 37.73 OK
r-devel-linux-x86_64-fedora-gcc 1.6-10 36.35 OK
r-devel-osx-x86_64-clang 1.6-10 36.75 NOTE
r-devel-windows-ix86+x86_64 1.6-10 9.00 34.00 43.00 OK
r-patched-linux-x86_64 1.6-10 1.53 18.04 19.58 OK
r-patched-solaris-sparc 1.6-10 239.00 OK
r-patched-solaris-x86 1.6-10 52.40 OK
r-release-linux-ix86 1.6-10 2.15 25.34 27.49 OK
r-release-linux-x86_64 1.6-10 1.57 18.40 19.97 OK
r-release-osx-x86_64-mavericks 1.6-10 OK
r-release-windows-ix86+x86_64 1.6-10 10.00 36.00 46.00 OK
r-oldrel-windows-ix86+x86_64 1.6-10 9.00 37.00 46.00 OK

Check Details

Version: 1.6-10
Check: R code for possible problems
Result: NOTE
    Warning in initDefaultClusterOptions(libname) :
     NAs introduced by coercion
Flavor: r-devel-osx-x86_64-clang