CRAN Package Check Results for Package BioPhysConnectoR

Last updated on 2015-09-02 23:46:45.

Flavor Version Tinstall Tcheck Ttotal Status Flags
r-devel-linux-x86_64-debian-clang 1.6-10 1.26 16.09 17.35 NOTE
r-devel-linux-x86_64-debian-gcc 1.6-10 1.47 15.82 17.28 NOTE
r-devel-linux-x86_64-fedora-clang 1.6-10 32.43 NOTE
r-devel-linux-x86_64-fedora-gcc 1.6-10 31.10 NOTE
r-devel-osx-x86_64-clang 1.6-10 31.47 OK
r-devel-windows-ix86+x86_64 1.6-10 7.00 37.00 44.00 NOTE
r-patched-linux-x86_64 1.6-10 1.55 16.72 18.27 OK
r-patched-solaris-sparc 1.6-10 231.60 OK
r-patched-solaris-x86 1.6-10 47.30 OK
r-release-linux-x86_64 1.6-10 1.58 16.51 18.09 OK
r-release-osx-x86_64-mavericks 1.6-10 OK
r-release-windows-ix86+x86_64 1.6-10 8.00 52.00 60.00 OK
r-oldrel-windows-ix86+x86_64 1.6-10 8.00 40.00 48.00 OK

Check Details

Version: 1.6-10
Check: R code for possible problems
Result: NOTE
    extractPDB : atom.select : sel.txt2nums: no visible global function
     definition for ‘na.omit’
    extractPDB : read.pdb: no visible global function definition for
     ‘na.omit’
    mat.read: no visible global function definition for ‘read.table’
    mat.write: no visible global function definition for ‘write.table’
    scpcp: no visible global function definition for ‘pgamma’
    sim : sim.func: no visible global function definition for ‘write.table’
    simc: no visible global function definition for ‘write.table’
    simc : simc.func: no visible global function definition for
     ‘write.table’
    sims: no visible global function definition for ‘write.table’
    sims : sims.func: no visible global function definition for
     ‘write.table’
    Undefined global functions or variables:
     na.omit pgamma read.table write.table
    Consider adding
     importFrom("stats", "na.omit", "pgamma")
     importFrom("utils", "read.table", "write.table")
    to your NAMESPACE.
Flavors: r-devel-linux-x86_64-debian-clang, r-devel-linux-x86_64-debian-gcc, r-devel-linux-x86_64-fedora-clang, r-devel-linux-x86_64-fedora-gcc, r-devel-windows-ix86+x86_64