CRAN Package Check Results for Package BioPhysConnectoR

Last updated on 2017-02-25 03:48:02.

Flavor Version Tinstall Tcheck Ttotal Status Flags
r-devel-linux-x86_64-debian-clang 1.6-10 1.80 19.19 21.00 NOTE
r-devel-linux-x86_64-debian-gcc 1.6-10 1.82 19.13 20.95 NOTE
r-devel-linux-x86_64-fedora-clang 1.6-10 35.15 NOTE --no-stop-on-test-error
r-devel-linux-x86_64-fedora-gcc 1.6-10 40.97 NOTE --no-stop-on-test-error
r-devel-macos-x86_64-clang 1.6-10 31.07 NOTE --no-stop-on-test-error
r-devel-windows-ix86+x86_64 1.6-10 7.00 70.00 77.00 NOTE
r-patched-linux-x86_64 1.6-10 1.59 16.74 18.33 NOTE
r-patched-solaris-sparc 1.6-10 208.60 NOTE
r-patched-solaris-x86 1.6-10 42.30 NOTE
r-release-linux-x86_64 1.6-10 1.59 17.14 18.73 NOTE
r-release-osx-x86_64-mavericks 1.6-10 NOTE
r-release-windows-ix86+x86_64 1.6-10 18.00 50.00 68.00 NOTE
r-oldrel-windows-ix86+x86_64 1.6-10 24.00 45.00 69.00 OK

Check Details

Version: 1.6-10
Check: R code for possible problems
Result: NOTE
    extractPDB : atom.select : sel.txt2nums: no visible global function
     definition for ‘na.omit’
    extractPDB : read.pdb: no visible global function definition for
     ‘na.omit’
    mat.read: no visible global function definition for ‘read.table’
    mat.write: no visible global function definition for ‘write.table’
    scpcp: no visible global function definition for ‘pgamma’
    sim : sim.func: no visible global function definition for ‘write.table’
    simc: no visible global function definition for ‘write.table’
    simc : simc.func: no visible global function definition for
     ‘write.table’
    sims: no visible global function definition for ‘write.table’
    sims : sims.func: no visible global function definition for
     ‘write.table’
    Undefined global functions or variables:
     na.omit pgamma read.table write.table
    Consider adding
     importFrom("stats", "na.omit", "pgamma")
     importFrom("utils", "read.table", "write.table")
    to your NAMESPACE file.
Flavors: r-devel-linux-x86_64-debian-clang, r-devel-linux-x86_64-debian-gcc, r-devel-windows-ix86+x86_64, r-patched-linux-x86_64, r-patched-solaris-sparc, r-patched-solaris-x86, r-release-linux-x86_64, r-release-osx-x86_64-mavericks, r-release-windows-ix86+x86_64

Version: 1.6-10
Check: compiled code
Result: NOTE
    File ‘BioPhysConnectoR/libs/BioPhysConnectoR.so’:
     Found no calls to: ‘R_registerRoutines’, ‘R_useDynamicSymbols’
    
    It is good practice to register native routines and to disable symbol
    search.
    
    See ‘Writing portable packages’ in the ‘Writing R Extensions’ manual.
Flavors: r-devel-linux-x86_64-debian-clang, r-devel-linux-x86_64-debian-gcc

Version: 1.6-10
Flags: --no-stop-on-test-error
Check: R code for possible problems
Result: NOTE
    extractPDB : atom.select : sel.txt2nums: no visible global function
     definition for ‘na.omit’
    extractPDB : read.pdb: no visible global function definition for
     ‘na.omit’
    mat.read: no visible global function definition for ‘read.table’
    mat.write: no visible global function definition for ‘write.table’
    scpcp: no visible global function definition for ‘pgamma’
    sim : sim.func: no visible global function definition for ‘write.table’
    simc: no visible global function definition for ‘write.table’
    simc : simc.func: no visible global function definition for
     ‘write.table’
    sims: no visible global function definition for ‘write.table’
    sims : sims.func: no visible global function definition for
     ‘write.table’
    Undefined global functions or variables:
     na.omit pgamma read.table write.table
    Consider adding
     importFrom("stats", "na.omit", "pgamma")
     importFrom("utils", "read.table", "write.table")
    to your NAMESPACE file.
Flavors: r-devel-linux-x86_64-fedora-clang, r-devel-linux-x86_64-fedora-gcc, r-devel-macos-x86_64-clang

Version: 1.6-10
Flags: --no-stop-on-test-error
Check: compiled code
Result: NOTE
    File ‘BioPhysConnectoR/libs/BioPhysConnectoR.so’:
     Found no calls to: ‘R_registerRoutines’, ‘R_useDynamicSymbols’
    
    It is good practice to register native routines and to disable symbol
    search.
    
    See ‘Writing portable packages’ in the ‘Writing R Extensions’ manual.
Flavors: r-devel-linux-x86_64-fedora-clang, r-devel-linux-x86_64-fedora-gcc, r-devel-macos-x86_64-clang