CRAN Package Check Results for Package BioPhysConnectoR

Last updated on 2014-04-23 17:47:41.

Flavor Version Tinstall Tcheck Ttotal Status Flags
r-devel-linux-x86_64-debian-clang 1.6-10 1.48 18.49 19.98 OK
r-devel-linux-x86_64-debian-gcc 1.6-10 1.64 18.81 20.45 OK
r-devel-linux-x86_64-fedora-clang 1.6-10 36.74 OK
r-devel-linux-x86_64-fedora-gcc 1.6-10 36.75 OK
r-devel-osx-x86_64-clang 1.6-10 39.02 OK
r-devel-osx-x86_64-gcc 1.6-10 OK
r-devel-windows-ix86+x86_64 1.6-10 8.00 37.00 45.00 OK
r-patched-linux-x86_64 1.6-10 1.64 19.59 21.23 OK
r-patched-solaris-sparc 1.6-10 226.70 OK
r-patched-solaris-x86 1.6-10 51.70 OK
r-release-linux-ix86 1.6-10 3.00 34.00 37.00 OK
r-release-linux-x86_64 1.6-10 1.58 19.15 20.74 OK
r-release-osx-x86_64-mavericks 1.6-10 WARN
r-release-windows-ix86+x86_64 1.6-10 14.00 50.00 64.00 OK
r-oldrel-windows-ix86+x86_64 1.6-10 8.00 38.00 46.00 OK

Check Details

Version: 1.6-10
Check: PDF version of manual
Result: WARNING
    LaTeX errors when creating PDF version.
    This typically indicates Rd problems.
    LaTeX errors found:
    ! LaTeX Error: File `upquote.sty' not found.
    
    Type X to quit or <RETURN> to proceed,
    or enter new name. (Default extension: sty)
    
    28132f/Rd2.tex:8: ==> Fatal error occurred, no output PDF file produced!
Flavor: r-release-osx-x86_64-mavericks