Last updated on 2021-01-26 23:47:57 CET.
Flavor | Version | Tinstall | Tcheck | Ttotal | Status | Flags |
---|---|---|---|---|---|---|
r-devel-linux-x86_64-debian-clang | 1.30.10 | 2.91 | 41.61 | 44.52 | OK | |
r-devel-linux-x86_64-debian-gcc | 1.30.10 | 2.23 | 32.50 | 34.73 | OK | |
r-devel-linux-x86_64-fedora-clang | 1.30.10 | 59.04 | NOTE | |||
r-devel-linux-x86_64-fedora-gcc | 1.30.10 | 114.83 | NOTE | |||
r-devel-windows-ix86+x86_64 | 1.30.10 | 7.00 | 68.00 | 75.00 | OK | |
r-patched-linux-x86_64 | 1.30.10 | 2.69 | 37.84 | 40.53 | OK | |
r-patched-solaris-x86 | 1.30.10 | 68.60 | OK | |||
r-release-linux-x86_64 | 1.30.10 | 2.64 | 42.05 | 44.69 | OK | |
r-release-macos-x86_64 | 1.30.10 | OK | ||||
r-release-windows-ix86+x86_64 | 1.30.10 | 8.00 | 52.00 | 60.00 | WARN | |
r-oldrel-macos-x86_64 | 1.30.10 | NOTE | ||||
r-oldrel-windows-ix86+x86_64 | 1.30.10 | 5.00 | 50.00 | 55.00 | WARN |
Version: 1.30.10
Check: package dependencies
Result: NOTE
Package suggested but not available for checking: ‘BiocVersion’
Flavors: r-devel-linux-x86_64-fedora-clang, r-devel-linux-x86_64-fedora-gcc
Version: 1.30.10
Check: re-building of vignette outputs
Result: WARN
Error(s) in re-building vignettes:
--- re-building 'BiocManager.Rmd' using rmarkdown
Quitting from lines 18-19 (BiocManager.Rmd)
Error: processing vignette 'BiocManager.Rmd' failed with diagnostics:
argument is of length zero
--- failed re-building 'BiocManager.Rmd'
SUMMARY: processing the following file failed:
'BiocManager.Rmd'
Error: Vignette re-building failed.
Execution halted
Flavors: r-release-windows-ix86+x86_64, r-oldrel-windows-ix86+x86_64
Version: 1.30.10
Check: package dependencies
Result: NOTE
Packages suggested but not available for checking:
'BiocStyle', 'BiocVersion'
Flavor: r-oldrel-macos-x86_64