CRAN Package Check Results for Package BiodiversityR

Last updated on 2017-03-24 23:55:33.

Flavor Version Tinstall Tcheck Ttotal Status Flags
r-devel-linux-x86_64-debian-clang 2.8-0 7.70 124.39 132.09 OK
r-devel-linux-x86_64-debian-gcc 2.8-0 7.17 119.24 126.40 OK
r-devel-linux-x86_64-fedora-clang 2.8-0 227.50 OK --no-stop-on-test-error
r-devel-linux-x86_64-fedora-gcc 2.8-0 263.39 OK --no-stop-on-test-error
r-devel-macos-x86_64-clang 2.8-0 188.64 OK --no-stop-on-test-error
r-patched-linux-x86_64 2.8-0 6.68 124.01 130.69 OK
r-patched-solaris-sparc 2.8-0 1430.80 OK
r-patched-solaris-x86 2.8-0 321.10 OK
r-release-linux-x86_64 2.8-0 6.61 121.66 128.27 OK
r-release-osx-x86_64-mavericks 2.8-0 NOTE
r-release-windows-ix86+x86_64 2.8-0 37.00 203.00 240.00 OK
r-oldrel-windows-ix86+x86_64 2.8-0 38.00 171.00 209.00 OK

Check Details

Version: 2.8-0
Check: package dependencies
Result: NOTE
    Package suggested but not available for checking: ‘RODBC’
Flavor: r-release-osx-x86_64-mavericks