CRAN Package Check Results for Package BiodiversityR

Last updated on 2015-02-26 23:47:38.

Flavor Version Tinstall Tcheck Ttotal Status Flags
r-devel-linux-x86_64-debian-clang 2.5-1 7.28 93.95 101.23 NOTE
r-devel-linux-x86_64-debian-gcc 2.5-1 6.55 89.75 96.30 NOTE
r-devel-linux-x86_64-fedora-clang 2.5-1 199.28 NOTE
r-devel-linux-x86_64-fedora-gcc 2.5-1 177.60 NOTE
r-devel-osx-x86_64-clang 2.5-1 183.62 NOTE
r-devel-windows-ix86+x86_64 2.5-1 41.00 118.00 159.00 NOTE
r-patched-linux-x86_64 2.5-1 14.64 138.89 153.52 NOTE
r-patched-solaris-sparc 2.5-1 1626.30 NOTE
r-patched-solaris-x86 2.5-1 386.90 NOTE
r-release-linux-ix86 2.5-1 15.76 155.15 170.92 OK
r-release-linux-x86_64 2.5-1 14.92 140.85 155.77 OK
r-release-osx-x86_64-mavericks 2.5-1 WARN
r-release-osx-x86_64-snowleopard 2.5-1 OK
r-release-windows-ix86+x86_64 2.5-1 65.00 225.00 290.00 OK
r-oldrel-windows-ix86+x86_64 2.5-1 53.00 235.00 288.00 OK

Check Details

Version: 2.5-1
Check: dependencies in R code
Result: NOTE
    'library' or 'require' calls in package code:
     ‘MASS’ ‘akima’ ‘bootstrap’ ‘car’ ‘dismo’ ‘e1071’ ‘earth’ ‘gam’ ‘gbm’
     ‘kernlab’ ‘mda’ ‘mgcv’ ‘nnet’ ‘randomForest’ ‘rpart’ ‘spatial’
     ‘splancs’ ‘tools’
     Please use :: or requireNamespace() instead.
     See section 'Suggested packages' in the 'Writing R Extensions' manual.
Flavors: r-devel-linux-x86_64-debian-clang, r-devel-linux-x86_64-debian-gcc, r-devel-linux-x86_64-fedora-clang, r-devel-linux-x86_64-fedora-gcc, r-devel-osx-x86_64-clang, r-patched-linux-x86_64, r-patched-solaris-sparc, r-patched-solaris-x86

Version: 2.5-1
Check: S3 generic/method consistency
Result: NOTE
    Found the following apparent S3 methods exported but not registered:
     bioenv.numeric bioenv.numeric.default summary.bioenv.numeric
    See section ‘Registering S3 methods’ in the ‘Writing R Extensions’
    manual.
Flavors: r-devel-linux-x86_64-debian-clang, r-devel-linux-x86_64-debian-gcc, r-devel-linux-x86_64-fedora-clang, r-devel-linux-x86_64-fedora-gcc, r-devel-osx-x86_64-clang

Version: 2.5-1
Check: dependencies in R code
Result: NOTE
    'library' or 'require' calls in package code:
     'MASS' 'RODBC' 'akima' 'bootstrap' 'car' 'dismo' 'e1071' 'earth'
     'gam' 'gbm' 'kernlab' 'mda' 'mgcv' 'nnet' 'randomForest' 'rpart'
     'spatial' 'splancs' 'tools'
     Please use :: or requireNamespace() instead.
     See section 'Suggested packages' in the 'Writing R Extensions' manual.
Flavor: r-devel-windows-ix86+x86_64

Version: 2.5-1
Check: package dependencies
Result: NOTE
    Packages suggested but not available for checking: ‘RODBC’ ‘rgdal’
Flavor: r-release-osx-x86_64-mavericks

Version: 2.5-1
Check: for code/documentation mismatches
Result: WARN
    Error: package or namespace load failed for ‘BiodiversityR’
    Call sequence:
    2: stop(gettextf("package or namespace load failed for %s", sQuote(package)),
     call. = FALSE, domain = NA)
    1: library(package, lib.loc = lib.loc, character.only = TRUE, verbose = FALSE)
    Execution halted
Flavor: r-release-osx-x86_64-mavericks