CRAN Package Check Results for Package BiodiversityR

Last updated on 2020-08-04 18:50:40 CEST.

Flavor Version Tinstall Tcheck Ttotal Status Flags
r-devel-linux-x86_64-debian-clang 2.12-1 63.48 266.79 330.27 OK
r-devel-linux-x86_64-debian-gcc 2.12-1 53.01 196.57 249.58 OK
r-devel-linux-x86_64-fedora-clang 2.12-1 399.43 OK
r-devel-linux-x86_64-fedora-gcc 2.12-1 410.19 OK
r-devel-windows-ix86+x86_64 2.12-1 110.00 316.00 426.00 OK
r-patched-linux-x86_64 2.12-1 51.20 261.52 312.72 OK
r-patched-solaris-x86 2.12-1 537.10 OK
r-release-linux-x86_64 2.12-1 63.90 259.56 323.46 OK
r-release-macos-x86_64 2.12-1 OK
r-release-windows-ix86+x86_64 2.12-1 111.00 330.00 441.00 OK
r-oldrel-macos-x86_64 2.12-1 WARN
r-oldrel-windows-ix86+x86_64 2.12-1 79.00 314.00 393.00 OK

Check Details

Version: 2.12-1
Check: whether package can be installed
Result: WARN
    Found the following significant warnings:
     Warning: 'rgl.init' failed, running with 'rgl.useNULL = TRUE'.
Flavor: r-oldrel-macos-x86_64

Version: 2.12-1
Check: dependencies in R code
Result: NOTE
    No protocol specified
    No protocol specified
Flavor: r-oldrel-macos-x86_64

Version: 2.12-1
Check: S3 generic/method consistency
Result: WARN
    No protocol specified
    No protocol specified
    See section ‘Generic functions and methods’ in the ‘Writing R
    Extensions’ manual.
Flavor: r-oldrel-macos-x86_64

Version: 2.12-1
Check: replacement functions
Result: WARN
    No protocol specified
    No protocol specified
    The argument of a replacement function which corresponds to the right
    hand side must be named ‘value’.
Flavor: r-oldrel-macos-x86_64

Version: 2.12-1
Check: foreign function calls
Result: NOTE
    No protocol specified
    No protocol specified
    See chapter ‘System and foreign language interfaces’ in the ‘Writing R
    Extensions’ manual.
Flavor: r-oldrel-macos-x86_64

Version: 2.12-1
Check: R code for possible problems
Result: NOTE
    No protocol specified
    No protocol specified
Flavor: r-oldrel-macos-x86_64

Version: 2.12-1
Check: for missing documentation entries
Result: WARN
    No protocol specified
    No protocol specified
    All user-level objects in a package should have documentation entries.
    See chapter ‘Writing R documentation files’ in the ‘Writing R
    Extensions’ manual.
Flavor: r-oldrel-macos-x86_64

Version: 2.12-1
Check: for code/documentation mismatches
Result: WARN
    No protocol specified
    No protocol specified
    No protocol specified
    No protocol specified
    No protocol specified
    No protocol specified
Flavor: r-oldrel-macos-x86_64

Version: 2.12-1
Check: Rd \usage sections
Result: NOTE
    No protocol specified
    No protocol specified
    The \usage entries for S3 methods should use the \method markup and not
    their full name.
    See chapter ‘Writing R documentation files’ in the ‘Writing R
    Extensions’ manual.
Flavor: r-oldrel-macos-x86_64