CRAN Package Check Results for Package BiodiversityR

Last updated on 2014-08-02 08:48:32.

Flavor Version Tinstall Tcheck Ttotal Status Flags
r-devel-linux-x86_64-debian-clang 2.4-4 2.11 66.30 68.41 OK
r-devel-linux-x86_64-debian-gcc 2.4-4 1.96 65.34 67.30 OK
r-devel-linux-x86_64-fedora-clang 2.4-4 134.25 OK
r-devel-linux-x86_64-fedora-gcc 2.4-4 126.47 OK
r-devel-osx-x86_64-clang 2.4-4 125.31 OK
r-devel-windows-ix86+x86_64 2.4-4 14.00 98.00 112.00 OK
r-patched-linux-x86_64 2.4-4 2.38 64.24 66.62 OK
r-patched-solaris-sparc 2.4-4 773.00 OK
r-patched-solaris-x86 2.4-4 174.10 OK
r-release-linux-ix86 2.4-4 2.62 84.17 86.78 OK
r-release-linux-x86_64 2.4-4 2.00 64.84 66.84 OK
r-release-osx-x86_64-mavericks 2.4-4 NOTE
r-release-osx-x86_64-snowleopard 2.4-4 OK
r-release-windows-ix86+x86_64 2.4-4 13.00 105.00 118.00 OK
r-oldrel-windows-ix86+x86_64 2.4-4 17.00 141.00 158.00 OK

Check Details

Version: 2.4-4
Check: package dependencies
Result: NOTE
    Packages suggested but not available for checking: RODBC rgdal
Flavor: r-release-osx-x86_64-mavericks