CRAN Package Check Results for Package BiodiversityR

Last updated on 2015-07-03 23:47:25.

Flavor Version Tinstall Tcheck Ttotal Status Flags
r-devel-linux-x86_64-debian-clang 2.5-2 5.94 87.64 93.59 NOTE
r-devel-linux-x86_64-debian-gcc 2.5-2 6.02 91.37 97.40 NOTE
r-devel-linux-x86_64-fedora-clang 2.5-2 182.96 NOTE
r-devel-linux-x86_64-fedora-gcc 2.5-2 179.07 NOTE
r-devel-osx-x86_64-clang 2.5-2 181.86 OK
r-devel-windows-ix86+x86_64 2.5-2 41.00 126.00 167.00 NOTE
r-patched-linux-x86_64 2.5-2 6.30 88.93 95.24 OK
r-patched-solaris-sparc 2.5-2 1144.50 OK
r-patched-solaris-x86 2.5-2 264.90 OK
r-release-linux-x86_64 2.5-2 6.24 87.34 93.58 OK
r-release-osx-x86_64-mavericks 2.5-2 NOTE
r-release-windows-ix86+x86_64 2.5-2 56.00 127.00 183.00 OK
r-oldrel-windows-ix86+x86_64 2.5-2 67.00 259.00 326.00 OK

Check Details

Version: 2.5-2
Check: R code for possible problems
Result: NOTE
    accumcomp: no visible global function definition for ‘palette’
    accumcomp: no visible global function definition for ‘locator’
    accumplot: no visible global function definition for ‘plot’
    accumplot: no visible global function definition for ‘points’
    accumplot: no visible global function definition for ‘text’
    distdisplayed: no visible global function definition for ‘plot’
    distdisplayed: no visible global function definition for ‘points’
    ensemble.mean: no visible global function definition for ‘stack’
    ensemble.mean: no visible global function definition for ‘rainbow’
    ensemble.raster: no visible global function definition for ‘stack’
    ensemble.raster: no visible global function definition for ‘rainbow’
    ensemble.simplified.categories: no visible global function definition
     for ‘stack’
    ensemble.test: no visible global function definition for ‘plot’
    ensemble.test: no visible global function definition for ‘title’
    evaluation.strip.plot: no visible global function definition for ‘par’
    evaluation.strip.plot: no visible global function definition for ‘plot’
    loaded.citations: no visible global function definition for ‘citation’
    multiconstrained: no visible global function definition for ‘combn’
    ordibubble: no visible global function definition for ‘symbols’
    ordicoeno: no visible global function definition for ‘palette’
    ordicoeno: no visible global function definition for ‘rainbow’
    ordicoeno: no visible global function definition for ‘plot’
    ordicoeno: no visible global function definition for ‘points’
    ordiequilibriumcircle : drawcircle: no visible global function
     definition for ‘segments’
    ordiequilibriumcircle: no visible global function definition for
     ‘arrows’
    ordihull.centroids: no visible global function definition for ‘chull’
    ordihull.centroids: no visible global function definition for ‘lines’
    ordihull.centroids: no visible global function definition for ‘polygon’
    ordinearest: no visible global function definition for ‘arrows’
    ordispider.centroids: no visible global function definition for
     ‘segments’
    ordisymbol: no visible global function definition for ‘palette’
    ordisymbol: no visible global function definition for ‘points’
    ordivector: no visible global function definition for ‘segments’
    ordivector: no visible global function definition for ‘abline’
    ordivector: no visible global function definition for ‘arrows’
    radfitresult: no visible global function definition for ‘plot’
    rankabuncomp: no visible global function definition for ‘locator’
    rankabuncomp: no visible global function definition for ‘palette’
    rankabunplot: no visible global function definition for ‘plot’
    rankabunplot: no visible global function definition for ‘points’
    rankabunplot: no visible global function definition for ‘text’
    renyiplot: no visible global function definition for ‘plot’
    renyiplot: no visible global function definition for ‘palette’
    renyiplot: no visible global function definition for ‘points’
    renyiplot: no visible global function definition for ‘text’
    renyiplot: no visible global function definition for ‘locator’
    residualssurface: no visible global function definition for ‘contour’
    residualssurface: no visible global function definition for
     ‘filled.contour’
    residualssurface: no visible binding for global variable
     ‘terrain.colors’
    residualssurface: no visible global function definition for ‘symbols’
    residualssurface: no visible global function definition for ‘points’
    spatialsample: no visible global function definition for ‘rect’
    spatialsample: no visible global function definition for ‘chull’
    spatialsample: no visible global function definition for ‘lines’
    Undefined global functions or variables:
     abline arrows chull citation combn contour filled.contour lines
     locator palette par plot points polygon rainbow rect segments stack
     symbols terrain.colors text title
Flavors: r-devel-linux-x86_64-debian-clang, r-devel-linux-x86_64-debian-gcc

Version: 2.5-2
Check: R code for possible problems
Result: NOTE
    accumcomp: no visible global function definition for ‘palette’
    accumcomp: no visible global function definition for ‘locator’
    accumplot: no visible global function definition for ‘plot’
    accumplot: no visible global function definition for ‘points’
    accumplot: no visible global function definition for ‘text’
    distdisplayed: no visible global function definition for ‘plot’
    distdisplayed: no visible global function definition for ‘points’
    ensemble.mean: no visible global function definition for ‘stack’
    ensemble.mean: no visible global function definition for ‘rainbow’
    ensemble.raster: no visible global function definition for ‘stack’
    ensemble.raster: no visible global function definition for ‘rainbow’
    ensemble.simplified.categories: no visible global function definition
     for ‘stack’
    ensemble.test: no visible global function definition for ‘plot’
    ensemble.test: no visible global function definition for ‘title’
    evaluation.strip.plot: no visible global function definition for ‘par’
    evaluation.strip.plot: no visible global function definition for ‘plot’
    loaded.citations: no visible global function definition for ‘citation’
    multiconstrained: no visible global function definition for ‘combn’
    ordibubble: no visible global function definition for ‘symbols’
    ordicoeno: no visible global function definition for ‘palette’
    ordicoeno: no visible global function definition for ‘rainbow’
    ordicoeno: no visible global function definition for ‘plot’
    ordicoeno: no visible global function definition for ‘points’
    ordiequilibriumcircle : drawcircle: no visible global function
     definition for ‘segments’
    ordiequilibriumcircle: no visible global function definition for
     ‘arrows’
    ordihull.centroids: no visible global function definition for ‘chull’
    ordihull.centroids: no visible global function definition for ‘lines’
    ordihull.centroids: no visible global function definition for ‘polygon’
    ordinearest: no visible global function definition for ‘arrows’
    ordispider.centroids: no visible global function definition for
     ‘segments’
    ordisymbol: no visible global function definition for ‘palette’
    ordisymbol: no visible global function definition for ‘points’
    ordivector: no visible global function definition for ‘segments’
    ordivector: no visible global function definition for ‘abline’
    ordivector: no visible global function definition for ‘arrows’
    radfitresult: no visible global function definition for ‘plot’
    rankabuncomp: no visible global function definition for ‘locator’
    rankabuncomp: no visible global function definition for ‘palette’
    rankabunplot: no visible global function definition for ‘plot’
    rankabunplot: no visible global function definition for ‘points’
    rankabunplot: no visible global function definition for ‘text’
    renyiplot: no visible global function definition for ‘plot’
    renyiplot: no visible global function definition for ‘palette’
    renyiplot: no visible global function definition for ‘points’
    renyiplot: no visible global function definition for ‘text’
    renyiplot: no visible global function definition for ‘locator’
    residualssurface: no visible global function definition for ‘contour’
    residualssurface: no visible global function definition for
     ‘filled.contour’
    residualssurface: no visible binding for global variable
     ‘terrain.colors’
    residualssurface: no visible global function definition for ‘symbols’
    residualssurface: no visible global function definition for ‘points’
    spatialsample: no visible global function definition for ‘rect’
    spatialsample: no visible global function definition for ‘chull’
    spatialsample: no visible global function definition for ‘lines’
    climsurface,data.frame-RasterStack-RasterStack: no visible global
     function definition for ‘cellStats’
    Undefined global functions or variables:
     abline arrows cellStats chull citation combn contour filled.contour
     lines locator palette par plot points polygon rainbow rect segments
     stack symbols terrain.colors text title
Flavors: r-devel-linux-x86_64-fedora-clang, r-devel-linux-x86_64-fedora-gcc

Version: 2.5-2
Check: R code for possible problems
Result: NOTE
    accumcomp: no visible global function definition for 'palette'
    accumcomp: no visible global function definition for 'locator'
    accumplot: no visible global function definition for 'plot'
    accumplot: no visible global function definition for 'points'
    accumplot: no visible global function definition for 'text'
    distdisplayed: no visible global function definition for 'plot'
    distdisplayed: no visible global function definition for 'points'
    ensemble.habitat.change: no visible global function definition for
     'choose.files'
    ensemble.mean: no visible global function definition for 'stack'
    ensemble.mean: no visible global function definition for 'rainbow'
    ensemble.raster: no visible global function definition for 'stack'
    ensemble.raster: no visible global function definition for 'rainbow'
    ensemble.simplified.categories: no visible global function definition
     for 'stack'
    ensemble.test: no visible global function definition for 'plot'
    ensemble.test: no visible global function definition for 'title'
    evaluation.strip.plot: no visible global function definition for 'par'
    evaluation.strip.plot: no visible global function definition for 'plot'
    import.from.Excel: no visible global function definition for
     'write.table'
    import.from.Excel2007: no visible global function definition for
     'write.table'
    loaded.citations: no visible global function definition for 'citation'
    multiconstrained: no visible global function definition for 'combn'
    ordibubble: no visible global function definition for 'symbols'
    ordicoeno: no visible global function definition for 'palette'
    ordicoeno: no visible global function definition for 'rainbow'
    ordicoeno: no visible global function definition for 'plot'
    ordicoeno: no visible global function definition for 'points'
    ordiequilibriumcircle : drawcircle: no visible global function
     definition for 'segments'
    ordiequilibriumcircle: no visible global function definition for
     'arrows'
    ordihull.centroids: no visible global function definition for 'chull'
    ordihull.centroids: no visible global function definition for 'lines'
    ordihull.centroids: no visible global function definition for 'polygon'
    ordinearest: no visible global function definition for 'arrows'
    ordispider.centroids: no visible global function definition for
     'segments'
    ordisymbol: no visible global function definition for 'palette'
    ordisymbol: no visible global function definition for 'points'
    ordivector: no visible global function definition for 'segments'
    ordivector: no visible global function definition for 'abline'
    ordivector: no visible global function definition for 'arrows'
    radfitresult: no visible global function definition for 'plot'
    rankabuncomp: no visible global function definition for 'locator'
    rankabuncomp: no visible global function definition for 'palette'
    rankabunplot: no visible global function definition for 'plot'
    rankabunplot: no visible global function definition for 'points'
    rankabunplot: no visible global function definition for 'text'
    renyiplot: no visible global function definition for 'plot'
    renyiplot: no visible global function definition for 'palette'
    renyiplot: no visible global function definition for 'points'
    renyiplot: no visible global function definition for 'text'
    renyiplot: no visible global function definition for 'locator'
    residualssurface: no visible global function definition for 'contour'
    residualssurface: no visible global function definition for
     'filled.contour'
    residualssurface: no visible binding for global variable
     'terrain.colors'
    residualssurface: no visible global function definition for 'symbols'
    residualssurface: no visible global function definition for 'points'
    spatialsample: no visible global function definition for 'rect'
    spatialsample: no visible global function definition for 'chull'
    spatialsample: no visible global function definition for 'lines'
    climsurface,data.frame-RasterStack-RasterStack: no visible global
     function definition for 'cellStats'
    Undefined global functions or variables:
     abline arrows cellStats choose.files chull citation combn contour
     filled.contour lines locator palette par plot points polygon rainbow
     rect segments stack symbols terrain.colors text title write.table
Flavor: r-devel-windows-ix86+x86_64

Version: 2.5-2
Check: package dependencies
Result: NOTE
    Packages suggested but not available for checking:
     ‘RODBC’ ‘multcomp’ ‘dismo’ ‘rgdal’
Flavor: r-release-osx-x86_64-mavericks

Version: 2.5-2
Check: Rd cross-references
Result: NOTE
    Packages unavailable to check Rd xrefs: ‘multcomp’, ‘dismo’
Flavor: r-release-osx-x86_64-mavericks