CRAN Package Check Results for Package BiodiversityR

Last updated on 2015-04-19 03:49:30.

Flavor Version Tinstall Tcheck Ttotal Status Flags
r-devel-linux-x86_64-debian-clang 2.5-2 6.21 89.70 95.91 OK
r-devel-linux-x86_64-debian-gcc 2.5-2 5.99 88.21 94.20 OK
r-devel-linux-x86_64-fedora-clang 2.5-2 188.48 OK
r-devel-linux-x86_64-fedora-gcc 2.5-2 188.49 OK
r-devel-osx-x86_64-clang 2.5-2 172.32 OK
r-patched-linux-x86_64 2.5-2 6.53 89.15 95.68 OK
r-patched-solaris-sparc 2.5-2 991.70 OK
r-patched-solaris-x86 2.5-2 254.50 OK
r-release-linux-x86_64 2.5-2 6.06 86.84 92.90 OK
r-release-osx-x86_64-mavericks 2.5-2 NOTE
r-release-osx-x86_64-snowleopard 2.5-2 ERROR
r-release-windows-ix86+x86_64 2.5-2 31.00 108.00 139.00 OK
r-oldrel-windows-ix86+x86_64 2.5-2 41.00 209.00 250.00 OK

Check Details

Version: 2.5-2
Check: package dependencies
Result: NOTE
    Packages suggested but not available for checking:
     ‘RODBC’ ‘multcomp’ ‘dismo’ ‘rgdal’
Flavor: r-release-osx-x86_64-mavericks

Version: 2.5-2
Check: Rd cross-references
Result: NOTE
    Packages unavailable to check Rd xrefs: ‘multcomp’, ‘dismo’
Flavor: r-release-osx-x86_64-mavericks

Version: 2.5-2
Check: package dependencies
Result: ERROR
    Packages required but not available: ‘vegan’ ‘Rcmdr’
    
    Packages suggested but not available for checking:
     ‘permute’ ‘car’ ‘multcomp’ ‘dismo’ ‘raster’
    
    See section ‘The DESCRIPTION file’ in the ‘Writing R Extensions’
    manual.
Flavor: r-release-osx-x86_64-snowleopard