CRAN Package Check Results for Package BiodiversityR

Last updated on 2016-02-08 03:46:42.

Flavor Version Tinstall Tcheck Ttotal Status Flags
r-devel-linux-x86_64-debian-gcc 2.6-1 6.69 107.21 113.90 OK
r-devel-linux-x86_64-fedora-clang 2.6-1 186.41 OK
r-devel-linux-x86_64-fedora-gcc 2.6-1 177.31 OK
r-devel-osx-x86_64-clang 2.6-1 211.37 OK
r-devel-windows-ix86+x86_64 2.6-1 49.00 135.00 184.00 OK
r-patched-linux-x86_64 2.6-1 7.23 110.26 117.50 OK
r-patched-solaris-sparc 2.6-1 1121.10 OK
r-patched-solaris-x86 2.6-1 263.60 OK
r-release-linux-x86_64 2.6-1 7.13 108.66 115.79 OK
r-release-osx-x86_64-mavericks 2.6-1 NOTE
r-release-windows-ix86+x86_64 2.6-1 39.00 151.00 190.00 OK
r-oldrel-windows-ix86+x86_64 2.5-3 71.00 265.00 336.00 OK

Check Details

Version: 2.6-1
Check: package dependencies
Result: NOTE
    Package suggested but not available for checking: ‘RODBC’
Flavor: r-release-osx-x86_64-mavericks