CRAN Package Check Results for Package BiodiversityR

Last updated on 2016-12-07 14:47:26.

Flavor Version Tinstall Tcheck Ttotal Status Flags
r-devel-linux-x86_64-debian-clang 2.7-2 7.12 114.88 122.01 OK
r-devel-linux-x86_64-debian-gcc 2.7-2 7.53 113.61 121.14 OK
r-devel-linux-x86_64-fedora-clang 2.7-2 224.45 OK --no-stop-on-test-error
r-devel-linux-x86_64-fedora-gcc 2.7-2 225.95 OK --no-stop-on-test-error
r-devel-macos-x86_64-clang 2.7-2 184.46 OK --no-stop-on-test-error
r-devel-windows-ix86+x86_64 2.7-2 45.00 147.00 192.00 OK
r-patched-linux-x86_64 2.7-2 6.27 108.40 114.67 OK
r-patched-solaris-sparc 2.7-2 1264.50 OK
r-patched-solaris-x86 2.7-2 268.80 OK
r-release-linux-x86_64 2.7-2 6.93 111.73 118.66 OK
r-release-osx-x86_64-mavericks 2.7-2 NOTE
r-release-windows-ix86+x86_64 2.7-2 29.00 150.00 179.00 OK
r-oldrel-windows-ix86+x86_64 2.7-2 49.00 213.00 262.00 OK

Check Details

Version: 2.7-2
Check: package dependencies
Result: NOTE
    Package suggested but not available for checking: ‘RODBC’
Flavor: r-release-osx-x86_64-mavericks