CRAN Package Check Results for Package BiodiversityR

Last updated on 2017-02-24 17:48:16.

Flavor Version Tinstall Tcheck Ttotal Status Flags
r-devel-linux-x86_64-debian-clang 2.8-0 7.21 124.47 131.69 OK
r-devel-linux-x86_64-debian-gcc 2.8-0 7.07 113.99 121.06 OK
r-devel-linux-x86_64-fedora-clang 2.8-0 228.46 OK --no-stop-on-test-error
r-devel-linux-x86_64-fedora-gcc 2.8-0 268.24 OK --no-stop-on-test-error
r-devel-macos-x86_64-clang 2.8-0 193.69 OK --no-stop-on-test-error
r-devel-windows-ix86+x86_64 2.8-0 46.00 223.00 269.00 OK
r-patched-linux-x86_64 2.8-0 6.94 121.09 128.04 OK
r-patched-solaris-sparc 2.8-0 1258.50 OK
r-patched-solaris-x86 2.8-0 290.80 OK
r-release-linux-x86_64 2.8-0 6.90 116.61 123.51 OK
r-release-osx-x86_64-mavericks 2.8-0 NOTE
r-release-windows-ix86+x86_64 2.8-0 36.00 228.00 264.00 OK
r-oldrel-windows-ix86+x86_64 2.8-0 45.00 235.00 280.00 OK

Check Details

Version: 2.8-0
Check: package dependencies
Result: NOTE
    Package suggested but not available for checking: ‘RODBC’
Flavor: r-release-osx-x86_64-mavericks