CRAN Package Check Results for Package BiodiversityR

Last updated on 2016-07-31 08:46:36.

Flavor Version Tinstall Tcheck Ttotal Status Flags
r-devel-linux-x86_64-debian-clang 2.7-1 6.93 111.92 118.85 OK
r-devel-linux-x86_64-debian-gcc 2.7-1 6.27 111.79 118.06 OK
r-devel-linux-x86_64-fedora-clang 2.7-1 197.80 OK
r-devel-linux-x86_64-fedora-gcc 2.7-1 187.88 OK
r-devel-osx-x86_64-clang 2.7-1 168.64 OK
r-devel-windows-ix86+x86_64 2.7-1 29.00 152.00 181.00 OK
r-patched-linux-x86_64 2.7-1 6.64 109.12 115.76 OK
r-patched-solaris-sparc 2.7-1 1221.50 OK
r-patched-solaris-x86 2.7-1 250.40 OK
r-release-linux-x86_64 2.7-1 7.42 130.11 137.53 OK
r-release-osx-x86_64-mavericks 2.7-1 WARN
r-release-windows-ix86+x86_64 2.7-1 39.00 197.00 236.00 OK
r-oldrel-windows-ix86+x86_64 2.7-1 34.00 190.00 224.00 OK

Check Details

Version: 2.7-1
Check: package dependencies
Result: NOTE
    Package suggested but not available for checking: ‘RODBC’
Flavor: r-release-osx-x86_64-mavericks

Version: 2.7-1
Check: dependencies in R code
Result: NOTE
    Invalid MIT-MAGIC-COOKIE-1 key
Flavor: r-release-osx-x86_64-mavericks

Version: 2.7-1
Check: S3 generic/method consistency
Result: WARN
    Invalid MIT-MAGIC-COOKIE-1 key
    See section ‘Generic functions and methods’ in the ‘Writing R
    Extensions’ manual.
Flavor: r-release-osx-x86_64-mavericks

Version: 2.7-1
Check: replacement functions
Result: WARN
    Invalid MIT-MAGIC-COOKIE-1 key
    The argument of a replacement function which corresponds to the right
    hand side must be named ‘value’.
Flavor: r-release-osx-x86_64-mavericks

Version: 2.7-1
Check: foreign function calls
Result: NOTE
    Invalid MIT-MAGIC-COOKIE-1 key
    See chapter ‘System and foreign language interfaces’ in the ‘Writing R
    Extensions’ manual.
Flavor: r-release-osx-x86_64-mavericks

Version: 2.7-1
Check: R code for possible problems
Result: NOTE
    Invalid MIT-MAGIC-COOKIE-1 key
Flavor: r-release-osx-x86_64-mavericks

Version: 2.7-1
Check: for missing documentation entries
Result: WARN
    Invalid MIT-MAGIC-COOKIE-1 key
    All user-level objects in a package should have documentation entries.
    See chapter ‘Writing R documentation files’ in the ‘Writing R
    Extensions’ manual.
Flavor: r-release-osx-x86_64-mavericks

Version: 2.7-1
Check: for code/documentation mismatches
Result: WARN
    Invalid MIT-MAGIC-COOKIE-1 key
    Invalid MIT-MAGIC-COOKIE-1 key
    Invalid MIT-MAGIC-COOKIE-1 key
Flavor: r-release-osx-x86_64-mavericks

Version: 2.7-1
Check: Rd \usage sections
Result: NOTE
    Invalid MIT-MAGIC-COOKIE-1 key
    The \usage entries for S3 methods should use the \method markup and not
    their full name.
    See chapter ‘Writing R documentation files’ in the ‘Writing R
    Extensions’ manual.
Flavor: r-release-osx-x86_64-mavericks