CRAN Package Check Results for Package BiodiversityR

Last updated on 2017-04-30 11:47:26.

Flavor Version Tinstall Tcheck Ttotal Status Flags
r-devel-linux-x86_64-debian-clang 2.8-0 7.31 114.93 122.24 OK
r-devel-linux-x86_64-debian-gcc 2.8-0 7.32 115.47 122.79 OK
r-devel-linux-x86_64-fedora-clang 2.8-0 234.47 OK --no-stop-on-test-error
r-devel-linux-x86_64-fedora-gcc 2.8-0 225.24 OK --no-stop-on-test-error
r-devel-windows-ix86+x86_64 2.8-0 48.00 231.00 279.00 OK
r-patched-linux-x86_64 2.8-0 6.70 115.11 121.81 OK
r-patched-solaris-sparc 2.8-0 1430.80 OK
r-patched-solaris-x86 2.8-0 318.40 OK
r-release-linux-x86_64 2.8-0 7.24 114.75 121.99 OK
r-release-windows-ix86+x86_64 2.8-0 39.00 243.00 282.00 OK
r-release-osx-x86_64 2.8-0 NOTE
r-oldrel-windows-ix86+x86_64 2.8-0 51.00 219.00 270.00 OK
r-oldrel-osx-x86_64 2.8-0 NOTE

Check Details

Version: 2.8-0
Check: package dependencies
Result: NOTE
    Packages suggested but not available for checking: ‘RODBC’ ‘rgdal’
Flavor: r-release-osx-x86_64

Version: 2.8-0
Check: package dependencies
Result: NOTE
    Package suggested but not available for checking: ‘RODBC’
Flavor: r-oldrel-osx-x86_64