CRAN Package Check Results for Package BiodiversityR

Last updated on 2016-09-27 03:50:41.

Flavor Version Tinstall Tcheck Ttotal Status Flags
r-devel-linux-x86_64-debian-clang 2.7-2 6.06 101.27 107.32 OK
r-devel-linux-x86_64-debian-gcc 2.7-2 6.59 113.67 120.25 OK
r-devel-linux-x86_64-fedora-clang 2.7-2 194.76 OK
r-devel-linux-x86_64-fedora-gcc 2.7-2 185.82 OK
r-devel-macos-x86_64-clang 2.7-2 156.62 OK
r-devel-windows-ix86+x86_64 2.7-2 47.00 199.00 246.00 OK
r-patched-linux-x86_64 2.7-2 6.77 100.13 106.90 OK
r-patched-solaris-sparc 2.7-2 1134.60 OK
r-patched-solaris-x86 2.7-2 256.70 OK
r-release-linux-x86_64 2.7-2 6.66 111.30 117.96 OK
r-release-osx-x86_64-mavericks 2.7-2 NOTE
r-release-windows-ix86+x86_64 2.7-2 47.00 193.00 240.00 OK
r-oldrel-windows-ix86+x86_64 2.7-2 48.00 195.00 243.00 OK

Check Details

Version: 2.7-2
Check: package dependencies
Result: NOTE
    Package suggested but not available for checking: ‘RODBC’
Flavor: r-release-osx-x86_64-mavericks