CRAN Package Check Results for Package BiodiversityR

Last updated on 2016-05-04 17:49:48.

Flavor Version Tinstall Tcheck Ttotal Status Flags
r-devel-linux-x86_64-debian-gcc 2.7-1 6.81 112.61 119.42 OK
r-devel-linux-x86_64-fedora-clang 2.7-1 194.53 OK
r-devel-linux-x86_64-fedora-gcc 2.7-1 178.78 OK
r-devel-osx-x86_64-clang 2.7-1 213.62 OK
r-devel-windows-ix86+x86_64 2.7-1 31.00 202.00 233.00 OK
r-patched-linux-x86_64 2.7-1 6.80 109.96 116.76 OK
r-patched-solaris-sparc 2.7-1 1144.80 OK
r-patched-solaris-x86 2.7-1 261.20 OK
r-release-linux-x86_64 2.7-1 6.64 107.11 113.75 OK
r-release-osx-x86_64-mavericks 2.7-1 WARN
r-release-windows-ix86+x86_64 2.7-1 31.00 202.00 233.00 OK
r-oldrel-windows-ix86+x86_64 2.7-1 46.00 204.00 250.00 OK

Check Details

Version: 2.7-1
Check: package dependencies
Result: NOTE
    Package suggested but not available for checking: ‘RODBC’
Flavor: r-release-osx-x86_64-mavericks

Version: 2.7-1
Check: dependencies in R code
Result: NOTE
    Invalid MIT-MAGIC-COOKIE-1 keyMissing or unexported object: ‘raster::plot’
Flavor: r-release-osx-x86_64-mavericks

Version: 2.7-1
Check: S3 generic/method consistency
Result: WARN
    Invalid MIT-MAGIC-COOKIE-1 key
    See section ‘Generic functions and methods’ in the ‘Writing R
    Extensions’ manual.
Flavor: r-release-osx-x86_64-mavericks

Version: 2.7-1
Check: replacement functions
Result: WARN
    Invalid MIT-MAGIC-COOKIE-1 key
    The argument of a replacement function which corresponds to the right
    hand side must be named ‘value’.
Flavor: r-release-osx-x86_64-mavericks

Version: 2.7-1
Check: foreign function calls
Result: NOTE
    Invalid MIT-MAGIC-COOKIE-1 key
    See chapter ‘System and foreign language interfaces’ in the ‘Writing R
    Extensions’ manual.
Flavor: r-release-osx-x86_64-mavericks

Version: 2.7-1
Check: R code for possible problems
Result: NOTE
    Invalid MIT-MAGIC-COOKIE-1 key
Flavor: r-release-osx-x86_64-mavericks

Version: 2.7-1
Check: for missing documentation entries
Result: WARN
    Invalid MIT-MAGIC-COOKIE-1 key
    All user-level objects in a package should have documentation entries.
    See chapter ‘Writing R documentation files’ in the ‘Writing R
    Extensions’ manual.
Flavor: r-release-osx-x86_64-mavericks

Version: 2.7-1
Check: for code/documentation mismatches
Result: WARN
    Invalid MIT-MAGIC-COOKIE-1 key
    Invalid MIT-MAGIC-COOKIE-1 key
    Invalid MIT-MAGIC-COOKIE-1 key
Flavor: r-release-osx-x86_64-mavericks

Version: 2.7-1
Check: Rd \usage sections
Result: NOTE
    Invalid MIT-MAGIC-COOKIE-1 key
    The \usage entries for S3 methods should use the \method markup and not
    their full name.
    See chapter ‘Writing R documentation files’ in the ‘Writing R
    Extensions’ manual.
Flavor: r-release-osx-x86_64-mavericks