CRAN Package Check Results for Package BiodiversityR

Last updated on 2017-08-18 00:49:48.

Flavor Version Tinstall Tcheck Ttotal Status Flags
r-devel-linux-x86_64-debian-clang 2.8-3 7.43 110.04 117.48 OK
r-devel-linux-x86_64-debian-gcc 2.8-3 6.63 108.42 115.05 OK
r-devel-linux-x86_64-fedora-clang 2.8-3 254.66 OK
r-devel-linux-x86_64-fedora-gcc 2.8-3 238.92 OK
r-devel-windows-ix86+x86_64 2.8-3 26.00 144.00 170.00 OK
r-patched-linux-x86_64 2.8-3 7.76 112.51 120.27 OK
r-patched-solaris-x86 2.8-3 332.60 OK
r-release-linux-x86_64 2.8-3 7.85 114.79 122.64 OK
r-release-windows-ix86+x86_64 2.8-3 26.00 173.00 199.00 OK
r-release-osx-x86_64 2.8-3 OK
r-oldrel-windows-ix86+x86_64 2.8-3 26.00 153.00 179.00 OK
r-oldrel-osx-x86_64 2.8-3 NOTE

Check Details

Version: 2.8-3
Check: package dependencies
Result: NOTE
    Package suggested but not available for checking: ‘RODBC’
Flavor: r-oldrel-osx-x86_64