CRAN Package Check Results for Package BiodiversityR

Last updated on 2014-12-18 08:49:15.

Flavor Version Tinstall Tcheck Ttotal Status Flags
r-devel-linux-x86_64-debian-clang 2.5-1 6.12 99.81 105.93 OK
r-devel-linux-x86_64-debian-gcc 2.5-1 7.20 100.50 107.70 OK
r-devel-linux-x86_64-fedora-clang 2.5-1 239.23 OK
r-devel-linux-x86_64-fedora-gcc 2.5-1 230.30 OK
r-devel-osx-x86_64-clang 2.5-1 216.28 OK
r-devel-windows-ix86+x86_64 2.5-1 40.00 150.00 190.00 OK
r-patched-linux-x86_64 2.5-1 6.78 104.54 111.32 OK
r-patched-solaris-sparc 2.5-1 1182.50 OK
r-patched-solaris-x86 2.5-1 302.70 OK
r-release-linux-ix86 2.5-1 7.58 122.01 129.60 OK
r-release-linux-x86_64 2.5-1 6.48 103.58 110.06 OK
r-release-osx-x86_64-mavericks 2.5-1 NOTE
r-release-osx-x86_64-snowleopard 2.5-1 OK
r-release-windows-ix86+x86_64 2.5-1 35.00 171.00 206.00 OK
r-oldrel-windows-ix86+x86_64 2.5-1 35.00 175.00 210.00 OK

Check Details

Version: 2.5-1
Check: package dependencies
Result: NOTE
    Packages suggested but not available for checking: ‘RODBC’ ‘rgdal’
Flavor: r-release-osx-x86_64-mavericks