CRAN Package Check Results for Package BiodiversityR

Last updated on 2017-10-17 01:47:48.

Flavor Version Tinstall Tcheck Ttotal Status Flags
r-devel-linux-x86_64-debian-clang 2.8-4 7.00 114.27 121.28 OK
r-devel-linux-x86_64-debian-gcc 2.8-4 6.58 117.10 123.68 OK
r-devel-linux-x86_64-fedora-clang 2.8-4 235.20 OK
r-devel-linux-x86_64-fedora-gcc 2.8-4 243.53 OK
r-devel-windows-ix86+x86_64 2.8-4 31.00 165.00 196.00 OK
r-patched-linux-x86_64 2.8-4 7.43 122.43 129.86 OK
r-patched-solaris-x86 2.8-4 340.30 OK
r-release-linux-x86_64 2.8-4 7.42 120.42 127.84 OK
r-release-windows-ix86+x86_64 2.8-4 38.00 224.00 262.00 OK
r-release-osx-x86_64 2.8-4 OK
r-oldrel-windows-ix86+x86_64 2.8-4 43.00 234.00 277.00 OK
r-oldrel-osx-x86_64 2.8-4 NOTE

Check Details

Version: 2.8-4
Check: package dependencies
Result: NOTE
    Package suggested but not available for checking: ‘RODBC’
Flavor: r-oldrel-osx-x86_64