CRAN Package Check Results for Package BiodiversityR

Last updated on 2015-03-30 06:46:42.

Flavor Version Tinstall Tcheck Ttotal Status Flags
r-devel-linux-x86_64-debian-clang 2.5-1 6.95 92.72 99.68 NOTE
r-devel-linux-x86_64-debian-gcc 2.5-1 6.91 92.42 99.33 NOTE
r-devel-linux-x86_64-fedora-clang 2.5-1 198.94 NOTE
r-devel-linux-x86_64-fedora-gcc 2.5-1 187.94 NOTE
r-devel-osx-x86_64-clang 2.5-1 192.36 NOTE
r-prerel-windows-ix86+x86_64 2.5-1 40.00 131.00 171.00 NOTE
r-prerel-linux-x86_64 2.5-1 7.03 92.17 99.20 NOTE
r-prerel-solaris-sparc 2.5-1 1161.30 NOTE
r-prerel-solaris-x86 2.5-1 253.60 NOTE
r-release-linux-x86_64 2.5-1 13.64 133.35 147.00 NOTE
r-release-osx-x86_64-mavericks 2.5-1 WARN
r-release-osx-x86_64-snowleopard 2.5-1 OK
r-release-windows-ix86+x86_64 2.5-1 59.00 212.00 271.00 NOTE
r-oldrel-windows-ix86+x86_64 2.5-1 64.00 219.00 283.00 OK

Check Details

Version: 2.5-1
Check: dependencies in R code
Result: NOTE
    'library' or 'require' calls in package code:
     ‘MASS’ ‘akima’ ‘bootstrap’ ‘car’ ‘dismo’ ‘e1071’ ‘earth’ ‘gam’ ‘gbm’
     ‘kernlab’ ‘mda’ ‘mgcv’ ‘nnet’ ‘randomForest’ ‘rpart’ ‘spatial’
     ‘splancs’ ‘tools’
     Please use :: or requireNamespace() instead.
     See section 'Suggested packages' in the 'Writing R Extensions' manual.
Flavors: r-devel-linux-x86_64-debian-clang, r-devel-linux-x86_64-debian-gcc, r-devel-linux-x86_64-fedora-clang, r-devel-linux-x86_64-fedora-gcc, r-devel-osx-x86_64-clang, r-prerel-linux-x86_64, r-prerel-solaris-sparc, r-prerel-solaris-x86, r-release-linux-x86_64

Version: 2.5-1
Check: S3 generic/method consistency
Result: NOTE
    Found the following apparent S3 methods exported but not registered:
     bioenv.numeric bioenv.numeric.default summary.bioenv.numeric
    See section ‘Registering S3 methods’ in the ‘Writing R Extensions’
    manual.
Flavors: r-devel-linux-x86_64-debian-clang, r-devel-linux-x86_64-debian-gcc, r-devel-linux-x86_64-fedora-clang, r-devel-linux-x86_64-fedora-gcc, r-devel-osx-x86_64-clang, r-prerel-linux-x86_64

Version: 2.5-1
Check: dependencies in R code
Result: NOTE
    'library' or 'require' calls in package code:
     'MASS' 'RODBC' 'akima' 'bootstrap' 'car' 'dismo' 'e1071' 'earth'
     'gam' 'gbm' 'kernlab' 'mda' 'mgcv' 'nnet' 'randomForest' 'rpart'
     'spatial' 'splancs' 'tools'
     Please use :: or requireNamespace() instead.
     See section 'Suggested packages' in the 'Writing R Extensions' manual.
Flavors: r-prerel-windows-ix86+x86_64, r-release-windows-ix86+x86_64

Version: 2.5-1
Check: package dependencies
Result: NOTE
    Packages suggested but not available for checking: ‘RODBC’ ‘rgdal’
Flavor: r-release-osx-x86_64-mavericks

Version: 2.5-1
Check: for code/documentation mismatches
Result: WARN
    Error: package or namespace load failed for ‘BiodiversityR’
    Call sequence:
    2: stop(gettextf("package or namespace load failed for %s", sQuote(package)),
     call. = FALSE, domain = NA)
    1: library(package, lib.loc = lib.loc, character.only = TRUE, verbose = FALSE)
    Execution halted
Flavor: r-release-osx-x86_64-mavericks