CRAN Package Check Results for Package BiodiversityR

Last updated on 2017-06-28 18:46:38.

Flavor Version Tinstall Tcheck Ttotal Status Flags
r-devel-linux-x86_64-debian-clang 2.8-3 7.12 118.74 125.86 OK
r-devel-linux-x86_64-debian-gcc 2.8-3 6.82 124.84 131.65 OK
r-devel-linux-x86_64-fedora-clang 2.8-3 231.82 OK
r-devel-linux-x86_64-fedora-gcc 2.8-3 226.33 OK
r-devel-windows-ix86+x86_64 2.8-3 30.00 170.00 200.00 OK
r-patched-linux-x86_64 2.8-3 6.84 119.72 126.56 OK
r-patched-solaris-sparc 2.8-2 1443.90 OK
r-patched-solaris-x86 2.8-3 320.60 OK
r-release-linux-x86_64 2.8-3 7.40 119.64 127.04 OK
r-release-windows-ix86+x86_64 2.8-3 30.00 256.00 286.00 OK
r-release-osx-x86_64 2.8-2 OK
r-oldrel-windows-ix86+x86_64 2.8-3 48.00 214.00 262.00 OK
r-oldrel-osx-x86_64 2.8-3 NOTE

Check Details

Version: 2.8-3
Check: package dependencies
Result: NOTE
    Package suggested but not available for checking: ‘RODBC’
Flavor: r-oldrel-osx-x86_64