CRAN Package Check Results for Package BiodiversityR

Last updated on 2017-01-19 23:47:54.

Flavor Version Tinstall Tcheck Ttotal Status Flags
r-devel-linux-x86_64-debian-clang 2.8-0 6.86 120.71 127.57 OK
r-devel-linux-x86_64-debian-gcc 2.8-0 6.77 120.37 127.13 OK
r-devel-linux-x86_64-fedora-clang 2.8-0 226.36 OK --no-stop-on-test-error
r-devel-linux-x86_64-fedora-gcc 2.8-0 253.58 OK --no-stop-on-test-error
r-devel-macos-x86_64-clang 2.8-0 190.53 OK --no-stop-on-test-error
r-devel-windows-ix86+x86_64 2.8-0 41.00 240.00 281.00 OK
r-patched-linux-x86_64 2.8-0 7.16 119.88 127.05 OK
r-patched-solaris-sparc 2.8-0 1258.50 OK
r-patched-solaris-x86 2.8-0 248.80 OK
r-release-linux-x86_64 2.8-0 6.88 120.40 127.28 OK
r-release-osx-x86_64-mavericks 2.8-0 NOTE
r-release-windows-ix86+x86_64 2.8-0 22.00 154.00 176.00 OK
r-oldrel-windows-ix86+x86_64 2.8-0 25.00 179.00 204.00 OK

Check Details

Version: 2.8-0
Check: package dependencies
Result: NOTE
    Package suggested but not available for checking: ‘RODBC’
Flavor: r-release-osx-x86_64-mavericks