CRAN Package Check Results for Package BiodiversityR

Last updated on 2015-05-30 21:46:27.

Flavor Version Tinstall Tcheck Ttotal Status Flags
r-devel-linux-x86_64-debian-clang 2.5-2 5.92 89.07 94.99 OK
r-devel-linux-x86_64-debian-gcc 2.5-2 7.71 85.68 93.39 OK
r-devel-linux-x86_64-fedora-clang 2.5-2 183.39 OK
r-devel-linux-x86_64-fedora-gcc 2.5-2 175.75 OK
r-devel-osx-x86_64-clang 2.5-2 169.48 OK
r-devel-windows-ix86+x86_64 2.5-2 41.00 116.00 157.00 OK
r-patched-linux-x86_64 2.5-2 6.46 88.36 94.82 OK
r-patched-solaris-sparc 2.5-2 1144.50 OK
r-patched-solaris-x86 2.5-2 262.70 OK
r-release-linux-x86_64 2.5-2 5.97 89.88 95.85 OK
r-release-osx-x86_64-mavericks 2.5-2 NOTE
r-release-osx-x86_64-snowleopard 2.5-2 ERROR
r-release-windows-ix86+x86_64 2.5-2 29.00 132.00 161.00 OK
r-oldrel-windows-ix86+x86_64 2.5-2 63.00 218.00 281.00 OK

Check Details

Version: 2.5-2
Check: package dependencies
Result: NOTE
    Packages suggested but not available for checking:
     ‘RODBC’ ‘multcomp’ ‘dismo’ ‘rgdal’
Flavor: r-release-osx-x86_64-mavericks

Version: 2.5-2
Check: Rd cross-references
Result: NOTE
    Packages unavailable to check Rd xrefs: ‘multcomp’, ‘dismo’
Flavor: r-release-osx-x86_64-mavericks

Version: 2.5-2
Check: package dependencies
Result: ERROR
    Packages required but not available: ‘vegan’ ‘Rcmdr’
    
    Packages suggested but not available for checking:
     ‘permute’ ‘car’ ‘multcomp’ ‘dismo’ ‘raster’
    
    See section ‘The DESCRIPTION file’ in the ‘Writing R Extensions’
    manual.
Flavor: r-release-osx-x86_64-snowleopard