CRAN Package Check Results for Package BiodiversityR

Last updated on 2014-07-24 15:52:16.

Flavor Version Tinstall Tcheck Ttotal Status Flags
r-devel-linux-x86_64-debian-clang 2.4-4 1.94 65.57 67.51 OK
r-devel-linux-x86_64-debian-gcc 2.4-4 1.89 67.03 68.92 OK
r-devel-linux-x86_64-fedora-clang 2.4-4 133.72 OK
r-devel-linux-x86_64-fedora-gcc 2.4-4 127.17 OK
r-devel-osx-x86_64-clang 2.4-4 123.83 OK
r-devel-windows-ix86+x86_64 2.4-4 16.00 97.00 113.00 OK
r-patched-linux-x86_64 2.4-4 2.13 63.85 65.98 OK
r-patched-solaris-sparc 2.4-4 684.70 OK
r-patched-solaris-x86 2.4-4 172.50 OK
r-release-linux-ix86 2.4-4 2.67 84.43 87.10 OK
r-release-linux-x86_64 2.4-4 2.10 65.06 67.16 OK
r-release-osx-x86_64-mavericks 2.4-4 NOTE
r-release-osx-x86_64-snowleopard 2.4-4 OK
r-release-windows-ix86+x86_64 2.4-4 14.00 126.00 140.00 OK
r-oldrel-windows-ix86+x86_64 2.4-4 14.00 103.00 117.00 OK

Check Details

Version: 2.4-4
Check: package dependencies
Result: NOTE
    Packages suggested but not available for checking: ‘RODBC’ ‘rgdal’
Flavor: r-release-osx-x86_64-mavericks