CRAN Package Check Results for Package BiodiversityR

Last updated on 2014-04-17 02:47:43.

Flavor Version Tinstall Tcheck Ttotal Status Flags
r-devel-linux-x86_64-debian-clang 2.4-1 2.13 65.64 67.77 OK
r-devel-linux-x86_64-debian-gcc 2.4-1 1.93 65.98 67.91 OK
r-devel-linux-x86_64-fedora-clang 2.4-1 128.11 OK
r-devel-linux-x86_64-fedora-gcc 2.4-1 123.94 OK
r-devel-macosx-x86_64-clang 2.4-1 121.14 OK
r-devel-macosx-x86_64-gcc 2.4-1 ERROR
r-devel-windows-ix86+x86_64 2.4-1 11.00 96.00 107.00 OK
r-patched-linux-x86_64 2.4-1 2.00 64.98 66.98 OK
r-patched-solaris-sparc 2.4-1 713.20 OK
r-patched-solaris-x86 2.4-1 173.30 OK
r-release-linux-ix86 2.4-1 4.00 146.00 150.00 OK
r-release-linux-x86_64 2.4-1 1.99 64.56 66.56 OK
r-release-macosx-x86_64 2.4-1 NOTE
r-release-windows-ix86+x86_64 2.4-1 11.00 93.00 104.00 OK
r-oldrel-windows-ix86+x86_64 2.4-1 11.00 89.00 100.00 OK

Check Details

Version: 2.4-1
Check: package dependencies
Result: ERROR
    Package required but not available: ‘Rcmdr’
    
    Packages suggested but not available for checking:
     ‘vegan’ ‘permute’ ‘car’ ‘multcomp’ ‘dismo’ ‘raster’
    
    See the information on DESCRIPTION files in the chapter ‘Creating R
    packages’ of the ‘Writing R Extensions’ manual.
Flavor: r-devel-macosx-x86_64-gcc

Version: 2.4-1
Check: package dependencies
Result: NOTE
    Package suggested but not available for checking: ‘multcomp’
Flavor: r-release-macosx-x86_64

Version: 2.4-1
Check: Rd cross-references
Result: NOTE
    Package unavailable to check Rd xrefs: ‘multcomp’
Flavor: r-release-macosx-x86_64