CRAN Package Check Results for Package BiodiversityR

Last updated on 2015-09-05 12:49:15.

Flavor Version Tinstall Tcheck Ttotal Status Flags
r-devel-linux-x86_64-debian-clang 2.5-3 6.23 91.57 97.80 OK
r-devel-linux-x86_64-debian-gcc 2.5-3 6.17 93.86 100.03 OK
r-devel-linux-x86_64-fedora-clang 2.5-3 186.36 OK
r-devel-linux-x86_64-fedora-gcc 2.5-3 178.21 OK
r-devel-osx-x86_64-clang 2.5-3 174.01 OK
r-devel-windows-ix86+x86_64 2.5-3 50.00 139.00 189.00 OK
r-patched-linux-x86_64 2.5-3 6.52 92.40 98.92 OK
r-patched-solaris-sparc 2.5-3 1123.60 OK
r-patched-solaris-x86 2.5-3 281.80 OK
r-release-linux-x86_64 2.5-3 7.73 94.58 102.31 OK
r-release-osx-x86_64-mavericks 2.5-3 NOTE
r-release-windows-ix86+x86_64 2.5-3 41.00 143.00 184.00 OK
r-oldrel-windows-ix86+x86_64 2.5-3 60.00 255.00 315.00 OK

Check Details

Version: 2.5-3
Check: package dependencies
Result: NOTE
    Package suggested but not available for checking: ‘RODBC’
Flavor: r-release-osx-x86_64-mavericks