CRAN Package Check Results for Package Biograph

Last updated on 2015-05-30 03:48:32.

Flavor Version Tinstall Tcheck Ttotal Status Flags
r-devel-linux-x86_64-debian-clang 2.0.4 4.42 67.32 71.73 ERROR
r-devel-linux-x86_64-debian-gcc 2.0.4 4.17 65.15 69.32 ERROR
r-devel-linux-x86_64-fedora-clang 2.0.4 153.14 ERROR
r-devel-linux-x86_64-fedora-gcc 2.0.4 139.16 ERROR
r-devel-osx-x86_64-clang 2.0.4 121.48 ERROR
r-devel-windows-ix86+x86_64 2.0.4 13.00 103.00 116.00 ERROR
r-patched-linux-x86_64 2.0.4 3.94 69.26 73.20 OK
r-patched-solaris-sparc 2.0.4 1011.30 OK
r-patched-solaris-x86 2.0.4 210.20 OK
r-release-linux-x86_64 2.0.4 4.00 79.18 83.18 OK
r-release-osx-x86_64-mavericks 2.0.4 OK
r-release-osx-x86_64-snowleopard 2.0.4 ERROR
r-release-windows-ix86+x86_64 2.0.4 12.00 110.00 122.00 OK
r-oldrel-windows-ix86+x86_64 2.0.4 22.00 140.00 162.00 OK

Check Details

Version: 2.0.4
Check: examples
Result: ERROR
    Running examples in ‘Biograph-Ex.R’ failed
    The error most likely occurred in:
    
    > ### Name: Sequences
    > ### Title: Lists state sequences in the data
    > ### Aliases: Sequences
    >
    > ### ** Examples
    >
    > # Example 1: Sequences in GLHS
    > data(GLHS)
    > z <- Parameters (GLHS)
    [1] ". . . . Running function Parameters . . . . "
    [1] "Exploring types of transitions"
    > seq <- Sequences (Bdata=GLHS,mean_median="median")
    Warning in Ops.factor(100, sequences2$ncase) :
     ‘*’ not meaningful for factors
    Error in Summary.factor(c(48L, 47L, 46L, 45L, 44L, 43L, 42L, 41L, 40L, :
     ‘sum’ not meaningful for factors
    Calls: Sequences -> Summary.factor
    Execution halted
Flavors: r-devel-linux-x86_64-debian-clang, r-devel-linux-x86_64-debian-gcc, r-devel-linux-x86_64-fedora-clang, r-devel-linux-x86_64-fedora-gcc, r-devel-osx-x86_64-clang, r-devel-windows-ix86+x86_64

Version: 2.0.4
Check: package dependencies
Result: ERROR
    Package required but not available: ‘ggplot2’
    
    See section ‘The DESCRIPTION file’ in the ‘Writing R Extensions’
    manual.
Flavor: r-release-osx-x86_64-snowleopard