CRAN Package Check Results for Package Biograph

Last updated on 2015-03-28 14:48:45.

Flavor Version Tinstall Tcheck Ttotal Status Flags
r-devel-linux-x86_64-debian-clang 2.0.4 3.91 72.51 76.42 ERROR
r-devel-linux-x86_64-debian-gcc 2.0.4 4.11 69.68 73.79 OK
r-devel-linux-x86_64-fedora-clang 2.0.4 168.33 OK
r-devel-linux-x86_64-fedora-gcc 2.0.4 162.47 OK
r-devel-osx-x86_64-clang 2.0.4 141.94 OK
r-prerel-windows-ix86+x86_64 2.0.4 17.00 145.00 162.00 OK
r-prerel-linux-x86_64 2.0.4 4.36 70.37 74.73 OK
r-prerel-solaris-sparc 2.0.4 1043.80 OK
r-prerel-solaris-x86 2.0.4 201.10 OK
r-release-linux-x86_64 2.0.4 6.64 92.62 99.26 OK
r-release-osx-x86_64-mavericks 2.0.4 OK
r-release-osx-x86_64-snowleopard 2.0.4 OK
r-release-windows-ix86+x86_64 2.0.4 20.00 154.00 174.00 OK
r-oldrel-windows-ix86+x86_64 2.0.4 17.00 212.00 229.00 OK

Check Details

Version: 2.0.4
Check: examples
Result: ERROR
    Running examples in ‘Biograph-Ex.R’ failed
    The error most likely occurred in:
    
    > ### Name: plot.occup.S
    > ### Title: Plots state occupancies
    > ### Aliases: plot.occup.S
    >
    > ### ** Examples
    >
    > data(GLHS)
    > Bdata.a <- date_b (GLHS,format.out="age",covs=c("marriage","LMentry"))
    > occup <- Occup(Bdata.a)
    [1] The number of age groups is 54
    [1] ". . . . Running function Parameters . . . . "
    [1] "Exploring types of transitions"
    [1] ". . . . Running Occup . . . . "
    [1] ". . . . Running function Parameters . . . . "
    [1] "Exploring types of transitions"
    [1] "state_time: compute state.n"
    > dd <- occup$state_occup
    > t <- "States occupancies. GLHS"
    > cc <- c("red","green","lightgrey")
    > xx <- c("N","J","Censored")
    > z<- plot (x=dd,namstates.desired=xx,colours=cc,title=t,area=TRUE,xmin=10,xmax=55)
    Warning in loop_apply(n, do.ply) :
     Removed 30 rows containing missing values (position_stack).
    Error: Results must be all atomic, or all data frames
    Execution halted
Flavor: r-devel-linux-x86_64-debian-clang