CRAN Package Check Results for Package Biograph

Last updated on 2014-04-17 02:47:43.

Flavor Version Tinstall Tcheck Ttotal Status Flags
r-devel-linux-x86_64-debian-clang 2.0.4 6.10 96.08 102.18 OK
r-devel-linux-x86_64-debian-gcc 2.0.4 6.93 97.09 104.02 OK
r-devel-linux-x86_64-fedora-clang 2.0.4 224.62 OK
r-devel-linux-x86_64-fedora-gcc 2.0.4 216.90 OK
r-devel-macosx-x86_64-clang 2.0.4 181.86 OK
r-devel-macosx-x86_64-gcc 2.0.4 ERROR
r-devel-windows-ix86+x86_64 2.0.4 18.00 136.00 154.00 OK
r-patched-linux-x86_64 2.0.4 6.89 97.64 104.54 OK
r-patched-solaris-sparc 2.0.4 1245.50 OK
r-patched-solaris-x86 2.0.4 271.00 OK
r-release-linux-ix86 2.0.4 14.00 207.00 221.00 OK
r-release-linux-x86_64 2.0.4 6.35 97.74 104.08 OK
r-release-macosx-x86_64 2.0.4 OK
r-release-windows-ix86+x86_64 2.0.4 19.00 141.00 160.00 OK
r-oldrel-windows-ix86+x86_64 2.0.4 18.00 133.00 151.00 OK

Check Details

Version: 2.0.4
Check: package dependencies
Result: ERROR
    Package required but not available: ‘ggplot2’
    
    See the information on DESCRIPTION files in the chapter ‘Creating R
    packages’ of the ‘Writing R Extensions’ manual.
Flavor: r-devel-macosx-x86_64-gcc