CRAN Package Check Results for Package Biopeak

Last updated on 2022-01-29 01:49:29 CET.

Flavor Version Tinstall Tcheck Ttotal Status Flags
r-devel-linux-x86_64-debian-clang 1.0 7.14 82.07 89.21 OK
r-devel-linux-x86_64-debian-gcc 1.0 5.35 61.05 66.40 OK
r-devel-linux-x86_64-fedora-clang 1.0 100.12 OK
r-devel-linux-x86_64-fedora-gcc 1.0 96.20 OK
r-devel-windows-x86_64-new-UL 1.0 25.00 100.00 125.00 OK
r-devel-windows-x86_64-new-TK 1.0 ERROR
r-patched-linux-x86_64 1.0 5.84 70.27 76.11 OK
r-release-linux-x86_64 1.0 5.05 70.72 75.77 OK
r-release-macos-arm64 1.0 OK
r-release-macos-x86_64 1.0 OK
r-release-windows-ix86+x86_64 1.0 15.00 89.00 104.00 OK
r-oldrel-macos-x86_64 1.0 OK
r-oldrel-windows-ix86+x86_64 1.0 17.00 88.00 105.00 OK

Check Details

Version: 1.0
Check: package dependencies
Result: ERROR
    Package required but not available: 'factoextra'
    
    See section 'The DESCRIPTION file' in the 'Writing R Extensions'
    manual.
Flavor: r-devel-windows-x86_64-new-TK