CRAN Package Check Results for Package Biostatistics

Last updated on 2022-07-02 07:06:53 CEST.

Flavor Version Tinstall Tcheck Ttotal Status Flags
r-devel-linux-x86_64-debian-clang 1.0.4 2.56 19.55 22.11 OK
r-devel-linux-x86_64-debian-gcc 1.0.4 1.92 15.29 17.21 OK
r-devel-linux-x86_64-fedora-clang 1.0.4 38.01 NOTE
r-devel-linux-x86_64-fedora-gcc 1.0.4 36.53 NOTE
r-devel-windows-x86_64 1.0.4 273.00 55.00 328.00 OK
r-patched-linux-x86_64 1.0.4 2.26 18.48 20.74 OK
r-release-linux-x86_64 1.0.4 1.98 18.53 20.51 OK
r-release-macos-arm64 1.0.4 18.00 NOTE
r-release-macos-x86_64 1.0.4 25.00 NOTE
r-release-windows-x86_64 1.0.4 172.00 54.00 226.00 OK
r-oldrel-macos-arm64 1.0.4 14.00 NOTE
r-oldrel-macos-x86_64 1.0.4 20.00 NOTE
r-oldrel-windows-ix86+x86_64 1.0.4 7.00 41.00 48.00 OK

Check Details

Version: 1.0.4
Check: data for non-ASCII characters
Result: NOTE
     Note: found 46 marked UTF-8 strings
Flavors: r-devel-linux-x86_64-fedora-clang, r-devel-linux-x86_64-fedora-gcc, r-release-macos-arm64, r-release-macos-x86_64, r-oldrel-macos-arm64, r-oldrel-macos-x86_64