CRAN Package Check Results for Package BiplotGUI

Last updated on 2014-07-31 19:48:06.

Flavor Version Tinstall Tcheck Ttotal Status Flags
r-devel-windows-ix86+x86_64 0.0-7 18.00 84.00 102.00 NOTE
r-release-osx-x86_64-mavericks 0.0-7 NOTE
r-release-osx-x86_64-snowleopard 0.0-7 NOTE
r-release-windows-ix86+x86_64 0.0-7 29.00 123.00 152.00 NOTE
r-oldrel-windows-ix86+x86_64 0.0-7 29.00 125.00 154.00 NOTE

Check Details

Version: 0.0-7
Check: package dependencies
Result: NOTE
    Depends: includes the non-default packages:
     'colorspace' 'deldir' 'rgl' 'tcltk' 'tcltk2' 'tkrplot'
    Adding so many packages to the search path is excessive and importing
    selectively is preferable.
Flavors: r-devel-windows-ix86+x86_64, r-release-windows-ix86+x86_64

Version: 0.0-7
Check: DESCRIPTION meta-information
Result: NOTE
    Package listed in more than one of Depends, Imports, Suggests, Enhances:
     'colorspace'
    A package should be listed in only one of these fields.
Flavors: r-devel-windows-ix86+x86_64, r-release-osx-x86_64-mavericks, r-release-osx-x86_64-snowleopard, r-release-windows-ix86+x86_64, r-oldrel-windows-ix86+x86_64

Version: 0.0-7
Check: dependencies in R code
Result: NOTE
    Packages in Depends field not imported from:
     'deldir' 'rgl' 'tcltk2' 'tkrplot'
     These packages need to be imported from (in the NAMESPACE file)
     for when this namespace is loaded but not attached.
    See the information on DESCRIPTION files in the chapter 'Creating R
    packages' of the 'Writing R Extensions' manual.
Flavors: r-devel-windows-ix86+x86_64, r-release-osx-x86_64-mavericks, r-release-osx-x86_64-snowleopard, r-release-windows-ix86+x86_64, r-oldrel-windows-ix86+x86_64