CRAN Package Check Results for Package BiplotGUI

Last updated on 2014-04-19 15:49:39.

Flavor Version Tinstall Tcheck Ttotal Status Flags
r-devel-macosx-x86_64-gcc 0.0-7 NOTE --install=no
r-devel-windows-ix86+x86_64 0.0-7 18.00 77.00 95.00 NOTE
r-patched-solaris-sparc 0.0-7 222.00 NOTE --install=no
r-patched-solaris-x86 0.0-7 41.70 NOTE --install=no
r-release-macosx-x86_64 0.0-7 NOTE --install=no
r-release-windows-ix86+x86_64 0.0-7 25.00 90.00 115.00 NOTE
r-oldrel-windows-ix86+x86_64 0.0-7 20.00 86.00 106.00 NOTE

Check Details

Version: 0.0-7
Check: DESCRIPTION meta-information
Result: NOTE
    Package listed in more than one of Depends, Imports, Suggests, Enhances:
     ‘colorspace’
    A package should be listed in only one of these fields.
Flavors: r-devel-macosx-x86_64-gcc, r-devel-windows-ix86+x86_64, r-patched-solaris-sparc, r-patched-solaris-x86, r-release-macosx-x86_64, r-release-windows-ix86+x86_64, r-oldrel-windows-ix86+x86_64

Version: 0.0-7
Check: dependencies in R code
Result: NOTE
    Packages in Depends field not imported from:
     ‘deldir’ ‘rgl’ ‘tcltk2’ ‘tkrplot’
     These packages need to be imported from (in the NAMESPACE file)
     for when this namespace is loaded but not attached.
    See the information on DESCRIPTION files in the chapter ‘Creating R
    packages’ of the ‘Writing R Extensions’ manual.
Flavors: r-devel-macosx-x86_64-gcc, r-devel-windows-ix86+x86_64, r-patched-solaris-sparc, r-patched-solaris-x86, r-release-macosx-x86_64, r-release-windows-ix86+x86_64, r-oldrel-windows-ix86+x86_64

Version: 0.0-7
Check: package dependencies
Result: NOTE
    Depends: includes the non-default packages:
     'colorspace' 'deldir' 'rgl' 'tcltk' 'tcltk2' 'tkrplot'
    Adding so many packages to the search path is excessive and importing
    selectively is preferable.
Flavors: r-devel-windows-ix86+x86_64, r-release-windows-ix86+x86_64

Version: 0.0-7
Check: R code for possible problems
Result: NOTE
    Found an obsolete/platform-specific call in the following function:
     ‘Biplots’
    Found the platform-specific device:
     ‘x11’
    dev.new() is the preferred way to open a new device, in the unlikely
    event one is needed.
Flavors: r-patched-solaris-sparc, r-patched-solaris-x86