CRAN Package Check Results for Package Blaunet

Last updated on 2019-04-19 22:52:18 CEST.

Flavor Version Tinstall Tcheck Ttotal Status Flags
r-devel-linux-x86_64-debian-clang 2.0.8 3.68 40.69 44.37 OK
r-devel-linux-x86_64-debian-gcc 2.0.8 2.45 31.68 34.13 OK
r-devel-linux-x86_64-fedora-clang 2.0.8 55.01 NOTE
r-devel-linux-x86_64-fedora-gcc 2.0.8 53.25 NOTE
r-devel-windows-ix86+x86_64 2.0.8 13.00 52.00 65.00 OK
r-patched-linux-x86_64 2.0.8 4.05 40.72 44.77 OK
r-patched-solaris-x86 2.0.8 79.60 NOTE
r-release-linux-x86_64 2.0.8 3.19 37.15 40.34 OK
r-release-windows-ix86+x86_64 2.0.8 6.00 44.00 50.00 OK
r-release-osx-x86_64 2.0.8 ERROR
r-oldrel-windows-ix86+x86_64 2.0.8 8.00 68.00 76.00 OK
r-oldrel-osx-x86_64 2.0.8 ERROR

Check Details

Version: 2.0.8
Check: dependencies in R code
Result: NOTE
    Namespaces in Imports field not imported from:
     ‘RGtk2’ ‘cairoDevice’ ‘ergm’ ‘foreign’ ‘gWidgets’ ‘gWidgetsRGtk2’
     ‘haven’ ‘plot3D’ ‘plot3Drgl’ ‘rgl’ ‘sna’ ‘statnet.common’
     All declared Imports should be used.
Flavors: r-devel-linux-x86_64-fedora-clang, r-devel-linux-x86_64-fedora-gcc, r-patched-solaris-x86

Version: 2.0.8
Check: package dependencies
Result: ERROR
    Packages required but not available: ‘gWidgetsRGtk2’ ‘RGtk2’ ‘cairoDevice’
    
    See section ‘The DESCRIPTION file’ in the ‘Writing R Extensions’
    manual.
Flavors: r-release-osx-x86_64, r-oldrel-osx-x86_64