CRAN Package Check Results for Package Blaunet

Last updated on 2019-02-21 12:01:45 CET.

Flavor Version Tinstall Tcheck Ttotal Status Flags
r-devel-linux-x86_64-debian-clang 2.0.8 3.09 37.03 40.12 OK
r-devel-linux-x86_64-debian-gcc 2.0.8 2.16 28.35 30.51 OK
r-devel-linux-x86_64-fedora-clang 2.0.8 45.89 NOTE
r-devel-linux-x86_64-fedora-gcc 2.0.8 42.30 NOTE
r-devel-windows-ix86+x86_64 2.0.8 9.00 64.00 73.00 OK
r-patched-linux-x86_64 2.0.8 OK
r-patched-solaris-x86 2.0.8 65.80 NOTE
r-release-linux-x86_64 2.0.8 OK
r-release-windows-ix86+x86_64 2.0.8 5.00 69.00 74.00 OK
r-release-osx-x86_64 2.0.8 ERROR
r-oldrel-windows-ix86+x86_64 2.0.8 4.00 45.00 49.00 OK
r-oldrel-osx-x86_64 2.0.8 ERROR

Check Details

Version: 2.0.8
Check: dependencies in R code
Result: NOTE
    Namespaces in Imports field not imported from:
     ‘RGtk2’ ‘cairoDevice’ ‘ergm’ ‘foreign’ ‘gWidgets’ ‘gWidgetsRGtk2’
     ‘haven’ ‘plot3D’ ‘plot3Drgl’ ‘rgl’ ‘sna’ ‘statnet.common’
     All declared Imports should be used.
Flavors: r-devel-linux-x86_64-fedora-clang, r-devel-linux-x86_64-fedora-gcc, r-patched-solaris-x86

Version: 2.0.8
Check: package dependencies
Result: ERROR
    Packages required but not available: ‘gWidgetsRGtk2’ ‘RGtk2’ ‘cairoDevice’
    
    See section ‘The DESCRIPTION file’ in the ‘Writing R Extensions’
    manual.
Flavors: r-release-osx-x86_64, r-oldrel-osx-x86_64