Last updated on 2023-09-30 14:51:07 CEST.
Flavor | Version | Tinstall | Tcheck | Ttotal | Status | Flags |
---|---|---|---|---|---|---|
r-devel-linux-x86_64-debian-clang | 2.2.1 | 7.21 | 65.26 | 72.47 | NOTE | |
r-devel-linux-x86_64-debian-gcc | 2.2.1 | 4.73 | 47.72 | 52.45 | NOTE | |
r-devel-linux-x86_64-fedora-clang | 2.2.1 | 85.04 | NOTE | |||
r-devel-linux-x86_64-fedora-gcc | 2.2.1 | 83.64 | NOTE | |||
r-devel-windows-x86_64 | 2.2.1 | 7.00 | 74.00 | 81.00 | NOTE | |
r-patched-linux-x86_64 | 2.2.1 | 4.17 | 61.38 | 65.55 | OK | |
r-release-linux-x86_64 | 2.2.1 | 3.82 | 62.42 | 66.24 | OK | |
r-release-macos-arm64 | 2.2.1 | 30.00 | OK | |||
r-release-macos-x86_64 | 2.2.1 | 44.00 | OK | |||
r-release-windows-x86_64 | 2.2.1 | 8.00 | 79.00 | 87.00 | OK | |
r-oldrel-macos-arm64 | 2.2.1 | 34.00 | NOTE | |||
r-oldrel-macos-x86_64 | 2.2.1 | 38.00 | NOTE | |||
r-oldrel-windows-x86_64 | 2.2.1 | 8.00 | 83.00 | 91.00 | OK |
Version: 2.2.1
Check: Rd contents
Result: NOTE
Argument items with no description in Rd object 'export.dyadic':
‘blauObj’
Flavors: r-devel-linux-x86_64-debian-clang, r-devel-linux-x86_64-debian-gcc, r-devel-linux-x86_64-fedora-clang, r-devel-linux-x86_64-fedora-gcc, r-devel-windows-x86_64
Version: 2.2.1
Check: dependencies in R code
Result: NOTE
Namespaces in Imports field not imported from:
‘digest’ ‘ergm’ ‘foreign’ ‘gWidgets2’ ‘gWidgets2tcltk’ ‘haven’
‘plot3D’ ‘plot3Drgl’ ‘rgl’ ‘sna’ ‘statnet.common’
All declared Imports should be used.
Flavors: r-devel-linux-x86_64-fedora-clang, r-devel-linux-x86_64-fedora-gcc, r-oldrel-macos-arm64, r-oldrel-macos-x86_64