CRAN Package Check Results for Package BlockCov

Last updated on 2022-10-02 17:51:36 CEST.

Flavor Version Tinstall Tcheck Ttotal Status Flags
r-devel-linux-x86_64-debian-clang 0.1.1 11.52 118.76 130.28 NOTE
r-devel-linux-x86_64-debian-gcc 0.1.1 7.82 85.85 93.67 NOTE
r-devel-linux-x86_64-fedora-clang 0.1.1 174.72 NOTE
r-devel-linux-x86_64-fedora-gcc 0.1.1 166.51 NOTE
r-devel-windows-x86_64 0.1.1 19.00 146.00 165.00 NOTE
r-patched-linux-x86_64 0.1.1 11.43 107.86 119.29 NOTE
r-release-linux-x86_64 0.1.1 9.28 109.36 118.64 NOTE
r-release-macos-arm64 0.1.1 42.00 NOTE
r-release-macos-x86_64 0.1.1 86.00 NOTE
r-release-windows-x86_64 0.1.1 23.00 145.00 168.00 NOTE
r-oldrel-macos-arm64 0.1.1 51.00 NOTE
r-oldrel-macos-x86_64 0.1.1 84.00 NOTE
r-oldrel-windows-ix86+x86_64 0.1.1 24.00 133.00 157.00 NOTE

Check Details

Version: 0.1.1
Check: LazyData
Result: NOTE
     'LazyData' is specified without a 'data' directory
Flavors: r-devel-linux-x86_64-debian-clang, r-devel-linux-x86_64-debian-gcc, r-devel-linux-x86_64-fedora-clang, r-devel-linux-x86_64-fedora-gcc, r-devel-windows-x86_64, r-patched-linux-x86_64, r-release-linux-x86_64, r-release-macos-arm64, r-release-macos-x86_64, r-release-windows-x86_64, r-oldrel-macos-arm64, r-oldrel-macos-x86_64, r-oldrel-windows-ix86+x86_64