CRAN Package Check Results for Package BlockMessage

Last updated on 2019-01-21 08:48:59 CET.

Flavor Version Tinstall Tcheck Ttotal Status Flags
r-devel-linux-x86_64-debian-clang 1.0 0.93 16.48 17.41 NOTE
r-devel-linux-x86_64-debian-gcc 1.0 0.64 13.63 14.27 NOTE
r-devel-linux-x86_64-fedora-clang 1.0 20.85 NOTE
r-devel-linux-x86_64-fedora-gcc 1.0 19.52 NOTE
r-devel-windows-ix86+x86_64 1.0 2.00 25.00 27.00 NOTE
r-patched-linux-x86_64 1.0 0.90 15.50 16.40 NOTE
r-patched-solaris-x86 1.0 32.30 NOTE
r-release-linux-x86_64 1.0 0.84 15.38 16.22 NOTE
r-release-windows-ix86+x86_64 1.0 2.00 25.00 27.00 NOTE
r-release-osx-x86_64 1.0 NOTE
r-oldrel-windows-ix86+x86_64 1.0 2.00 39.00 41.00 NOTE
r-oldrel-osx-x86_64 1.0 NOTE

Check Details

Version: 1.0
Check: DESCRIPTION meta-information
Result: NOTE
    Malformed Description field: should contain one or more complete sentences.
Flavors: r-devel-linux-x86_64-debian-clang, r-devel-linux-x86_64-debian-gcc, r-devel-linux-x86_64-fedora-clang, r-devel-linux-x86_64-fedora-gcc, r-devel-windows-ix86+x86_64, r-patched-linux-x86_64, r-patched-solaris-x86, r-release-linux-x86_64, r-release-windows-ix86+x86_64, r-release-osx-x86_64, r-oldrel-windows-ix86+x86_64, r-oldrel-osx-x86_64

Version: 1.0
Check: R code for possible problems
Result: NOTE
    blockMessage : <anonymous>: no visible global function definition for
     ‘head’
    blockMessage: no visible global function definition for ‘head’
    blockMessage: no visible global function definition for ‘tail’
    Undefined global functions or variables:
     head tail
    Consider adding
     importFrom("utils", "head", "tail")
    to your NAMESPACE file.
Flavors: r-devel-linux-x86_64-debian-clang, r-devel-linux-x86_64-debian-gcc, r-devel-linux-x86_64-fedora-clang, r-devel-linux-x86_64-fedora-gcc, r-devel-windows-ix86+x86_64, r-patched-linux-x86_64, r-patched-solaris-x86, r-release-linux-x86_64, r-release-windows-ix86+x86_64, r-release-osx-x86_64, r-oldrel-windows-ix86+x86_64, r-oldrel-osx-x86_64