CRAN Package Check Results for Package BlockMessage

Last updated on 2018-08-14 11:48:56 CEST.

Flavor Version Tinstall Tcheck Ttotal Status Flags
r-devel-linux-x86_64-debian-clang 1.0 0.92 16.86 17.78 NOTE
r-devel-linux-x86_64-debian-gcc 1.0 0.78 13.71 14.49 NOTE
r-devel-linux-x86_64-fedora-clang 1.0 20.49 NOTE
r-devel-linux-x86_64-fedora-gcc 1.0 19.64 NOTE
r-devel-windows-ix86+x86_64 1.0 3.00 34.00 37.00 NOTE
r-patched-linux-x86_64 1.0 0.80 15.39 16.19 NOTE
r-patched-solaris-x86 1.0 32.10 NOTE
r-release-linux-x86_64 1.0 0.86 15.45 16.31 NOTE
r-release-windows-ix86+x86_64 1.0 3.00 35.00 38.00 NOTE
r-release-osx-x86_64 1.0 NOTE
r-oldrel-windows-ix86+x86_64 1.0 2.00 23.00 25.00 NOTE
r-oldrel-osx-x86_64 1.0 NOTE

Check Details

Version: 1.0
Check: DESCRIPTION meta-information
Result: NOTE
    Malformed Description field: should contain one or more complete sentences.
Flavors: r-devel-linux-x86_64-debian-clang, r-devel-linux-x86_64-debian-gcc, r-devel-linux-x86_64-fedora-clang, r-devel-linux-x86_64-fedora-gcc, r-devel-windows-ix86+x86_64, r-patched-linux-x86_64, r-patched-solaris-x86, r-release-linux-x86_64, r-release-windows-ix86+x86_64, r-release-osx-x86_64, r-oldrel-windows-ix86+x86_64, r-oldrel-osx-x86_64

Version: 1.0
Check: R code for possible problems
Result: NOTE
    blockMessage : <anonymous>: no visible global function definition for
     ‘head’
    blockMessage: no visible global function definition for ‘head’
    blockMessage: no visible global function definition for ‘tail’
    Undefined global functions or variables:
     head tail
    Consider adding
     importFrom("utils", "head", "tail")
    to your NAMESPACE file.
Flavors: r-devel-linux-x86_64-debian-clang, r-devel-linux-x86_64-debian-gcc, r-devel-linux-x86_64-fedora-clang, r-devel-linux-x86_64-fedora-gcc, r-devel-windows-ix86+x86_64, r-patched-linux-x86_64, r-patched-solaris-x86, r-release-linux-x86_64, r-release-windows-ix86+x86_64, r-release-osx-x86_64, r-oldrel-windows-ix86+x86_64, r-oldrel-osx-x86_64