CRAN Package Check Results for Package Bmix

Last updated on 2017-07-28 01:50:50.

Flavor Version Tinstall Tcheck Ttotal Status Flags
r-devel-linux-x86_64-debian-clang 0.6 5.77 17.33 23.10 NOTE
r-devel-linux-x86_64-debian-gcc 0.6 5.22 17.33 22.55 NOTE
r-devel-linux-x86_64-fedora-clang 0.6 32.84 NOTE
r-devel-linux-x86_64-fedora-gcc 0.6 31.46 NOTE
r-devel-windows-ix86+x86_64 0.6 32.00 50.00 82.00 OK
r-patched-linux-x86_64 0.6 5.85 17.17 23.02 NOTE
r-patched-solaris-x86 0.6 47.10 OK
r-release-linux-x86_64 0.6 5.58 17.30 22.87 NOTE
r-release-windows-ix86+x86_64 0.6 25.00 43.00 68.00 OK
r-release-osx-x86_64 0.6 OK
r-oldrel-windows-ix86+x86_64 0.6 39.00 53.00 92.00 OK
r-oldrel-osx-x86_64 0.6 OK

Check Details

Version: 0.6
Check: compiled code
Result: NOTE
    File ‘Bmix/libs/Bmix.so’:
     Found no calls to: ‘R_registerRoutines’, ‘R_useDynamicSymbols’
    
    It is good practice to register native routines and to disable symbol
    search.
    
    See ‘Writing portable packages’ in the ‘Writing R Extensions’ manual.
Flavors: r-devel-linux-x86_64-debian-clang, r-devel-linux-x86_64-debian-gcc, r-devel-linux-x86_64-fedora-clang, r-devel-linux-x86_64-fedora-gcc, r-patched-linux-x86_64, r-release-linux-x86_64