CRAN Package Check Results for Package Bmix

Last updated on 2018-01-20 05:48:57 CET.

Flavor Version Tinstall Tcheck Ttotal Status Flags
r-devel-linux-x86_64-debian-clang 0.6 7.35 17.99 25.34 NOTE
r-devel-linux-x86_64-debian-gcc 0.6 5.70 14.17 19.87 NOTE
r-devel-linux-x86_64-fedora-clang 0.6 33.03 NOTE
r-devel-linux-x86_64-fedora-gcc 0.6 29.88 NOTE
r-devel-windows-ix86+x86_64 0.6 24.00 45.00 69.00 OK
r-patched-linux-x86_64 0.6 6.87 16.35 23.22 NOTE
r-patched-solaris-x86 0.6 45.70 OK
r-release-linux-x86_64 0.6 7.71 16.32 24.03 NOTE
r-release-windows-ix86+x86_64 0.6 24.00 40.00 64.00 OK
r-release-osx-x86_64 0.6 OK
r-oldrel-windows-ix86+x86_64 0.6 39.00 53.00 92.00 OK
r-oldrel-osx-x86_64 0.6 OK

Check Details

Version: 0.6
Check: compiled code
Result: NOTE
    File ‘Bmix/libs/Bmix.so’:
     Found no calls to: ‘R_registerRoutines’, ‘R_useDynamicSymbols’
    
    It is good practice to register native routines and to disable symbol
    search.
    
    See ‘Writing portable packages’ in the ‘Writing R Extensions’ manual.
Flavors: r-devel-linux-x86_64-debian-clang, r-devel-linux-x86_64-debian-gcc, r-devel-linux-x86_64-fedora-clang, r-devel-linux-x86_64-fedora-gcc, r-patched-linux-x86_64, r-release-linux-x86_64