CRAN Package Check Results for Package Bmix

Last updated on 2018-04-20 10:02:46 CEST.

Flavor Version Tinstall Tcheck Ttotal Status Flags
r-devel-linux-x86_64-debian-clang 0.6 8.40 14.34 22.74 NOTE
r-devel-linux-x86_64-debian-gcc 0.6 6.56 13.92 20.48 NOTE
r-devel-linux-x86_64-fedora-clang 0.6 33.37 NOTE
r-devel-linux-x86_64-fedora-gcc 0.6 29.20 NOTE
r-devel-windows-ix86+x86_64 0.6 25.00 65.00 90.00 OK
r-devel-osx-x86_64 0.6 OK
r-patched-linux-x86_64 0.6 8.64 16.81 25.45 NOTE
r-patched-solaris-x86 0.6 45.70 OK
r-release-linux-x86_64 0.6 7.37 16.39 23.76 NOTE
r-release-windows-ix86+x86_64 0.6 26.00 37.00 63.00 OK
r-release-osx-x86_64 0.6 OK
r-oldrel-windows-ix86+x86_64 0.6 28.00 57.00 85.00 OK

Check Details

Version: 0.6
Check: compiled code
Result: NOTE
    File ‘Bmix/libs/Bmix.so’:
     Found no calls to: ‘R_registerRoutines’, ‘R_useDynamicSymbols’
    
    It is good practice to register native routines and to disable symbol
    search.
    
    See ‘Writing portable packages’ in the ‘Writing R Extensions’ manual.
Flavors: r-devel-linux-x86_64-debian-clang, r-devel-linux-x86_64-debian-gcc, r-devel-linux-x86_64-fedora-clang, r-devel-linux-x86_64-fedora-gcc, r-patched-linux-x86_64, r-release-linux-x86_64