CRAN Package Check Results for Package Bmix

Last updated on 2014-11-27 16:48:06.

Flavor Version Tinstall Tcheck Ttotal Status Flags
r-devel-linux-x86_64-debian-clang 0.3 3.63 10.18 13.82 NOTE
r-devel-linux-x86_64-debian-gcc 0.3 5.14 10.09 15.23 NOTE
r-devel-linux-x86_64-fedora-clang 0.3 34.55 NOTE
r-devel-linux-x86_64-fedora-gcc 0.3 29.59 NOTE
r-devel-osx-x86_64-clang 0.3 30.41 NOTE
r-devel-windows-ix86+x86_64 0.3 27.00 26.00 53.00 NOTE
r-patched-linux-x86_64 0.3 5.19 10.20 15.39 NOTE
r-patched-solaris-sparc 0.3 184.90 NOTE
r-patched-solaris-x86 0.3 40.70 NOTE
r-release-linux-ix86 0.3 6.71 15.99 22.70 NOTE
r-release-linux-x86_64 0.3 5.40 10.10 15.50 NOTE
r-release-osx-x86_64-mavericks 0.3 NOTE
r-release-windows-ix86+x86_64 0.3 22.00 30.00 52.00 NOTE
r-oldrel-windows-ix86+x86_64 0.3 23.00 30.00 53.00 NOTE

Check Details

Version: 0.3
Check: top-level files
Result: NOTE
    File
     LICENSE
    is not mentioned in the DESCRIPTION file.
Flavors: r-devel-linux-x86_64-debian-clang, r-devel-linux-x86_64-debian-gcc, r-devel-linux-x86_64-fedora-clang, r-devel-linux-x86_64-fedora-gcc, r-devel-osx-x86_64-clang, r-devel-windows-ix86+x86_64, r-patched-linux-x86_64, r-patched-solaris-sparc, r-patched-solaris-x86, r-release-linux-ix86, r-release-linux-x86_64, r-release-osx-x86_64-mavericks, r-release-windows-ix86+x86_64, r-oldrel-windows-ix86+x86_64