CRAN Package Check Results for Package Bmix

Last updated on 2017-05-30 14:47:02.

Flavor Version Tinstall Tcheck Ttotal Status Flags
r-devel-linux-x86_64-debian-clang 0.6 5.79 11.64 17.43 NOTE
r-devel-linux-x86_64-debian-gcc 0.6 5.47 11.22 16.69 NOTE
r-devel-linux-x86_64-fedora-clang 0.6 30.80 NOTE
r-devel-linux-x86_64-fedora-gcc 0.6 27.68 NOTE
r-devel-windows-ix86+x86_64 0.6 25.00 44.00 69.00 OK
r-patched-linux-x86_64 0.6 5.08 11.43 16.51 NOTE
r-patched-solaris-sparc 0.6 167.50 OK
r-patched-solaris-x86 0.6 44.10 OK
r-release-linux-x86_64 0.6 5.02 11.43 16.45 NOTE
r-release-windows-ix86+x86_64 0.6 25.00 43.00 68.00 OK
r-release-osx-x86_64 0.6 OK
r-oldrel-windows-ix86+x86_64 0.6 39.00 53.00 92.00 OK
r-oldrel-osx-x86_64 0.6 OK

Check Details

Version: 0.6
Check: compiled code
Result: NOTE
    File ‘Bmix/libs/Bmix.so’:
     Found no calls to: ‘R_registerRoutines’, ‘R_useDynamicSymbols’
    
    It is good practice to register native routines and to disable symbol
    search.
    
    See ‘Writing portable packages’ in the ‘Writing R Extensions’ manual.
Flavors: r-devel-linux-x86_64-debian-clang, r-devel-linux-x86_64-debian-gcc, r-devel-linux-x86_64-fedora-clang, r-devel-linux-x86_64-fedora-gcc, r-patched-linux-x86_64, r-release-linux-x86_64