CRAN Package Check Results for Package Bmix

Last updated on 2014-07-31 22:47:09.

Flavor Version Tinstall Tcheck Ttotal Status Flags
r-devel-linux-x86_64-debian-clang 0.3 3.03 9.46 12.49 NOTE
r-devel-linux-x86_64-debian-gcc 0.3 5.02 8.89 13.90 NOTE
r-devel-linux-x86_64-fedora-clang 0.3 25.41 NOTE
r-devel-linux-x86_64-fedora-gcc 0.3 26.73 NOTE
r-devel-osx-x86_64-clang 0.3 27.50 NOTE
r-devel-windows-ix86+x86_64 0.3 23.00 24.00 47.00 NOTE
r-patched-linux-x86_64 0.3 5.13 9.27 14.40 NOTE
r-patched-solaris-sparc 0.3 184.90 NOTE
r-patched-solaris-x86 0.3 37.20 NOTE
r-release-linux-ix86 0.3 7.02 15.28 22.29 NOTE
r-release-linux-x86_64 0.3 5.26 10.01 15.27 NOTE
r-release-osx-x86_64-mavericks 0.3 NOTE
r-release-windows-ix86+x86_64 0.3 26.00 25.00 51.00 NOTE
r-oldrel-windows-ix86+x86_64 0.3 22.00 32.00 54.00 NOTE

Check Details

Version: 0.3
Check: top-level files
Result: NOTE
    File
     LICENSE
    is not mentioned in the DESCRIPTION file.
Flavors: r-devel-linux-x86_64-debian-clang, r-devel-linux-x86_64-debian-gcc, r-devel-linux-x86_64-fedora-clang, r-devel-linux-x86_64-fedora-gcc, r-devel-osx-x86_64-clang, r-devel-windows-ix86+x86_64, r-patched-linux-x86_64, r-patched-solaris-sparc, r-patched-solaris-x86, r-release-linux-ix86, r-release-linux-x86_64, r-release-osx-x86_64-mavericks, r-release-windows-ix86+x86_64, r-oldrel-windows-ix86+x86_64