CRAN Package Check Results for Package Bmix

Last updated on 2014-04-23 17:47:41.

Flavor Version Tinstall Tcheck Ttotal Status Flags
r-devel-linux-x86_64-debian-clang 0.3 3.26 9.80 13.06 NOTE
r-devel-linux-x86_64-debian-gcc 0.3 5.25 9.82 15.07 NOTE
r-devel-linux-x86_64-fedora-clang 0.3 26.25 NOTE
r-devel-linux-x86_64-fedora-gcc 0.3 28.07 NOTE
r-devel-osx-x86_64-clang 0.3 28.68 NOTE
r-devel-osx-x86_64-gcc 0.3 NOTE
r-devel-windows-ix86+x86_64 0.3 21.00 24.00 45.00 NOTE
r-patched-linux-x86_64 0.3 4.96 9.61 14.57 NOTE
r-patched-solaris-sparc 0.3 170.70 NOTE
r-patched-solaris-x86 0.3 38.30 NOTE
r-release-linux-ix86 0.3 8.00 23.00 31.00 NOTE
r-release-linux-x86_64 0.3 4.95 9.86 14.81 NOTE
r-release-osx-x86_64-mavericks 0.3 NOTE
r-release-windows-ix86+x86_64 0.3 28.00 37.00 65.00 NOTE
r-oldrel-windows-ix86+x86_64 0.3 24.00 35.00 59.00 NOTE

Check Details

Version: 0.3
Check: top-level files
Result: NOTE
    File
     LICENSE
    is not mentioned in the DESCRIPTION file.
Flavors: r-devel-linux-x86_64-debian-clang, r-devel-linux-x86_64-debian-gcc, r-devel-linux-x86_64-fedora-clang, r-devel-linux-x86_64-fedora-gcc, r-devel-osx-x86_64-clang, r-devel-osx-x86_64-gcc, r-devel-windows-ix86+x86_64, r-patched-linux-x86_64, r-patched-solaris-sparc, r-patched-solaris-x86, r-release-linux-ix86, r-release-linux-x86_64, r-release-osx-x86_64-mavericks, r-release-windows-ix86+x86_64, r-oldrel-windows-ix86+x86_64