CRAN Package Check Results for Package Bmix

Last updated on 2017-02-26 23:48:05.

Flavor Version Tinstall Tcheck Ttotal Status Flags
r-devel-linux-x86_64-debian-clang 0.6 5.72 11.51 17.22 NOTE
r-devel-linux-x86_64-debian-gcc 0.6 5.46 11.59 17.04 NOTE
r-devel-linux-x86_64-fedora-clang 0.6 29.90 NOTE --no-stop-on-test-error
r-devel-linux-x86_64-fedora-gcc 0.6 31.55 NOTE --no-stop-on-test-error
r-devel-macos-x86_64-clang 0.6 24.56 NOTE --no-stop-on-test-error
r-devel-windows-ix86+x86_64 0.6 24.00 56.00 80.00 OK
r-patched-linux-x86_64 0.6 4.99 9.54 14.53 OK
r-patched-solaris-sparc 0.6 129.70 OK
r-patched-solaris-x86 0.6 32.00 OK
r-release-linux-x86_64 0.6 5.06 10.09 15.15 OK
r-release-osx-x86_64-mavericks 0.6 OK
r-release-windows-ix86+x86_64 0.6 43.00 30.00 73.00 OK
r-oldrel-windows-ix86+x86_64 0.6 52.00 35.00 87.00 OK

Check Details

Version: 0.6
Check: compiled code
Result: NOTE
    File ‘Bmix/libs/Bmix.so’:
     Found no calls to: ‘R_registerRoutines’, ‘R_useDynamicSymbols’
    
    It is good practice to register native routines and to disable symbol
    search.
    
    See ‘Writing portable packages’ in the ‘Writing R Extensions’ manual.
Flavors: r-devel-linux-x86_64-debian-clang, r-devel-linux-x86_64-debian-gcc

Version: 0.6
Flags: --no-stop-on-test-error
Check: compiled code
Result: NOTE
    File ‘Bmix/libs/Bmix.so’:
     Found no calls to: ‘R_registerRoutines’, ‘R_useDynamicSymbols’
    
    It is good practice to register native routines and to disable symbol
    search.
    
    See ‘Writing portable packages’ in the ‘Writing R Extensions’ manual.
Flavors: r-devel-linux-x86_64-fedora-clang, r-devel-linux-x86_64-fedora-gcc, r-devel-macos-x86_64-clang