CRAN Package Check Results for Package Bmix

Last updated on 2017-09-24 00:50:55.

Flavor Version Tinstall Tcheck Ttotal Status Flags
r-devel-linux-x86_64-debian-clang 0.6 7.04 11.65 18.69 NOTE
r-devel-linux-x86_64-debian-gcc 0.6 5.42 11.26 16.68 NOTE
r-devel-linux-x86_64-fedora-clang 0.6 32.61 NOTE
r-devel-linux-x86_64-fedora-gcc 0.6 27.45 NOTE
r-devel-windows-ix86+x86_64 0.6 39.00 43.00 82.00 OK
r-patched-linux-x86_64 0.6 5.62 11.28 16.90 NOTE
r-patched-solaris-x86 0.6 51.50 OK
r-release-linux-x86_64 0.6 5.71 11.62 17.33 NOTE
r-release-windows-ix86+x86_64 0.6 24.00 40.00 64.00 OK
r-release-osx-x86_64 0.6 OK
r-oldrel-windows-ix86+x86_64 0.6 39.00 53.00 92.00 OK
r-oldrel-osx-x86_64 0.6 OK

Check Details

Version: 0.6
Check: compiled code
Result: NOTE
    File ‘Bmix/libs/Bmix.so’:
     Found no calls to: ‘R_registerRoutines’, ‘R_useDynamicSymbols’
    
    It is good practice to register native routines and to disable symbol
    search.
    
    See ‘Writing portable packages’ in the ‘Writing R Extensions’ manual.
Flavors: r-devel-linux-x86_64-debian-clang, r-devel-linux-x86_64-debian-gcc, r-devel-linux-x86_64-fedora-clang, r-devel-linux-x86_64-fedora-gcc, r-patched-linux-x86_64, r-release-linux-x86_64