CRAN Package Check Results for Package Bmix

Last updated on 2014-08-30 11:51:19.

Flavor Version Tinstall Tcheck Ttotal Status Flags
r-devel-linux-x86_64-debian-clang 0.3 3.04 8.97 12.01 NOTE
r-devel-linux-x86_64-debian-gcc 0.3 5.02 9.11 14.13 NOTE
r-devel-linux-x86_64-fedora-clang 0.3 25.86 NOTE
r-devel-linux-x86_64-fedora-gcc 0.3 27.37 NOTE
r-devel-osx-x86_64-clang 0.3 26.53 NOTE
r-devel-windows-ix86+x86_64 0.3 23.00 27.00 50.00 NOTE
r-patched-linux-x86_64 0.3 5.07 9.20 14.27 NOTE
r-patched-solaris-sparc 0.3 184.90 NOTE
r-patched-solaris-x86 0.3 37.70 NOTE
r-release-linux-ix86 0.3 7.02 15.52 22.55 NOTE
r-release-linux-x86_64 0.3 5.13 9.51 14.64 NOTE
r-release-osx-x86_64-mavericks 0.3 NOTE
r-release-windows-ix86+x86_64 0.3 26.00 25.00 51.00 NOTE
r-oldrel-windows-ix86+x86_64 0.3 22.00 32.00 54.00 NOTE

Check Details

Version: 0.3
Check: top-level files
Result: NOTE
    File
     LICENSE
    is not mentioned in the DESCRIPTION file.
Flavors: r-devel-linux-x86_64-debian-clang, r-devel-linux-x86_64-debian-gcc, r-devel-linux-x86_64-fedora-clang, r-devel-linux-x86_64-fedora-gcc, r-devel-osx-x86_64-clang, r-devel-windows-ix86+x86_64, r-patched-linux-x86_64, r-patched-solaris-sparc, r-patched-solaris-x86, r-release-linux-ix86, r-release-linux-x86_64, r-release-osx-x86_64-mavericks, r-release-windows-ix86+x86_64, r-oldrel-windows-ix86+x86_64