CRAN Package Check Results for Package Bmix

Last updated on 2015-08-30 09:47:17.

Flavor Version Tinstall Tcheck Ttotal Status Flags
r-devel-linux-x86_64-debian-clang 0.5 3.74 8.86 12.60 NOTE
r-devel-linux-x86_64-debian-gcc 0.5 5.04 8.66 13.70 NOTE
r-devel-linux-x86_64-fedora-clang 0.5 25.72 NOTE
r-devel-linux-x86_64-fedora-gcc 0.5 25.74 NOTE
r-devel-osx-x86_64-clang 0.5 23.66 OK
r-devel-windows-ix86+x86_64 0.5 30.00 31.00 61.00 NOTE
r-patched-linux-x86_64 0.5 5.12 9.32 14.43 OK
r-patched-solaris-sparc 0.5 150.00 OK
r-patched-solaris-x86 0.5 38.80 OK
r-release-linux-x86_64 0.5 5.17 9.26 14.42 OK
r-release-osx-x86_64-mavericks 0.5 OK
r-release-windows-ix86+x86_64 0.5 22.00 40.00 62.00 OK
r-oldrel-windows-ix86+x86_64 0.5 35.00 30.00 65.00 OK

Check Details

Version: 0.5
Check: R code for possible problems
Result: NOTE
    particle: no visible global function definition for ‘read.table’
    Undefined global functions or variables:
     read.table
    Consider adding
     importFrom("utils", "read.table")
    to your NAMESPACE.
Flavors: r-devel-linux-x86_64-debian-clang, r-devel-linux-x86_64-debian-gcc, r-devel-linux-x86_64-fedora-clang, r-devel-linux-x86_64-fedora-gcc, r-devel-windows-ix86+x86_64