CRAN Package Check Results for Package Bmix

Last updated on 2017-03-29 22:46:51.

Flavor Version Tinstall Tcheck Ttotal Status Flags
r-devel-linux-x86_64-debian-clang 0.6 6.06 11.54 17.59 NOTE
r-devel-linux-x86_64-debian-gcc 0.6 5.43 11.41 16.84 NOTE
r-devel-linux-x86_64-fedora-clang 0.6 30.23 NOTE --no-stop-on-test-error
r-devel-linux-x86_64-fedora-gcc 0.6 30.80 NOTE --no-stop-on-test-error
r-devel-macos-x86_64-clang 0.6 24.02 NOTE --no-stop-on-test-error
r-devel-windows-ix86+x86_64 0.6 26.00 40.00 66.00 OK
r-patched-linux-x86_64 0.6 5.19 11.35 16.54 NOTE
r-patched-solaris-sparc 0.6 167.50 OK
r-patched-solaris-x86 0.6 49.90 OK
r-release-linux-x86_64 0.6 5.15 9.29 14.44 OK
r-release-osx-x86_64-mavericks 0.6 OK
r-release-windows-ix86+x86_64 0.6 39.00 53.00 92.00 OK
r-oldrel-windows-ix86+x86_64 0.6 34.00 32.00 66.00 OK

Check Details

Version: 0.6
Check: compiled code
Result: NOTE
    File ‘Bmix/libs/Bmix.so’:
     Found no calls to: ‘R_registerRoutines’, ‘R_useDynamicSymbols’
    
    It is good practice to register native routines and to disable symbol
    search.
    
    See ‘Writing portable packages’ in the ‘Writing R Extensions’ manual.
Flavors: r-devel-linux-x86_64-debian-clang, r-devel-linux-x86_64-debian-gcc, r-patched-linux-x86_64

Version: 0.6
Flags: --no-stop-on-test-error
Check: compiled code
Result: NOTE
    File ‘Bmix/libs/Bmix.so’:
     Found no calls to: ‘R_registerRoutines’, ‘R_useDynamicSymbols’
    
    It is good practice to register native routines and to disable symbol
    search.
    
    See ‘Writing portable packages’ in the ‘Writing R Extensions’ manual.
Flavors: r-devel-linux-x86_64-fedora-clang, r-devel-linux-x86_64-fedora-gcc, r-devel-macos-x86_64-clang