CRAN Package Check Results for Package Bmix

Last updated on 2015-07-29 12:47:16.

Flavor Version Tinstall Tcheck Ttotal Status Flags
r-devel-linux-x86_64-debian-clang 0.5 3.62 9.04 12.67 NOTE
r-devel-linux-x86_64-debian-gcc 0.5 5.03 8.79 13.82 NOTE
r-devel-linux-x86_64-fedora-clang 0.5 26.00 NOTE
r-devel-linux-x86_64-fedora-gcc 0.5 26.25 NOTE
r-devel-osx-x86_64-clang 0.5 26.08 OK
r-devel-windows-ix86+x86_64 0.5 25.00 30.00 55.00 NOTE
r-patched-linux-x86_64 0.5 5.18 9.36 14.54 OK
r-patched-solaris-sparc 0.5 150.00 OK
r-patched-solaris-x86 0.5 37.70 OK
r-release-linux-x86_64 0.5 5.11 9.27 14.38 OK
r-release-osx-x86_64-mavericks 0.5 OK
r-release-windows-ix86+x86_64 0.5 32.00 27.00 59.00 OK
r-oldrel-windows-ix86+x86_64 0.5 35.00 30.00 65.00 OK

Check Details

Version: 0.5
Check: R code for possible problems
Result: NOTE
    particle: no visible global function definition for ‘read.table’
    Undefined global functions or variables:
     read.table
    Consider adding
     importFrom("utils", "read.table")
    to your NAMESPACE.
Flavors: r-devel-linux-x86_64-debian-clang, r-devel-linux-x86_64-debian-gcc, r-devel-linux-x86_64-fedora-clang, r-devel-linux-x86_64-fedora-gcc, r-devel-windows-ix86+x86_64