CRAN Package Check Results for Package Bmix

Last updated on 2019-05-26 22:52:04 CEST.

Flavor Version Tinstall Tcheck Ttotal Status Flags
r-devel-linux-x86_64-debian-clang 0.6 9.90 18.33 28.23 OK
r-devel-linux-x86_64-debian-gcc 0.6 6.83 15.12 21.95 OK
r-devel-linux-x86_64-fedora-clang 0.6 41.29 NOTE
r-devel-linux-x86_64-fedora-gcc 0.6 33.62 NOTE
r-devel-windows-ix86+x86_64 0.6 37.00 63.00 100.00 OK
r-patched-linux-x86_64 0.6 OK
r-patched-solaris-x86 0.6 54.00 OK
r-release-linux-x86_64 0.6 8.62 18.40 27.02 OK
r-release-windows-ix86+x86_64 0.6 37.00 63.00 100.00 OK
r-release-osx-x86_64 0.6 OK
r-oldrel-windows-ix86+x86_64 0.6 24.00 42.00 66.00 OK
r-oldrel-osx-x86_64 0.6 OK

Check Details

Version: 0.6
Check: compiled code
Result: NOTE
    File ‘Bmix/libs/Bmix.so’:
     Found no calls to: ‘R_registerRoutines’, ‘R_useDynamicSymbols’
    
    It is good practice to register native routines and to disable symbol
    search.
    
    See ‘Writing portable packages’ in the ‘Writing R Extensions’ manual.
Flavors: r-devel-linux-x86_64-fedora-clang, r-devel-linux-x86_64-fedora-gcc