CRAN Package Check Results for Package Bmix

Last updated on 2019-08-23 11:48:31 CEST.

Flavor Version Tinstall Tcheck Ttotal Status Flags
r-devel-linux-x86_64-debian-clang 0.6 9.00 18.64 27.64 OK
r-devel-linux-x86_64-debian-gcc 0.6 OK
r-devel-linux-x86_64-fedora-clang 0.6 40.94 NOTE
r-devel-linux-x86_64-fedora-gcc 0.6 35.87 NOTE
r-devel-windows-ix86+x86_64 0.6 50.00 64.00 114.00 OK
r-patched-linux-x86_64 0.6 8.17 18.52 26.69 OK
r-patched-solaris-x86 0.6 56.00 OK
r-release-linux-x86_64 0.6 8.20 18.60 26.80 OK
r-release-windows-ix86+x86_64 0.6 25.00 48.00 73.00 OK
r-release-osx-x86_64 0.6 OK
r-oldrel-windows-ix86+x86_64 0.6 23.00 41.00 64.00 OK
r-oldrel-osx-x86_64 0.6 OK

Check Details

Version: 0.6
Check: compiled code
Result: NOTE
    File ‘Bmix/libs/Bmix.so’:
     Found no calls to: ‘R_registerRoutines’, ‘R_useDynamicSymbols’
    
    It is good practice to register native routines and to disable symbol
    search.
    
    See ‘Writing portable packages’ in the ‘Writing R Extensions’ manual.
Flavors: r-devel-linux-x86_64-fedora-clang, r-devel-linux-x86_64-fedora-gcc