CRAN Package Check Results for Package Bolstad

Last updated on 2015-07-08 05:47:30.

Flavor Version Tinstall Tcheck Ttotal Status Flags
r-devel-linux-x86_64-debian-clang 0.2-25 0.70 14.50 15.20 NOTE
r-devel-linux-x86_64-debian-gcc 0.2-25 0.62 14.82 15.44 NOTE
r-devel-linux-x86_64-fedora-clang 0.2-25 28.84 NOTE
r-devel-linux-x86_64-fedora-gcc 0.2-25 27.08 NOTE
r-devel-osx-x86_64-clang 0.2-25 28.20 NOTE
r-devel-windows-ix86+x86_64 0.2-25 3.00 23.00 26.00 NOTE
r-patched-linux-x86_64 0.2-25 0.64 14.92 15.56 NOTE
r-patched-solaris-sparc 0.2-25 196.80 NOTE
r-patched-solaris-x86 0.2-25 39.30 NOTE
r-release-linux-x86_64 0.2-25 0.68 15.37 16.06 NOTE
r-release-osx-x86_64-mavericks 0.2-25 NOTE
r-release-windows-ix86+x86_64 0.2-25 3.00 23.00 26.00 NOTE
r-oldrel-windows-ix86+x86_64 0.2-25 4.00 34.00 38.00 OK

Check Details

Version: 0.2-25
Check: DESCRIPTION meta-information
Result: NOTE
    Malformed Description field: should contain one or more complete sentences.
Flavors: r-devel-linux-x86_64-debian-clang, r-devel-linux-x86_64-debian-gcc, r-devel-linux-x86_64-fedora-clang, r-devel-linux-x86_64-fedora-gcc, r-devel-osx-x86_64-clang, r-devel-windows-ix86+x86_64, r-patched-linux-x86_64, r-patched-solaris-sparc, r-patched-solaris-x86, r-release-linux-x86_64, r-release-osx-x86_64-mavericks, r-release-windows-ix86+x86_64

Version: 0.2-25
Check: R code for possible problems
Result: NOTE
    bayes.lin.reg: no visible global function definition for ‘dnorm’
    bayes.lin.reg: no visible global function definition for ‘par’
    bayes.lin.reg: no visible global function definition for ‘plot’
    bayes.lin.reg: no visible global function definition for ‘lines’
    bayes.lin.reg: no visible global function definition for ‘legend’
    bayes.lin.reg: no visible global function definition for ‘qt’
    bayes.lin.reg: no visible global function definition for ‘qnorm’
    binobp: no visible global function definition for ‘dbeta’
    binobp: no visible global function definition for ‘dbinom’
    binobp: no visible global function definition for ‘lines’
    binobp: no visible global function definition for ‘legend’
    binobp: no visible global function definition for ‘qbeta’
    binodp: no visible global function definition for ‘dbinom’
    binodp: no visible global function definition for ‘points’
    binodp: no visible global function definition for ‘legend’
    binogcp: no visible global function definition for ‘dbeta’
    binogcp: no visible global function definition for ‘dexp’
    binogcp: no visible global function definition for ‘dnorm’
    binogcp: no visible global function definition for ‘dunif’
    binogcp: no visible global function definition for ‘approx’
    binogcp: no visible global function definition for ‘lines’
    binogcp: no visible global function definition for ‘legend’
    binomixp: no visible global function definition for ‘dbeta’
    binomixp: no visible global function definition for ‘par’
    binomixp: no visible global function definition for ‘lines’
    binomixp: no visible global function definition for ‘legend’
    normdp: no visible global function definition for ‘sd’
    normdp: no visible global function definition for ‘points’
    normdp: no visible global function definition for ‘legend’
    normgcp: no visible global function definition for ‘sd’
    normgcp: no visible global function definition for ‘dnorm’
    normgcp: no visible global function definition for ‘dunif’
    normgcp: no visible global function definition for ‘approx’
    normgcp: no visible global function definition for ‘lines’
    normgcp: no visible global function definition for ‘legend’
    normmixp: no visible global function definition for ‘dnorm’
    normmixp: no visible global function definition for ‘qnorm’
    normmixp: no visible global function definition for ‘approxfun’
    normmixp: no visible global function definition for ‘integrate’
    normmixp: no visible global function definition for ‘par’
    normmixp: no visible global function definition for ‘lines’
    normmixp: no visible global function definition for ‘legend’
    normnp: no visible global function definition for ‘sd’
    normnp: no visible global function definition for ‘dnorm’
    normnp: no visible global function definition for ‘lines’
    normnp: no visible global function definition for ‘legend’
    normnp: no visible global function definition for ‘qnorm’
    nvaricp: no visible global function definition for ‘qchisq’
    nvaricp: no visible global function definition for ‘lines’
    nvaricp: no visible global function definition for ‘legend’
    nvaricp: no visible global function definition for ‘approxfun’
    nvaricp: no visible global function definition for ‘abline’
    plot.Bolstad: no visible global function definition for ‘par’
    poisdp: no visible global function definition for ‘qpois’
    poisdp: no visible global function definition for ‘dpois’
    poisdp: no visible global function definition for ‘barplot’
    poisdp: no visible global function definition for ‘legend’
    poisdp: no visible global function definition for ‘box’
    poisdp: no visible global function definition for ‘lines’
    poisgamp: no visible global function definition for ‘qgamma’
    poisgamp: no visible global function definition for ‘dgamma’
    poisgamp: no visible global function definition for ‘dpois’
    poisgamp: no visible global function definition for ‘lines’
    poisgamp: no visible global function definition for ‘legend’
    poisgcp: no visible global function definition for ‘dnorm’
    poisgcp: no visible global function definition for ‘qgamma’
    poisgcp: no visible global function definition for ‘dgamma’
    poisgcp: no visible global function definition for ‘approxfun’
    poisgcp: no visible global function definition for ‘integrate’
    poisgcp: no visible global function definition for ‘lines’
    poisgcp: no visible global function definition for ‘legend’
    sintegral: no visible global function definition for ‘approx’
    sscsample : draw.stratum: no visible global function definition for
     ‘runif’
    xdesign: no visible global function definition for ‘rnorm’
    xdesign: no visible global function definition for ‘median’
    xdesign: no visible global function definition for ‘sd’
    xdesign: no visible global function definition for ‘quantile’
    xdesign: no visible global function definition for ‘cor’
    xdesign: no visible global function definition for ‘plot’
    xdesign: no visible global function definition for ‘par’
    xdesign: no visible global function definition for ‘boxplot’
    xdesign: no visible global function definition for ‘legend’
    Undefined global functions or variables:
     abline approx approxfun barplot box boxplot cor dbeta dbinom dexp
     dgamma dnorm dpois dunif integrate legend lines median par plot
     points qbeta qchisq qgamma qnorm qpois qt quantile rnorm runif sd
Flavors: r-devel-linux-x86_64-debian-clang, r-devel-linux-x86_64-debian-gcc, r-devel-linux-x86_64-fedora-clang, r-devel-linux-x86_64-fedora-gcc, r-devel-windows-ix86+x86_64