CRAN Package Check Results for Package Bolstad

Last updated on 2015-03-29 11:51:10.

Flavor Version Tinstall Tcheck Ttotal Status Flags
r-devel-linux-x86_64-debian-clang 0.2-25 0.68 15.18 15.86 NOTE
r-devel-linux-x86_64-debian-gcc 0.2-25 0.66 15.03 15.69 NOTE
r-devel-linux-x86_64-fedora-clang 0.2-25 31.62 NOTE
r-devel-linux-x86_64-fedora-gcc 0.2-25 29.36 NOTE
r-devel-osx-x86_64-clang 0.2-25 35.90 NOTE
r-prerel-windows-ix86+x86_64 0.2-25 4.00 24.00 28.00 NOTE
r-prerel-linux-x86_64 0.2-25 0.67 14.82 15.49 NOTE
r-prerel-solaris-sparc 0.2-25 211.00 NOTE
r-prerel-solaris-x86 0.2-25 40.40 NOTE
r-release-linux-x86_64 0.2-25 0.71 16.53 17.24 OK
r-release-osx-x86_64-mavericks 0.2-25 OK
r-release-windows-ix86+x86_64 0.2-25 4.00 34.00 38.00 OK
r-oldrel-windows-ix86+x86_64 0.2-25 2.00 27.00 29.00 OK

Check Details

Version: 0.2-25
Check: DESCRIPTION meta-information
Result: NOTE
    Malformed Description field: should contain one or more complete sentences.
Flavors: r-devel-linux-x86_64-debian-clang, r-devel-linux-x86_64-debian-gcc, r-devel-linux-x86_64-fedora-clang, r-devel-linux-x86_64-fedora-gcc, r-devel-osx-x86_64-clang, r-prerel-windows-ix86+x86_64, r-prerel-linux-x86_64, r-prerel-solaris-sparc, r-prerel-solaris-x86