CRAN Package Check Results for Package Bolstad

Last updated on 2015-02-26 23:47:38.

Flavor Version Tinstall Tcheck Ttotal Status Flags
r-devel-linux-x86_64-debian-clang 0.2-25 0.68 15.59 16.27 NOTE
r-devel-linux-x86_64-debian-gcc 0.2-25 0.74 14.85 15.60 NOTE
r-devel-linux-x86_64-fedora-clang 0.2-25 32.18 NOTE
r-devel-linux-x86_64-fedora-gcc 0.2-25 28.83 NOTE
r-devel-osx-x86_64-clang 0.2-25 31.52 NOTE
r-devel-windows-ix86+x86_64 0.2-25 4.00 24.00 28.00 NOTE
r-patched-linux-x86_64 0.2-25 0.70 17.19 17.89 OK
r-patched-solaris-sparc 0.2-25 208.30 OK
r-patched-solaris-x86 0.2-25 44.50 OK
r-release-linux-ix86 0.2-25 1.09 24.57 25.66 OK
r-release-linux-x86_64 0.2-25 0.70 16.89 17.59 OK
r-release-osx-x86_64-mavericks 0.2-25 OK
r-release-windows-ix86+x86_64 0.2-25 2.00 24.00 26.00 OK
r-oldrel-windows-ix86+x86_64 0.2-25 2.00 27.00 29.00 OK

Check Details

Version: 0.2-25
Check: DESCRIPTION meta-information
Result: NOTE
    Malformed Description field: should contain one or more complete sentences.
Flavors: r-devel-linux-x86_64-debian-clang, r-devel-linux-x86_64-debian-gcc, r-devel-linux-x86_64-fedora-clang, r-devel-linux-x86_64-fedora-gcc, r-devel-osx-x86_64-clang, r-devel-windows-ix86+x86_64