CRAN Package Check Results for Package Bolstad

Last updated on 2015-05-30 03:48:33.

Flavor Version Tinstall Tcheck Ttotal Status Flags
r-devel-linux-x86_64-debian-clang 0.2-25 0.69 16.08 16.78 NOTE
r-devel-linux-x86_64-debian-gcc 0.2-25 0.72 14.94 15.66 NOTE
r-devel-linux-x86_64-fedora-clang 0.2-25 30.30 NOTE
r-devel-linux-x86_64-fedora-gcc 0.2-25 29.20 NOTE
r-devel-osx-x86_64-clang 0.2-25 31.56 NOTE
r-devel-windows-ix86+x86_64 0.2-25 3.00 23.00 26.00 NOTE
r-patched-linux-x86_64 0.2-25 0.70 14.80 15.50 NOTE
r-patched-solaris-sparc 0.2-25 196.80 NOTE
r-patched-solaris-x86 0.2-25 39.80 NOTE
r-release-linux-x86_64 0.2-25 0.67 15.94 16.61 NOTE
r-release-osx-x86_64-mavericks 0.2-25 NOTE
r-release-osx-x86_64-snowleopard 0.2-25 NOTE
r-release-windows-ix86+x86_64 0.2-25 2.00 22.00 24.00 NOTE
r-oldrel-windows-ix86+x86_64 0.2-25 4.00 34.00 38.00 OK

Check Details

Version: 0.2-25
Check: DESCRIPTION meta-information
Result: NOTE
    Malformed Description field: should contain one or more complete sentences.
Flavors: r-devel-linux-x86_64-debian-clang, r-devel-linux-x86_64-debian-gcc, r-devel-linux-x86_64-fedora-clang, r-devel-linux-x86_64-fedora-gcc, r-devel-osx-x86_64-clang, r-devel-windows-ix86+x86_64, r-patched-linux-x86_64, r-patched-solaris-sparc, r-patched-solaris-x86, r-release-linux-x86_64, r-release-osx-x86_64-mavericks, r-release-osx-x86_64-snowleopard, r-release-windows-ix86+x86_64